{"id":17212,"date":"2023-12-12T09:32:35","date_gmt":"2023-12-12T08:32:35","guid":{"rendered":"http:\/\/ksiegarnia-akademicka.pl\/?post_type=product&#038;p=17212"},"modified":"2023-12-12T09:32:36","modified_gmt":"2023-12-12T08:32:36","slug":"geokultura","status":"publish","type":"product","link":"https:\/\/ksiegarnia-akademicka.pl\/index.php\/product\/geokultura\/","title":{"rendered":"Geokultura"},"content":{"rendered":"<p>Autor:<br \/>\nTomasz Grzegorz Grosse<br \/>\nWydawca: O\u015brodek My\u015bli Politycznej<br \/>\nOprawa: Mi\u0119kka<br \/>\nLiczba stron: 464<br \/>\nRok wydania: 2023<br \/>\nJ\u0119zyk wydania: polski<\/p>\n<p>\u201eKultura jest fundamentem zar\u00f3wno dla niezale\u017cno\u015bci, jak i dla zniewolenia. [&#8230;] Kultura tworzy geopolityk\u0119, ale jest te\u017c jej produktem, a dok\u0142adnie instrumentem realizacji geopolityki&#8221;. (z Zako\u0144czenia)<\/p>\n<p>Wojna na Ukrainie \u2013 perspektywa Unii Europejskiej. Geopolityka w Europie \u015arodkowej. Kulturowe spojrzenie na geopolityk\u0119. Lewicowa ofensywa w Europie. Unia Europejska wobec Chin. To\u017csamo\u015b\u0107 europejska. Geokultura gazoci\u0105g\u00f3w. Geoekonomia i geokultura.<\/p>\n<p>Tomasz Grzegorz Grosse, prof. dr hab., socjolog, politolog i historyk, wyk\u0142adowca Uniwersytetu Warszawskiego. Specjalizuje si\u0119 w analizie polityk gospodarczych w UE i w pa\u0144stwach cz\u0142onkowskich, a tak\u017ce w zarz\u0105dzaniu publicznym, geoekonomii, europeizacji i my\u015bli teoretycznej dotycz\u0105cej integracji europejskiej. Autor m.in. Suwerenno\u015b\u0107 i polityczno\u015b\u0107. Studium integracji europejskiej (2022), Cztery wymiary integracji (2021), Pokryzysowa Europa (2018) i W poszukiwaniu geoekonomii w Europie&#8221; (2014). Stypendysta uniwersytetu w Oxfordzie, Europejskiego Instytutu Uniwersyteckiego we Florencji, Uniwersytetu Yale, Uniwersytetu Georgetown i Instytutu Nauk Spo\u0142ecznych im. Maxa Plancka w Kolonii.<\/p>\n","protected":false},"excerpt":{"rendered":"<p>Autor: Tomasz Grzegorz Grosse Wydawca: O\u015brodek My\u015bli Politycznej Oprawa: Mi\u0119kka [&hellip;]<\/p>\n","protected":false},"featured_media":17213,"template":"","meta":[],"product_brand":[],"product_cat":[7507],"product_tag":[495],"class_list":{"0":"post-17212","1":"product","2":"type-product","3":"status-publish","4":"has-post-thumbnail","6":"product_cat-politologia","7":"product_tag-polityka","9":"first","10":"instock","11":"sale","12":"shipping-taxable","13":"purchasable","14":"product-type-simple"},"_links":{"self":[{"href":"https:\/\/ksiegarnia-akademicka.pl\/index.php\/wp-json\/wp\/v2\/product\/17212","targetHints":{"allow":["GET"]}}],"collection":[{"href":"https:\/\/ksiegarnia-akademicka.pl\/index.php\/wp-json\/wp\/v2\/product"}],"about":[{"href":"https:\/\/ksiegarnia-akademicka.pl\/index.php\/wp-json\/wp\/v2\/types\/product"}],"wp:featuredmedia":[{"embeddable":true,"href":"https:\/\/ksiegarnia-akademicka.pl\/index.php\/wp-json\/wp\/v2\/media\/17213"}],"wp:attachment":[{"href":"https:\/\/ksiegarnia-akademicka.pl\/index.php\/wp-json\/wp\/v2\/media?parent=17212"}],"wp:term":[{"taxonomy":"product_brand","embeddable":true,"href":"https:\/\/ksiegarnia-akademicka.pl\/index.php\/wp-json\/wp\/v2\/product_brand?post=17212"},{"taxonomy":"product_cat","embeddable":true,"href":"https:\/\/ksiegarnia-akademicka.pl\/index.php\/wp-json\/wp\/v2\/product_cat?post=17212"},{"taxonomy":"product_tag","embeddable":true,"href":"https:\/\/ksiegarnia-akademicka.pl\/index.php\/wp-json\/wp\/v2\/product_tag?post=17212"}],"curies":[{"name":"wp","href":"https:\/\/api.w.org\/{rel}","templated":true}]}}

<p>Autor:<br />
Tomasz Grzegorz Grosse<br />
Wydawca: Ośrodek Myśli Politycznej<br />
Oprawa: Miękka<br />
Liczba stron: 464<br />
Rok wydania: 2023<br />
Język wydania: polski</p>
<p>„Kultura jest fundamentem zarówno dla niezależności, jak i dla zniewolenia. [&#8230;] Kultura tworzy geopolitykę, ale jest też jej produktem, a dokładnie instrumentem realizacji geopolityki&#8221;. (z Zakończenia)</p>
<p>Wojna na Ukrainie – perspektywa Unii Europejskiej. Geopolityka w Europie Środkowej. Kulturowe spojrzenie na geopolitykę. Lewicowa ofensywa w Europie. Unia Europejska wobec Chin. Tożsamość europejska. Geokultura gazociągów. Geoekonomia i geokultura.</p>
<p>Tomasz Grzegorz Grosse, prof. dr hab., socjolog, politolog i historyk, wykładowca Uniwersytetu Warszawskiego. Specjalizuje się w analizie polityk gospodarczych w UE i w państwach członkowskich, a także w zarządzaniu publicznym, geoekonomii, europeizacji i myśli teoretycznej dotyczącej integracji europejskiej. Autor m.in. Suwerenność i polityczność. Studium integracji europejskiej (2022), Cztery wymiary integracji (2021), Pokryzysowa Europa (2018) i W poszukiwaniu geoekonomii w Europie&#8221; (2014). Stypendysta uniwersytetu w Oxfordzie, Europejskiego Instytutu Uniwersyteckiego we Florencji, Uniwersytetu Yale, Uniwersytetu Georgetown i Instytutu Nauk Społecznych im. Maxa Plancka w Kolonii.</p>

<p>Autor: Tomasz Grzegorz Grosse Wydawca: Ośrodek Myśli Politycznej Oprawa: Miękka [&hellip;]</p>
