{"id":17029,"date":"2023-11-20T13:27:13","date_gmt":"2023-11-20T12:27:13","guid":{"rendered":"http:\/\/ksiegarnia-akademicka.pl\/?post_type=product&#038;p=17029"},"modified":"2023-11-20T13:27:13","modified_gmt":"2023-11-20T12:27:13","slug":"rzymskie-prawo-prywatne-zarys-wykladu","status":"publish","type":"product","link":"https:\/\/ksiegarnia-akademicka.pl\/index.php\/product\/rzymskie-prawo-prywatne-zarys-wykladu\/","title":{"rendered":"Rzymskie prawo prywatne Zarys wyk\u0142adu"},"content":{"rendered":"<p>Nale\u017cy do serii:<br \/>\nSERIA AKADEMICKA<br \/>\nAutor:<br \/>\nMarek Kury\u0142owicz<br \/>\nAdam Wili\u0144ski<br \/>\nWydawca: Wolters Kluwer<br \/>\nOprawa: Mi\u0119kka<br \/>\nFormat: 17.0&#215;24.5cm<br \/>\nLiczba stron: 348<br \/>\nWydanie: 7<br \/>\nRok wydania: 2021<br \/>\nJ\u0119zyk wydania: polski<\/p>\n<p>Podr\u0119cznik jest efektem wieloletnich do\u015bwiadcze\u0144 autor\u00f3w w pracy dydaktycznej ze studentami.<br \/>\nWydanie si\u00f3dme zosta\u0142o uaktualnione i dostosowane do obecnych potrzeb czytelnik\u00f3w oraz wymaga\u0144 merytorycznych w zaliczeniu przedmiotu Prawo rzymskie, m.in:<br \/>\n\u2022 wprowadzono dodatkowe obja\u015bnienia,<br \/>\n\u2022 zaktualizowano literatur\u0119 przedmiotu oraz odniesienia do prawa wsp\u00f3\u0142czesnego.<br \/>\nW publikacji zawarto indeks hase\u0142 rzeczowych oraz wybranych sentencji \u0142aci\u0144skich.<br \/>\nPublikacja jest przeznaczona przede wszystkim dla student\u00f3w podejmuj\u0105cych nauk\u0119 prawa rzymskiego, a tak\u017ce dla wszystkich os\u00f3b zainteresowanych wprowadzeniem w antyczn\u0105 histori\u0119 prawa prywatnego i rzymskie podstawy europejskiej kultury prawnej.<\/p>\n","protected":false},"excerpt":{"rendered":"<p>Nale\u017cy do serii: SERIA AKADEMICKA Autor: Marek Kury\u0142owicz Adam Wili\u0144ski [&hellip;]<\/p>\n","protected":false},"featured_media":17030,"template":"","meta":[],"product_brand":[],"product_cat":[7491,18],"product_tag":[615,707,330],"class_list":{"0":"post-17029","1":"product","2":"type-product","3":"status-publish","4":"has-post-thumbnail","6":"product_cat-cywilne","7":"product_cat-prawo","8":"product_tag-prawo-cywilne","9":"product_tag-prawo-rzymskie","10":"product_tag-seria-akademicka","12":"first","13":"instock","14":"sale","15":"shipping-taxable","16":"purchasable","17":"product-type-simple"},"_links":{"self":[{"href":"https:\/\/ksiegarnia-akademicka.pl\/index.php\/wp-json\/wp\/v2\/product\/17029","targetHints":{"allow":["GET"]}}],"collection":[{"href":"https:\/\/ksiegarnia-akademicka.pl\/index.php\/wp-json\/wp\/v2\/product"}],"about":[{"href":"https:\/\/ksiegarnia-akademicka.pl\/index.php\/wp-json\/wp\/v2\/types\/product"}],"wp:featuredmedia":[{"embeddable":true,"href":"https:\/\/ksiegarnia-akademicka.pl\/index.php\/wp-json\/wp\/v2\/media\/17030"}],"wp:attachment":[{"href":"https:\/\/ksiegarnia-akademicka.pl\/index.php\/wp-json\/wp\/v2\/media?parent=17029"}],"wp:term":[{"taxonomy":"product_brand","embeddable":true,"href":"https:\/\/ksiegarnia-akademicka.pl\/index.php\/wp-json\/wp\/v2\/product_brand?post=17029"},{"taxonomy":"product_cat","embeddable":true,"href":"https:\/\/ksiegarnia-akademicka.pl\/index.php\/wp-json\/wp\/v2\/product_cat?post=17029"},{"taxonomy":"product_tag","embeddable":true,"href":"https:\/\/ksiegarnia-akademicka.pl\/index.php\/wp-json\/wp\/v2\/product_tag?post=17029"}],"curies":[{"name":"wp","href":"https:\/\/api.w.org\/{rel}","templated":true}]}}

Rzymskie prawo prywatne Zarys wykładu

<p>Należy do serii:<br />
SERIA AKADEMICKA<br />
Autor:<br />
Marek Kuryłowicz<br />
Adam Wiliński<br />
Wydawca: Wolters Kluwer<br />
Oprawa: Miękka<br />
Format: 17.0&#215;24.5cm<br />
Liczba stron: 348<br />
Wydanie: 7<br />
Rok wydania: 2021<br />
Język wydania: polski</p>
<p>Podręcznik jest efektem wieloletnich doświadczeń autorów w pracy dydaktycznej ze studentami.<br />
Wydanie siódme zostało uaktualnione i dostosowane do obecnych potrzeb czytelników oraz wymagań merytorycznych w zaliczeniu przedmiotu Prawo rzymskie, m.in:<br />
• wprowadzono dodatkowe objaśnienia,<br />
• zaktualizowano literaturę przedmiotu oraz odniesienia do prawa współczesnego.<br />
W publikacji zawarto indeks haseł rzeczowych oraz wybranych sentencji łacińskich.<br />
Publikacja jest przeznaczona przede wszystkim dla studentów podejmujących naukę prawa rzymskiego, a także dla wszystkich osób zainteresowanych wprowadzeniem w antyczną historię prawa prywatnego i rzymskie podstawy europejskiej kultury prawnej.</p>

<p>Należy do serii: SERIA AKADEMICKA Autor: Marek Kuryłowicz Adam Wiliński [&hellip;]</p>
