{"id":1702,"date":"2018-05-22T12:44:15","date_gmt":"2018-05-22T10:44:15","guid":{"rendered":"http:\/\/ksiegarnia-akademicka.pl\/index.php\/product\/model-mistrza-w-pilce-siatkowej-kobiet-proba-weryfikacji\/"},"modified":"2018-07-27T12:27:31","modified_gmt":"2018-07-27T10:27:31","slug":"model-mistrza-w-pilce-siatkowej-kobiet-proba-weryfikacji","status":"publish","type":"product","link":"https:\/\/ksiegarnia-akademicka.pl\/index.php\/product\/model-mistrza-w-pilce-siatkowej-kobiet-proba-weryfikacji\/","title":{"rendered":"Model mistrza w pi\u0142ce siatkowej kobiet. Pr\u00f3ba weryfikacji."},"content":{"rendered":"<p>Stanis\u0142aw \u017bak, Tomasz Klocek<br \/>\n2008, wyd. I, format B5, stron 120<\/p>\n<p>Celem ksi\u0105\u017cki jest wskazanie morfo- funkcjonalnych uwarunkowa\u0144 osi\u0105gni\u0119cia mistrzostwa sportowego w pi\u0142ce siatkowej kobiet oraz wskazanie, poziom kt\u00f3rych cech i zdolno\u015bci powinien zosta\u0107 uwzgl\u0119dniony w procesie naboru i selekcji do wyczynowego uprawiania pi\u0142ki siatkowej.Badaniami obj\u0119to 315 siatkarek siatkarek wieku od 13 do 26 lat o zr\u00f3\u017cnicowanym poziomie sportowym ( w tym reprezentantki Polski). Zamierzono podstawowe parametry budowy somatycznej oraz przeprowadzono testy zdolno\u015bci motorycznych, ponadto wykonano obserwacje skuteczno\u015bci gry badanych siatkarek.<\/p>\n","protected":false},"excerpt":{"rendered":"<p>Stanis\u0142aw \u017bak, Tomasz Klocek 2008, wyd. I, format B5, stron [&hellip;]<\/p>\n","protected":false},"featured_media":8394,"template":"","meta":[],"product_brand":[],"product_cat":[7529,43],"product_tag":[4500,3028,3887],"class_list":{"0":"post-1702","1":"product","2":"type-product","3":"status-publish","4":"has-post-thumbnail","6":"product_cat-inne","7":"product_cat-wydawnictwo-uth","8":"product_tag-pilka-siatkowa","9":"product_tag-skrypty-pr","10":"product_tag-wychowanie-fizyczne","12":"first","13":"instock","14":"shipping-taxable","15":"purchasable","16":"product-type-simple"},"_links":{"self":[{"href":"https:\/\/ksiegarnia-akademicka.pl\/index.php\/wp-json\/wp\/v2\/product\/1702","targetHints":{"allow":["GET"]}}],"collection":[{"href":"https:\/\/ksiegarnia-akademicka.pl\/index.php\/wp-json\/wp\/v2\/product"}],"about":[{"href":"https:\/\/ksiegarnia-akademicka.pl\/index.php\/wp-json\/wp\/v2\/types\/product"}],"wp:featuredmedia":[{"embeddable":true,"href":"https:\/\/ksiegarnia-akademicka.pl\/index.php\/wp-json\/wp\/v2\/media\/8394"}],"wp:attachment":[{"href":"https:\/\/ksiegarnia-akademicka.pl\/index.php\/wp-json\/wp\/v2\/media?parent=1702"}],"wp:term":[{"taxonomy":"product_brand","embeddable":true,"href":"https:\/\/ksiegarnia-akademicka.pl\/index.php\/wp-json\/wp\/v2\/product_brand?post=1702"},{"taxonomy":"product_cat","embeddable":true,"href":"https:\/\/ksiegarnia-akademicka.pl\/index.php\/wp-json\/wp\/v2\/product_cat?post=1702"},{"taxonomy":"product_tag","embeddable":true,"href":"https:\/\/ksiegarnia-akademicka.pl\/index.php\/wp-json\/wp\/v2\/product_tag?post=1702"}],"curies":[{"name":"wp","href":"https:\/\/api.w.org\/{rel}","templated":true}]}}