{"id":16961,"date":"2023-11-15T14:42:20","date_gmt":"2023-11-15T13:42:20","guid":{"rendered":"http:\/\/ksiegarnia-akademicka.pl\/?post_type=product&#038;p=16961"},"modified":"2023-11-15T14:42:20","modified_gmt":"2023-11-15T13:42:20","slug":"kwalifikowana-pierwsza-pomoc-dla-jednostek-wspolpracujacych-z-systemem-panstwowe-ratownictwo-medyczne","status":"publish","type":"product","link":"https:\/\/ksiegarnia-akademicka.pl\/index.php\/product\/kwalifikowana-pierwsza-pomoc-dla-jednostek-wspolpracujacych-z-systemem-panstwowe-ratownictwo-medyczne\/","title":{"rendered":"Kwalifikowana pierwsza pomoc dla jednostek wsp\u00f3\u0142pracuj\u0105cych z systemem Pa\u0144stwowe Ratownictwo Medyczne"},"content":{"rendered":"<p>Autor:<br \/>\nAndrzej Kopta<br \/>\nRedakcja: Kopta Andrzej, Mierzejewski Jakub, Ko\u0142odziej Gabriela<br \/>\nWydawca: PZWL<br \/>\nOprawa: Mi\u0119kka<br \/>\nFormat: 15.0&#215;23.5cm<br \/>\nLiczba stron: 416<br \/>\nWydanie: 1<br \/>\nRok wydania: 2023<br \/>\nJ\u0119zyk wydania: polski<\/p>\n<p>Pierwsze oraz tak szczeg\u00f3\u0142owe i sp\u00f3jne opracowanie dotycz\u0105ce kwalifikowanej pierwszej pomocy dla jednostek wsp\u00f3\u0142pracuj\u0105cych z systemem Pa\u0144stwowe Ratownictwo Medyczne.<\/p>\n<p>G\u0142\u00f3wnym celem by\u0142o wdro\u017cenie w \u017cycie zalecenia WHO dotycz\u0105cego ujednolicenia post\u0119powania w s\u0142u\u017cbach odpowiadaj\u0105cych za bezpiecze\u0144stwo obywateli i oparcie tych tre\u015bci na faktach naukowych. Ciekawe, praktyczne przedstawienie temat\u00f3w sprawia, \u017ce ksi\u0105\u017cka jest bardzo interesuj\u0105c\u0105 pozycj\u0105 dotycz\u0105c\u0105 post\u0119powania w fazie przedszpitalnej.<\/p>\n<p>Kluczowe tematy zosta\u0142y opracowane przez cenione autorytety, a autorami poszczeg\u00f3lnych rozdzia\u0142\u00f3w s\u0105 praktycy pracuj\u0105cy w systemie Pa\u0144stwowego Ratownictwa Medycznego. S\u0105 to mi\u0119dzy innymi przedstawiciele: Wojskowego Instytutu Medycznego, Lotniczego Pogotowia Ratunkowego, Polskiego Towarzystwa Prawa Medycznego, Tatrza\u0144skiego Pogotowia Ratunkowego, G\u00f3rskiego Ochotniczego Pogotowia Ratunkowego, Wojskowego Inspektoratu S\u0142u\u017cby Zdrowia, Pa\u0144stwowej Stra\u017cy Po\u017carnej, Wodnego Ochotniczego Pogotowia Ratunkowego oraz uczelni prowadz\u0105cych kierunek ratownictwo medyczne.<\/p>\n<p>Odbiorcami ksi\u0105\u017cki s\u0105 przedstawiciele wszystkich s\u0142u\u017cb maj\u0105cych obowi\u0105zek udzielania kwalifikowanej pierwszej pomocy (stra\u017c po\u017carna, policja, s\u0142u\u017cba wi\u0119zienna, wojsko itd.), studenci ratownictwa medycznego, uczniowie szk\u00f3\u0142 profilowanych, nauczyciele oraz ratownicy ochotnicy zrzeszeni w ramach organizacji spo\u0142ecznych (PCK, WO\u015aP).<\/p>\n","protected":false},"excerpt":{"rendered":"<p>Autor: Andrzej Kopta Redakcja: Kopta Andrzej, Mierzejewski Jakub, Ko\u0142odziej Gabriela [&hellip;]<\/p>\n","protected":false},"featured_media":16962,"template":"","meta":[],"product_brand":[],"product_cat":[7493,8116],"product_tag":[5254,6586],"class_list":{"0":"post-16961","1":"product","2":"type-product","3":"status-publish","4":"has-post-thumbnail","6":"product_cat-medycyna","7":"product_cat-medycyna-ratunkowa","8":"product_tag-medycyna-ratunkowa","9":"product_tag-pierwsza-pomoc","11":"first","12":"instock","13":"sale","14":"shipping-taxable","15":"purchasable","16":"product-type-simple"},"_links":{"self":[{"href":"https:\/\/ksiegarnia-akademicka.pl\/index.php\/wp-json\/wp\/v2\/product\/16961","targetHints":{"allow":["GET"]}}],"collection":[{"href":"https:\/\/ksiegarnia-akademicka.pl\/index.php\/wp-json\/wp\/v2\/product"}],"about":[{"href":"https:\/\/ksiegarnia-akademicka.pl\/index.php\/wp-json\/wp\/v2\/types\/product"}],"wp:featuredmedia":[{"embeddable":true,"href":"https:\/\/ksiegarnia-akademicka.pl\/index.php\/wp-json\/wp\/v2\/media\/16962"}],"wp:attachment":[{"href":"https:\/\/ksiegarnia-akademicka.pl\/index.php\/wp-json\/wp\/v2\/media?parent=16961"}],"wp:term":[{"taxonomy":"product_brand","embeddable":true,"href":"https:\/\/ksiegarnia-akademicka.pl\/index.php\/wp-json\/wp\/v2\/product_brand?post=16961"},{"taxonomy":"product_cat","embeddable":true,"href":"https:\/\/ksiegarnia-akademicka.pl\/index.php\/wp-json\/wp\/v2\/product_cat?post=16961"},{"taxonomy":"product_tag","embeddable":true,"href":"https:\/\/ksiegarnia-akademicka.pl\/index.php\/wp-json\/wp\/v2\/product_tag?post=16961"}],"curies":[{"name":"wp","href":"https:\/\/api.w.org\/{rel}","templated":true}]}}