{"id":16931,"date":"2023-11-13T09:45:02","date_gmt":"2023-11-13T08:45:02","guid":{"rendered":"http:\/\/ksiegarnia-akademicka.pl\/?post_type=product&#038;p=16931"},"modified":"2023-11-13T09:45:03","modified_gmt":"2023-11-13T08:45:03","slug":"budownictwo-wojskowe-miedzy-wisla-a-pilica","status":"publish","type":"product","link":"https:\/\/ksiegarnia-akademicka.pl\/index.php\/product\/budownictwo-wojskowe-miedzy-wisla-a-pilica\/","title":{"rendered":"Budownictwo wojskowe mi\u0119dzy Wis\u0142\u0105 a Pilic\u0105"},"content":{"rendered":"<p>Autor:<br \/>\nTadeusz Banaszek<br \/>\nWydawca: Ksi\u0119\u017cy M\u0142yn<br \/>\nOprawa: Mi\u0119kka<br \/>\nFormat: 16.5&#215;23.5cm<br \/>\nLiczba stron: 160<br \/>\nWydanie: 1<br \/>\nRok wydania: 2023<br \/>\nJ\u0119zyk wydania: polski<\/p>\n<p>Obiekty militarne na ziemi kielecko-radomskiej (obecnie obszar wojew\u00f3dztw: \u015bwi\u0119tokrzyskiego oraz cz\u0119\u015bci mazowieckiego i \u0142\u00f3dzkiego) to g\u0142\u00f3wni bohaterowie ksi\u0105\u017cki Budownictwo wojskowe w regionie mi\u0119dzy Wis\u0142\u0105 a Pilic\u0105 w XIX\u2013XXI wieku. W\u015br\u00f3d opisanych obiekt\u00f3w wojskowych znalaz\u0142y si\u0119 koszary, poligony, strzelnice, place \u0107wicze\u0144, szpitale, budynki pe\u0142ni\u0105ce funkcje sakralne, logistyczne i kulturalno-o\u015bwiatowe, a tak\u017ce lotniska wojskowe, obiekty wojsk radiotechnicznych oraz budynki mieszkaniowe Funduszu Kwaterunku Wojskowego. Nie zabrak\u0142o r\u00f3wnie\u017c informacji dotycz\u0105cych budowy fabryk zbrojeniowych, podlegaj\u0105cych Ministerstwu Spraw Wojskowych, w Pionkach, Radomiu, Skar\u017cysku-Kamiennej i Bli\u017cynie.<br \/>\nZdecydowana wi\u0119kszo\u015b\u0107 zaprezentowanych obiekt\u00f3w ju\u017c niestety nie istnieje, np. koszary w Radomiu, Pi\u0144czowie, Staszowie, poligony wojskowe w Baryczy, Wsoli, Gowarczowie. Tadeusz Banaszek, badacz dziej\u00f3w wojskowo\u015bci, przywraca r\u00f3wnie\u017c w ksi\u0105\u017cce pami\u0119\u0107 o polskich \u017co\u0142nierzach i przywo\u0142uje stacjonuj\u0105ce w tych obiektach zas\u0142u\u017cone jednostki Wojska Polskiego: 2 i 4 Pu\u0142k Piechoty Legion\u00f3w, 2 Pu\u0142k Artylerii Lekkiej Legion\u00f3w, 72 Pu\u0142k Piechoty, 28 Pu\u0142k Artylerii Lekkiej, 4 Pu\u0142k Saper\u00f3w, Szko\u0142\u0119 Podchor\u0105\u017cych Rezerwy Lotnictwa oraz pracownik\u00f3w zak\u0142ad\u00f3w zbrojeniowych w Pionkach, Skar\u017cysku-Kamiennej, Radomiu i Bli\u017cynie. Zwraca uwag\u0119, \u017ce podczas I wojny \u015bwiatowej miasta Kielce i Kozienice zas\u0142yn\u0119\u0142y z obecno\u015bci Legion\u00f3w Polskich J\u00f3zefa Pi\u0142sudskiego \u2013 w Kielcach w 1914 roku utworzono 1 pu\u0142k piechoty Legion\u00f3w Polskich, a w Kozienicach funkcjonowa\u0142a Grupa Legion\u00f3w Polskich.<br \/>\nTo wyj\u0105tkowe opracowanie dla pasjonat\u00f3w historii wojskowo\u015bci oraz budownictwa wojskowego. Publikacja stanowi bowiem swoisty przewodnik po militarnych obiektach ziemi kielecko-radomskiej i zosta\u0142a oparta na \u017ar\u00f3d\u0142ach archiwalnych Centralnego Archiwum Wojskowego w Warszawie, Archiwum Pa\u0144stwowego w Kielcach oraz zbiorach autora. Ksi\u0105\u017ck\u0119 uzupe\u0142niaj\u0105 liczne archiwalne i wsp\u00f3\u0142czesne fotografie oraz plany sytuacyjne obiekt\u00f3w wojskowych.<\/p>\n","protected":false},"excerpt":{"rendered":"<p>Autor: Tadeusz Banaszek Wydawca: Ksi\u0119\u017cy M\u0142yn Oprawa: Mi\u0119kka Format: 16.5&#215;23.5cm [&hellip;]<\/p>\n","protected":false},"featured_media":16932,"template":"","meta":[],"product_brand":[],"product_cat":[38],"product_tag":[71,6879],"class_list":{"0":"post-16931","1":"product","2":"type-product","3":"status-publish","4":"has-post-thumbnail","6":"product_cat-historia","7":"product_tag-historia","8":"product_tag-wojskowosc","10":"first","11":"instock","12":"sale","13":"shipping-taxable","14":"purchasable","15":"product-type-simple"},"_links":{"self":[{"href":"https:\/\/ksiegarnia-akademicka.pl\/index.php\/wp-json\/wp\/v2\/product\/16931","targetHints":{"allow":["GET"]}}],"collection":[{"href":"https:\/\/ksiegarnia-akademicka.pl\/index.php\/wp-json\/wp\/v2\/product"}],"about":[{"href":"https:\/\/ksiegarnia-akademicka.pl\/index.php\/wp-json\/wp\/v2\/types\/product"}],"wp:featuredmedia":[{"embeddable":true,"href":"https:\/\/ksiegarnia-akademicka.pl\/index.php\/wp-json\/wp\/v2\/media\/16932"}],"wp:attachment":[{"href":"https:\/\/ksiegarnia-akademicka.pl\/index.php\/wp-json\/wp\/v2\/media?parent=16931"}],"wp:term":[{"taxonomy":"product_brand","embeddable":true,"href":"https:\/\/ksiegarnia-akademicka.pl\/index.php\/wp-json\/wp\/v2\/product_brand?post=16931"},{"taxonomy":"product_cat","embeddable":true,"href":"https:\/\/ksiegarnia-akademicka.pl\/index.php\/wp-json\/wp\/v2\/product_cat?post=16931"},{"taxonomy":"product_tag","embeddable":true,"href":"https:\/\/ksiegarnia-akademicka.pl\/index.php\/wp-json\/wp\/v2\/product_tag?post=16931"}],"curies":[{"name":"wp","href":"https:\/\/api.w.org\/{rel}","templated":true}]}}

Budownictwo wojskowe między Wisłą a Pilicą

<p>Autor:<br />
Tadeusz Banaszek<br />
Wydawca: Księży Młyn<br />
Oprawa: Miękka<br />
Format: 16.5&#215;23.5cm<br />
Liczba stron: 160<br />
Wydanie: 1<br />
Rok wydania: 2023<br />
Język wydania: polski</p>
<p>Obiekty militarne na ziemi kielecko-radomskiej (obecnie obszar województw: świętokrzyskiego oraz części mazowieckiego i łódzkiego) to główni bohaterowie książki Budownictwo wojskowe w regionie między Wisłą a Pilicą w XIX–XXI wieku. Wśród opisanych obiektów wojskowych znalazły się koszary, poligony, strzelnice, place ćwiczeń, szpitale, budynki pełniące funkcje sakralne, logistyczne i kulturalno-oświatowe, a także lotniska wojskowe, obiekty wojsk radiotechnicznych oraz budynki mieszkaniowe Funduszu Kwaterunku Wojskowego. Nie zabrakło również informacji dotyczących budowy fabryk zbrojeniowych, podlegających Ministerstwu Spraw Wojskowych, w Pionkach, Radomiu, Skarżysku-Kamiennej i Bliżynie.<br />
Zdecydowana większość zaprezentowanych obiektów już niestety nie istnieje, np. koszary w Radomiu, Pińczowie, Staszowie, poligony wojskowe w Baryczy, Wsoli, Gowarczowie. Tadeusz Banaszek, badacz dziejów wojskowości, przywraca również w książce pamięć o polskich żołnierzach i przywołuje stacjonujące w tych obiektach zasłużone jednostki Wojska Polskiego: 2 i 4 Pułk Piechoty Legionów, 2 Pułk Artylerii Lekkiej Legionów, 72 Pułk Piechoty, 28 Pułk Artylerii Lekkiej, 4 Pułk Saperów, Szkołę Podchorążych Rezerwy Lotnictwa oraz pracowników zakładów zbrojeniowych w Pionkach, Skarżysku-Kamiennej, Radomiu i Bliżynie. Zwraca uwagę, że podczas I wojny światowej miasta Kielce i Kozienice zasłynęły z obecności Legionów Polskich Józefa Piłsudskiego – w Kielcach w 1914 roku utworzono 1 pułk piechoty Legionów Polskich, a w Kozienicach funkcjonowała Grupa Legionów Polskich.<br />
To wyjątkowe opracowanie dla pasjonatów historii wojskowości oraz budownictwa wojskowego. Publikacja stanowi bowiem swoisty przewodnik po militarnych obiektach ziemi kielecko-radomskiej i została oparta na źródłach archiwalnych Centralnego Archiwum Wojskowego w Warszawie, Archiwum Państwowego w Kielcach oraz zbiorach autora. Książkę uzupełniają liczne archiwalne i współczesne fotografie oraz plany sytuacyjne obiektów wojskowych.</p>

<p>Autor: Tadeusz Banaszek Wydawca: Księży Młyn Oprawa: Miękka Format: 16.5&#215;23.5cm [&hellip;]</p>
