{"id":168,"date":"2018-05-22T12:40:54","date_gmt":"2018-05-22T10:40:54","guid":{"rendered":"http:\/\/ksiegarnia-akademicka.pl\/index.php\/product\/ekonomia-miedzynarodowa-teoria-i-polityka-1\/"},"modified":"2023-01-18T14:22:59","modified_gmt":"2023-01-18T13:22:59","slug":"ekonomia-miedzynarodowa-teoria-i-polityka-1","status":"publish","type":"product","link":"https:\/\/ksiegarnia-akademicka.pl\/index.php\/product\/ekonomia-miedzynarodowa-teoria-i-polityka-1\/","title":{"rendered":"Ekonomia mi\u0119dzynarodowa. Teoria i polityka 1"},"content":{"rendered":"<p>Autor:<br \/>\nPaul R. Krugman<br \/>\nMaurice Obstfeld<br \/>\nRedakcja: Cie\u015blik Andrzej, Goczek \u0141ukasz<br \/>\nWydawca: Wydawnictwo Naukowe PWN<br \/>\nOprawa: Mi\u0119kka<br \/>\nFormat: 16.5&#215;23.5<br \/>\nLiczba stron: 488<br \/>\nWydanie: 1<br \/>\nRok wydania: 2022<\/p>\n<p>Nowe wydanie bestsellerowego podr\u0119cznika z zakresu ekonomii mi\u0119dzynarodowej. Publikacja sk\u0142ada si\u0119 z dw\u00f3ch niezale\u017cnych tom\u00f3w po\u015bwi\u0119conych handlowi i finansom mi\u0119dzynarodowym. Autorzy, aby pom\u00f3c studentom zrozumie\u0107 i zapami\u0119ta\u0107 podstawy logiki ekonomii mi\u0119dzynarodowej, na ka\u017cdym etapie ilustruj\u0105 zagadnienia teoretyczne odpowiednimi rzeczywistymi danymi statystycznymi oraz przyk\u0142adami problem\u00f3w polityki gospodarczej.<br \/>\nZawarto\u015b\u0107 podr\u0119cznika zosta\u0142a dok\u0142adnie zaktualizowana, a wi\u0119kszo\u015b\u0107 rozdzia\u0142\u00f3w gruntownie zmieniona. Zmiany te s\u0105 odpowiedzi\u0105 zar\u00f3wno na sugestie czytelnik\u00f3w, jak i na kilka wa\u017cnych zdarze\u0144 dotycz\u0105cych teoretycznych i praktycznych aspekt\u00f3w ekonomii mi\u0119dzynarodowej.<br \/>\nOpr\u00f3cz zmian strukturalnych autorzy zaktualizowali podr\u0119cznik tak, aby zachowa\u0107 jego zwi\u0105zek ze wsp\u00f3\u0142czesn\u0105 rzeczywisto\u015bci\u0105. Omawiaj\u0105 m.in wp\u0142yw P\u00f3\u0142nocnoameryka\u0144skiego Uk\u0142adu Wolnego Handlu (North American Free Trade Agreement &#8211; NAFTA) na produkcj\u0119 samochod\u00f3w w Kanadzie, Meksyku i Stanach Zjednoczonych. Opisuj\u0105, w jaki spos\u00f3b przemys\u0142 cukrowniczy w USA by\u0142 w stanie utrzyma\u0107 ceny cukru w Stanach Zjednoczonych znacznie powy\u017cej cen \u015bwiatowych w ostatnich latach. Omawiaj\u0105 tak\u017ce rol\u0119 ujemnych st\u00f3p procentowych w niekonwencjonalnej polityce pieni\u0119\u017cnej oraz zwracaj\u0105 uwag\u0119 na coraz wa\u017cniejsz\u0105 rol\u0119 gospodarek wschodz\u0105cych w nap\u0119dzaniu globalnego wzrostu.<br \/>\nNowe wydanie wyr\u00f3\u017cniaj\u0105:<br \/>\nstudia przypadk\u00f3w ilustruj\u0105ce w spos\u00f3b praktyczny prezentowane teorie i u\u0142atwiaj\u0105ce przyswojenie materia\u0142u; dodatki matematyczne do wybranych rozdzia\u0142\u00f3w, przydatne studentom ekonometrii lub statystyki; uj\u0119cie najnowszych osi\u0105gni\u0119\u0107 i trend\u00f3w, kt\u00f3re pojawi\u0142y si\u0119 w ostatnich latach w dziedzinie opisu, analizy i interpretacji mi\u0119dzynarodowych stosunk\u00f3w gospodarczych. Podr\u0119cznik adresowany jest do student\u00f3w ekonomii i politologii. Jest to niezb\u0119dne \u017ar\u00f3d\u0142o wiedzy w zakresie przedmiot\u00f3w: ekonomia mi\u0119dzynarodowa, teoria handlu mi\u0119dzynarodowego, teoria wymiany mi\u0119dzynarodowej, mi\u0119dzynarodowe stosunki gospodarcze.<\/p>\n","protected":false},"excerpt":{"rendered":"<p>Autor: Paul R. Krugman Maurice Obstfeld Redakcja: Cie\u015blik Andrzej, Goczek [&hellip;]<\/p>\n","protected":false},"featured_media":9357,"template":"","meta":[],"product_brand":[],"product_cat":[17,7499,24,7498],"product_tag":[337,386,755,381],"class_list":{"0":"post-168","1":"product","2":"type-product","3":"status-publish","4":"has-post-thumbnail","6":"product_cat-ekonomia","7":"product_cat-makro-i-mikroekonomia","8":"product_cat-polityka-gospodarcza","9":"product_cat-teoria-ekonomii","10":"product_tag-ekonomia","11":"product_tag-ekonomia-polityczna-i-polityka-handlowa","12":"product_tag-polityka-gospodarcza","13":"product_tag-teoria-wymiany-miedzynarodowej","15":"first","16":"instock","17":"sale","18":"shipping-taxable","19":"purchasable","20":"product-type-simple"},"_links":{"self":[{"href":"https:\/\/ksiegarnia-akademicka.pl\/index.php\/wp-json\/wp\/v2\/product\/168","targetHints":{"allow":["GET"]}}],"collection":[{"href":"https:\/\/ksiegarnia-akademicka.pl\/index.php\/wp-json\/wp\/v2\/product"}],"about":[{"href":"https:\/\/ksiegarnia-akademicka.pl\/index.php\/wp-json\/wp\/v2\/types\/product"}],"wp:featuredmedia":[{"embeddable":true,"href":"https:\/\/ksiegarnia-akademicka.pl\/index.php\/wp-json\/wp\/v2\/media\/9357"}],"wp:attachment":[{"href":"https:\/\/ksiegarnia-akademicka.pl\/index.php\/wp-json\/wp\/v2\/media?parent=168"}],"wp:term":[{"taxonomy":"product_brand","embeddable":true,"href":"https:\/\/ksiegarnia-akademicka.pl\/index.php\/wp-json\/wp\/v2\/product_brand?post=168"},{"taxonomy":"product_cat","embeddable":true,"href":"https:\/\/ksiegarnia-akademicka.pl\/index.php\/wp-json\/wp\/v2\/product_cat?post=168"},{"taxonomy":"product_tag","embeddable":true,"href":"https:\/\/ksiegarnia-akademicka.pl\/index.php\/wp-json\/wp\/v2\/product_tag?post=168"}],"curies":[{"name":"wp","href":"https:\/\/api.w.org\/{rel}","templated":true}]}}