{"id":16710,"date":"2023-09-27T10:02:54","date_gmt":"2023-09-27T08:02:54","guid":{"rendered":"http:\/\/ksiegarnia-akademicka.pl\/?post_type=product&#038;p=16710"},"modified":"2023-09-27T10:11:20","modified_gmt":"2023-09-27T08:11:20","slug":"zaburzenie-obsesyjno-kompulsyjne-terapia-ekspozycji-i-powstrzymywania-reakcji-poradnik-pacjenta","status":"publish","type":"product","link":"https:\/\/ksiegarnia-akademicka.pl\/index.php\/product\/zaburzenie-obsesyjno-kompulsyjne-terapia-ekspozycji-i-powstrzymywania-reakcji-poradnik-pacjenta\/","title":{"rendered":"Zaburzenie obsesyjno-kompulsyjne Terapia ekspozycji i powstrzymywania reakcji. Poradnik pacjenta"},"content":{"rendered":"<p>Autor:<br \/>\nEdna B. Foa<br \/>\nT\u0142umacze: Pikiel Sylwia<br \/>\nWydawca: GWP<br \/>\nOprawa: Mi\u0119kka<br \/>\nFormat: 16.5&#215;23.5cm<br \/>\nLiczba stron: 70<br \/>\nWydanie: 2<br \/>\nRok wydania: 2023<br \/>\nJ\u0119zyk wydania: polski<\/p>\n<p>Zaburzenia obsesyjno-kompulsywne to przewlek\u0142a choroba wp\u0142ywaj\u0105c\u0105 nacodzienne funkcjonowanie i jako\u015b\u0107 \u017cycia. Ksi\u0105\u017cka ta to doskona\u0142y poradnik, kt\u00f3ry zosta\u0142 napisany z my\u015bl\u0105 o osobach, kt\u00f3re pragn\u0105 uzyska\u0107 kontrol\u0119 nad swoimi obsesyjnymi my\u015blami i kompulsywnymi rytua\u0142ami za pomoc\u0105 terapii, kt\u00f3rejskuteczno\u015b\u0107 zosta\u0142a potwierdzona klinicznie. Autorki w przyst\u0119pny spos\u00f3bwyja\u015bniaj\u0105, czym cechuje si\u0119 zaburzenie OCD, jakie s\u0105 przyczyny i jak sobieradzi\u0107 z objawami. Opisuj\u0105, najskuteczniejszy w przypadku tego rodzajuzaburzenia, program terapii ekspozycji i powstrzymywania reakcji w tym jegocele, strategie oraz opis poszczeg\u00f3lnych sesji. Poradnik dla pacjenta,stanowi\u0105cy uzupe\u0142nienie Podr\u0119cznika terapeuty, zawiera wszystkie formularzewykorzystywane podczas sesji, tak\u017ce te do wykonywania zada\u0144 domowych. Formularze te s\u0142u\u017c\u0105 do tworzenia hierarchii ekspozycji, codziennego monitorowania rytua\u0142\u00f3w, przeprowadzania ekspozycji in vivo i ekspozycji wyobra\u017ceniowej oraz prowadzenia zapisu samodzielnych ekspozycji in vivo w ramach pracy domowej. S\u0105 niezb\u0119dne do zapisywania codziennych zmaga\u0144 z powstrzymywaniem rytua\u0142\u00f3w, notowania obserwacji podczas wykonywania zada\u0144 domowych oraz utrwalania tego, czego pacjenci dowiedzieli si\u0119 podczas spotkania z terapeut\u0105. Publikacja stanowi \u017ar\u00f3d\u0142o rzetelnych informacji, kt\u00f3re s\u0105 istotnym wsparciem dla os\u00f3b korzystaj\u0105cych z terapii poprzez podtrzymywanie ich dzia\u0142a\u0144 pomi\u0119dzy sesjami.<\/p>\n","protected":false},"excerpt":{"rendered":"<p>Autor: Edna B. Foa T\u0142umacze: Pikiel Sylwia Wydawca: GWP Oprawa: [&hellip;]<\/p>\n","protected":false},"featured_media":16711,"template":"","meta":[],"product_brand":[],"product_cat":[27,7509],"product_tag":[1186,1659],"class_list":{"0":"post-16710","1":"product","2":"type-product","3":"status-publish","4":"has-post-thumbnail","6":"product_cat-nauki-spoleczne","7":"product_cat-psychologia","8":"product_tag-psychologia","9":"product_tag-psychoterapia","11":"first","12":"instock","13":"sale","14":"shipping-taxable","15":"purchasable","16":"product-type-simple"},"_links":{"self":[{"href":"https:\/\/ksiegarnia-akademicka.pl\/index.php\/wp-json\/wp\/v2\/product\/16710","targetHints":{"allow":["GET"]}}],"collection":[{"href":"https:\/\/ksiegarnia-akademicka.pl\/index.php\/wp-json\/wp\/v2\/product"}],"about":[{"href":"https:\/\/ksiegarnia-akademicka.pl\/index.php\/wp-json\/wp\/v2\/types\/product"}],"wp:featuredmedia":[{"embeddable":true,"href":"https:\/\/ksiegarnia-akademicka.pl\/index.php\/wp-json\/wp\/v2\/media\/16711"}],"wp:attachment":[{"href":"https:\/\/ksiegarnia-akademicka.pl\/index.php\/wp-json\/wp\/v2\/media?parent=16710"}],"wp:term":[{"taxonomy":"product_brand","embeddable":true,"href":"https:\/\/ksiegarnia-akademicka.pl\/index.php\/wp-json\/wp\/v2\/product_brand?post=16710"},{"taxonomy":"product_cat","embeddable":true,"href":"https:\/\/ksiegarnia-akademicka.pl\/index.php\/wp-json\/wp\/v2\/product_cat?post=16710"},{"taxonomy":"product_tag","embeddable":true,"href":"https:\/\/ksiegarnia-akademicka.pl\/index.php\/wp-json\/wp\/v2\/product_tag?post=16710"}],"curies":[{"name":"wp","href":"https:\/\/api.w.org\/{rel}","templated":true}]}}