{"id":16680,"date":"2023-09-14T09:38:04","date_gmt":"2023-09-14T07:38:04","guid":{"rendered":"http:\/\/ksiegarnia-akademicka.pl\/?post_type=product&#038;p=16680"},"modified":"2024-12-05T09:13:15","modified_gmt":"2024-12-05T08:13:15","slug":"psychopedagogika-relacji-analiza-transakcyjna-dla-nauczycieli-i-wychowawcow","status":"publish","type":"product","link":"https:\/\/ksiegarnia-akademicka.pl\/index.php\/product\/psychopedagogika-relacji-analiza-transakcyjna-dla-nauczycieli-i-wychowawcow\/","title":{"rendered":"Psychopedagogika relacji Analiza transakcyjna dla nauczycieli i wychowawc\u00f3w"},"content":{"rendered":"<p>Autor:<br \/>\nJaros\u0142aw Jagie\u0142a<br \/>\nRedakcja: Difin<br \/>\nWydawca: Difin<br \/>\nOprawa: Mi\u0119kka<br \/>\nLiczba stron: 562<br \/>\nRok wydania: 2023<br \/>\nJ\u0119zyk wydania: polski<\/p>\n<p>Analiza transakcyjna (AT) to koncepcja psychoterapeutyczna zapocz\u0105tkowana przez Erica Berne\u2019a (1910\u20131970) w ko\u0144cu lat pi\u0119\u0107dziesi\u0105tych ubieg\u0142ego wieku. Szybko znalaz\u0142a szerokie zastosowanie w innych obszarach wiedzy i praktyki m.in. poradnictwie, coachingu, usprawnianiu struktur organizacyjnych firm i przedsi\u0119biorstw oraz w edukacji. Ta ostatnia dziedzina jest stosunkowo ma\u0142o znana w Polsce. Ksi\u0105\u017cka w spos\u00f3b ca\u0142o\u015bciowy przybli\u017ca najwa\u017cniejsze zagadnienia tej koncepcji i na tym tle ukazuje r\u00f3\u017cnorodne problemy wi\u0105\u017c\u0105ce si\u0119 z nauczaniem i wychowaniem. Koncentruje si\u0119 g\u0142\u00f3wnie na relacjach, jakie maj\u0105 miejsce mi\u0119dzy nauczycielem a uczniami oraz ich rodzicami. Przekazuje aktualny stan bada\u0144 na ten temat i stanowi cenn\u0105 inspiracj\u0119 dla w\u0142asnych tw\u00f3rczych poszukiwa\u0144. Mo\u017ce by\u0107 warto\u015bciow\u0105 pomoc\u0105 dla nauczycieli i wychowawc\u00f3w, ale te\u017c pedagog\u00f3w szkolnych, doradc\u00f3w i socjoterapeut\u00f3w oraz wszystkich tych, kt\u00f3rzy w pracy z dzie\u0107mi i m\u0142odzie\u017c\u0105 d\u0105\u017c\u0105 do ich zrozumienia oraz wypracowania praktycznych metod trafnego post\u0119powania.<\/p>\n","protected":false},"excerpt":{"rendered":"<p>Autor: Jaros\u0142aw Jagie\u0142a Redakcja: Difin Wydawca: Difin Oprawa: Mi\u0119kka Liczba [&hellip;]<\/p>\n","protected":false},"featured_media":16681,"template":"","meta":[],"product_brand":[],"product_cat":[27,28,7509],"product_tag":[51,1186],"class_list":{"0":"post-16680","1":"product","2":"type-product","3":"status-publish","4":"has-post-thumbnail","6":"product_cat-nauki-spoleczne","7":"product_cat-pedagogika","8":"product_cat-psychologia","9":"product_tag-pedagogika","10":"product_tag-psychologia","12":"first","13":"instock","14":"sale","15":"shipping-taxable","16":"purchasable","17":"product-type-simple"},"_links":{"self":[{"href":"https:\/\/ksiegarnia-akademicka.pl\/index.php\/wp-json\/wp\/v2\/product\/16680","targetHints":{"allow":["GET"]}}],"collection":[{"href":"https:\/\/ksiegarnia-akademicka.pl\/index.php\/wp-json\/wp\/v2\/product"}],"about":[{"href":"https:\/\/ksiegarnia-akademicka.pl\/index.php\/wp-json\/wp\/v2\/types\/product"}],"wp:featuredmedia":[{"embeddable":true,"href":"https:\/\/ksiegarnia-akademicka.pl\/index.php\/wp-json\/wp\/v2\/media\/16681"}],"wp:attachment":[{"href":"https:\/\/ksiegarnia-akademicka.pl\/index.php\/wp-json\/wp\/v2\/media?parent=16680"}],"wp:term":[{"taxonomy":"product_brand","embeddable":true,"href":"https:\/\/ksiegarnia-akademicka.pl\/index.php\/wp-json\/wp\/v2\/product_brand?post=16680"},{"taxonomy":"product_cat","embeddable":true,"href":"https:\/\/ksiegarnia-akademicka.pl\/index.php\/wp-json\/wp\/v2\/product_cat?post=16680"},{"taxonomy":"product_tag","embeddable":true,"href":"https:\/\/ksiegarnia-akademicka.pl\/index.php\/wp-json\/wp\/v2\/product_tag?post=16680"}],"curies":[{"name":"wp","href":"https:\/\/api.w.org\/{rel}","templated":true}]}}