{"id":1668,"date":"2018-05-22T12:44:10","date_gmt":"2018-05-22T10:44:10","guid":{"rendered":"http:\/\/ksiegarnia-akademicka.pl\/index.php\/product\/szkola-austriacka-wobec-socjalizmu\/"},"modified":"2019-01-05T11:20:04","modified_gmt":"2019-01-05T10:20:04","slug":"szkola-austriacka-wobec-socjalizmu","status":"publish","type":"product","link":"https:\/\/ksiegarnia-akademicka.pl\/index.php\/product\/szkola-austriacka-wobec-socjalizmu\/","title":{"rendered":"Szko\u0142a Austriacka \u0141ad rynkowy wolna wymiana i przedsi\u0119biorczo\u015b\u0107 Tytu\u0142 oryginalny: The austrian school market order and entrepreneurial creativity"},"content":{"rendered":"<p>Autor:<br \/>\nSoto Jesus Huerta De<br \/>\nT\u0142umacze: \u015aledzi\u0144ski Krzysztof<br \/>\nWydawca: Fijorr Publishing<br \/>\nOprawa: Mi\u0119kka<br \/>\nFormat: 14.5&#215;20.5cm<br \/>\nLiczba stron: 193<br \/>\nRok wydania: 2010<\/p>\n<p>(&#8230;) Po tym, jak wype\u0142nili\u015bmy teoretyczn\u0105 przepa\u015b\u0107 analiz\u0105 socjalizmu, najmniej znanym i najwa\u017cniejszym teoretycznie polem jest pieni\u0105dz, gdzie dominuj\u0105 b\u0142\u0119dy metodologiczne, pomieszanie terminologiczne i systematyczna przemoc bank\u00f3w centralnych. Relacje spo\u0142eczne, w kt\u00f3rych mamy do czynienia z pieni\u0105dzem, s\u0105 (&#8230;) abstrakcyjne i trudne do zrozumienia, a zatem wiedza, kt\u00f3ra powstaje w ich wyniku, jest skomplikowana i nieuchwytna, powoduj\u0105c powstanie nast\u0119puj\u0105cych po sobie recesji gospodarczych (&#8230;)<br \/>\nJesus Huerta de Soto<\/p>\n","protected":false},"excerpt":{"rendered":"<p>Autor: Soto Jesus Huerta De T\u0142umacze: \u015aledzi\u0144ski Krzysztof Wydawca: Fijorr [&hellip;]<\/p>\n","protected":false},"featured_media":10090,"template":"","meta":[],"product_brand":[],"product_cat":[17,7498],"product_tag":[7767,337,3403],"class_list":{"0":"post-1668","1":"product","2":"type-product","3":"status-publish","4":"has-post-thumbnail","6":"product_cat-ekonomia","7":"product_cat-teoria-ekonomii","8":"product_tag-austriacka-szkola-ekonomii","9":"product_tag-ekonomia","10":"product_tag-historia-mysli-ekonomicznej","12":"first","13":"instock","14":"sale","15":"shipping-taxable","16":"purchasable","17":"product-type-simple"},"_links":{"self":[{"href":"https:\/\/ksiegarnia-akademicka.pl\/index.php\/wp-json\/wp\/v2\/product\/1668","targetHints":{"allow":["GET"]}}],"collection":[{"href":"https:\/\/ksiegarnia-akademicka.pl\/index.php\/wp-json\/wp\/v2\/product"}],"about":[{"href":"https:\/\/ksiegarnia-akademicka.pl\/index.php\/wp-json\/wp\/v2\/types\/product"}],"wp:featuredmedia":[{"embeddable":true,"href":"https:\/\/ksiegarnia-akademicka.pl\/index.php\/wp-json\/wp\/v2\/media\/10090"}],"wp:attachment":[{"href":"https:\/\/ksiegarnia-akademicka.pl\/index.php\/wp-json\/wp\/v2\/media?parent=1668"}],"wp:term":[{"taxonomy":"product_brand","embeddable":true,"href":"https:\/\/ksiegarnia-akademicka.pl\/index.php\/wp-json\/wp\/v2\/product_brand?post=1668"},{"taxonomy":"product_cat","embeddable":true,"href":"https:\/\/ksiegarnia-akademicka.pl\/index.php\/wp-json\/wp\/v2\/product_cat?post=1668"},{"taxonomy":"product_tag","embeddable":true,"href":"https:\/\/ksiegarnia-akademicka.pl\/index.php\/wp-json\/wp\/v2\/product_tag?post=1668"}],"curies":[{"name":"wp","href":"https:\/\/api.w.org\/{rel}","templated":true}]}}