{"id":16570,"date":"2023-04-20T09:30:50","date_gmt":"2023-04-20T07:30:50","guid":{"rendered":"http:\/\/ksiegarnia-akademicka.pl\/?post_type=product&#038;p=16570"},"modified":"2024-12-05T09:15:44","modified_gmt":"2024-12-05T08:15:44","slug":"kodeks-karny-art-1-316-komentarz","status":"publish","type":"product","link":"https:\/\/ksiegarnia-akademicka.pl\/index.php\/product\/kodeks-karny-art-1-316-komentarz\/","title":{"rendered":"Kodeks karny. Art. 1-316. Komentarz"},"content":{"rendered":"<p>Redakcja: SSO dr Bart\u0142omiej Gadecki<br \/>\nAutor: SSO dr Marta Bana\u015b-Grabek, SSO Adam Barczak, prok. del. do PR Magdalena Branicka, dr hab. Piotr Chlebowicz, prof. UWM, Elwira Ka\u0142\u0119dek-Gadecka, prok. del. do PR dr Joanna Karnat, dr hab. Monika Kotowska, dr hab. Aneta \u0141y\u017cwa, dr Rafa\u0142 \u0141y\u017cwa<br \/>\nWydawnictwo: C.H. Beck<br \/>\nSeria: Komentarze Kompaktowe<br \/>\nRok wydania: 2023<br \/>\nOprawa: Mi\u0119kka<br \/>\nLiczba stron: 956<br \/>\nWymiary: 160&#215;240 mm<br \/>\nWaga: 1550 g<br \/>\nISBN: 978-83-8291-419-1<\/p>\n<p>Komentarz zawiera szczeg\u00f3\u0142owe om\u00f3wienie przepis\u00f3w ustawy z 6.6.1997 r. \u2013 Kodeks karny (t.j. Dz.U. z 2022 r. poz. 1138 ze zm.), z uwzgl\u0119dnieniem najnowszych zmian legislacyjnych.<\/p>\n<p>Publikacja stanowi pomoc w interpretacji i praktycznym stosowaniu omawianych przepis\u00f3w.<\/p>\n<p>W komentarzu przedstawiono zagadnienia z cz\u0119\u015bci og\u00f3lnej i szczeg\u00f3lnej omawianego aktu, dotycz\u0105ce m.in.:<\/p>\n<p>zasad odpowiedzialno\u015bci karnej \u2013 jej warunk\u00f3w, zasad, czasu i miejsca przest\u0119pstwa, definicji zbrodni, wyst\u0119pku oraz czynu ci\u0105g\u0142ego, zamiaru bezpo\u015bredniego i ewentualnego, a tak\u017ce zbiegu przepis\u00f3w;<br \/>\nform pope\u0142niania przest\u0119pstwa \u2013 usi\u0142owania, przygotowania i odst\u0105pienia, karalno\u015bci, czynnego \u017calu, sprawstwa, pod\u017cegania, pomocnictwa i prowokacji, okoliczno\u015bci osobistych i nieaskcesoryjno\u015bci odpowiedzialno\u015bci;<br \/>\nwy\u0142\u0105czenia odpowiedzialno\u015bci karnej \u2013 obrony koniecznej, stanu wy\u017cszej konieczno\u015bci, eksperymentu, b\u0142\u0119du co do znamion i okoliczno\u015bci wy\u0142\u0105czaj\u0105cej, nie\u015bwiadomo\u015bci bezprawno\u015bci a tak\u017ce niepoczytalno\u015bci i ograniczonej poczytalno\u015bci;<br \/>\nkar \u2013 ich katalogu, grzywny, pozbawienia i ograniczenia wolno\u015bci, pracy na cele spo\u0142eczne, dozoru i obowi\u0105zk\u00f3w dodatkowych, orzeczenie kary grzywny lub ograniczenia wolno\u015bci zamiast lub obok pozbawienia wolno\u015bci oraz obni\u017cenia i nadzwyczajnego obostrzenia;<br \/>\n\u015brodk\u00f3w karnych \u2013 katalogu, praw publicznych, ogranicze\u0144 dot. zajmowania stanowiska lub wykonywania zawodu, zakazu kontaktowania si\u0119, zbli\u017cania, opuszczania miejsca, zakazu wst\u0119pu, prowadzenia pojazd\u00f3w, granic czasowe \u015brodk\u00f3w karnych i zawieszenia ich biegu a tak\u017ce \u015bwiadcze\u0144 na rzecz Funduszu Pomocy Pokrzywdzonym oraz Pomocy Postpenitencjarnej;<br \/>\nprzepadku i \u015brodk\u00f3w kompensacyjnych \u2013 przepadku przedmiot\u00f3w, przedsi\u0119biorstwa i korzy\u015bci, naprawienia szkody, zado\u015b\u0107uczynienia oraz nawi\u0105zki;<br \/>\nzasad wymiaru kary i \u015brodk\u00f3w karnych.<\/p>\n","protected":false},"excerpt":{"rendered":"<p>Redakcja: SSO dr Bart\u0142omiej Gadecki Autor: SSO dr Marta Bana\u015b-Grabek, [&hellip;]<\/p>\n","protected":false},"featured_media":16571,"template":"","meta":[],"product_brand":[],"product_cat":[7490,18],"product_tag":[296,8211],"class_list":{"0":"post-16570","1":"product","2":"type-product","3":"status-publish","4":"has-post-thumbnail","6":"product_cat-karne","7":"product_cat-prawo","8":"product_tag-prawo-karne","9":"product_tag-seria-komentarze-kom","11":"first","12":"instock","13":"sale","14":"shipping-taxable","15":"purchasable","16":"product-type-simple"},"_links":{"self":[{"href":"https:\/\/ksiegarnia-akademicka.pl\/index.php\/wp-json\/wp\/v2\/product\/16570","targetHints":{"allow":["GET"]}}],"collection":[{"href":"https:\/\/ksiegarnia-akademicka.pl\/index.php\/wp-json\/wp\/v2\/product"}],"about":[{"href":"https:\/\/ksiegarnia-akademicka.pl\/index.php\/wp-json\/wp\/v2\/types\/product"}],"wp:featuredmedia":[{"embeddable":true,"href":"https:\/\/ksiegarnia-akademicka.pl\/index.php\/wp-json\/wp\/v2\/media\/16571"}],"wp:attachment":[{"href":"https:\/\/ksiegarnia-akademicka.pl\/index.php\/wp-json\/wp\/v2\/media?parent=16570"}],"wp:term":[{"taxonomy":"product_brand","embeddable":true,"href":"https:\/\/ksiegarnia-akademicka.pl\/index.php\/wp-json\/wp\/v2\/product_brand?post=16570"},{"taxonomy":"product_cat","embeddable":true,"href":"https:\/\/ksiegarnia-akademicka.pl\/index.php\/wp-json\/wp\/v2\/product_cat?post=16570"},{"taxonomy":"product_tag","embeddable":true,"href":"https:\/\/ksiegarnia-akademicka.pl\/index.php\/wp-json\/wp\/v2\/product_tag?post=16570"}],"curies":[{"name":"wp","href":"https:\/\/api.w.org\/{rel}","templated":true}]}}

<p>Redakcja: SSO dr Bartłomiej Gadecki<br />
Autor: SSO dr Marta Banaś-Grabek, SSO Adam Barczak, prok. del. do PR Magdalena Branicka, dr hab. Piotr Chlebowicz, prof. UWM, Elwira Kałędek-Gadecka, prok. del. do PR dr Joanna Karnat, dr hab. Monika Kotowska, dr hab. Aneta Łyżwa, dr Rafał Łyżwa<br />
Wydawnictwo: C.H. Beck<br />
Seria: Komentarze Kompaktowe<br />
Rok wydania: 2023<br />
Oprawa: Miękka<br />
Liczba stron: 956<br />
Wymiary: 160&#215;240 mm<br />
Waga: 1550 g<br />
ISBN: 978-83-8291-419-1</p>
<p>Komentarz zawiera szczegółowe omówienie przepisów ustawy z 6.6.1997 r. – Kodeks karny (t.j. Dz.U. z 2022 r. poz. 1138 ze zm.), z uwzględnieniem najnowszych zmian legislacyjnych.</p>
<p>Publikacja stanowi pomoc w interpretacji i praktycznym stosowaniu omawianych przepisów.</p>
<p>W komentarzu przedstawiono zagadnienia z części ogólnej i szczególnej omawianego aktu, dotyczące m.in.:</p>
<p>zasad odpowiedzialności karnej – jej warunków, zasad, czasu i miejsca przestępstwa, definicji zbrodni, występku oraz czynu ciągłego, zamiaru bezpośredniego i ewentualnego, a także zbiegu przepisów;<br />
form popełniania przestępstwa – usiłowania, przygotowania i odstąpienia, karalności, czynnego żalu, sprawstwa, podżegania, pomocnictwa i prowokacji, okoliczności osobistych i nieaskcesoryjności odpowiedzialności;<br />
wyłączenia odpowiedzialności karnej – obrony koniecznej, stanu wyższej konieczności, eksperymentu, błędu co do znamion i okoliczności wyłączającej, nieświadomości bezprawności a także niepoczytalności i ograniczonej poczytalności;<br />
kar – ich katalogu, grzywny, pozbawienia i ograniczenia wolności, pracy na cele społeczne, dozoru i obowiązków dodatkowych, orzeczenie kary grzywny lub ograniczenia wolności zamiast lub obok pozbawienia wolności oraz obniżenia i nadzwyczajnego obostrzenia;<br />
środków karnych – katalogu, praw publicznych, ograniczeń dot. zajmowania stanowiska lub wykonywania zawodu, zakazu kontaktowania się, zbliżania, opuszczania miejsca, zakazu wstępu, prowadzenia pojazdów, granic czasowe środków karnych i zawieszenia ich biegu a także świadczeń na rzecz Funduszu Pomocy Pokrzywdzonym oraz Pomocy Postpenitencjarnej;<br />
przepadku i środków kompensacyjnych – przepadku przedmiotów, przedsiębiorstwa i korzyści, naprawienia szkody, zadośćuczynienia oraz nawiązki;<br />
zasad wymiaru kary i środków karnych.</p>

<p>Redakcja: SSO dr Bartłomiej Gadecki Autor: SSO dr Marta Banaś-Grabek, [&hellip;]</p>
