{"id":16495,"date":"2023-03-30T10:06:30","date_gmt":"2023-03-30T08:06:30","guid":{"rendered":"http:\/\/ksiegarnia-akademicka.pl\/?post_type=product&#038;p=16495"},"modified":"2023-03-30T10:12:16","modified_gmt":"2023-03-30T08:12:16","slug":"skarga-na-przewleklosc-postepowania-cywilnego","status":"publish","type":"product","link":"https:\/\/ksiegarnia-akademicka.pl\/index.php\/product\/skarga-na-przewleklosc-postepowania-cywilnego\/","title":{"rendered":"Skarga na przewlek\u0142o\u015b\u0107 post\u0119powania cywilnego"},"content":{"rendered":"<p>Autor:<br \/>\nMaciej Muzyka<br \/>\nWydawca: Wolters Kluwer<br \/>\nOprawa: Twarda<br \/>\nFormat: 15.0&#215;21.0cm<br \/>\nLiczba stron: 212<br \/>\nWydanie: 1<br \/>\nRok wydania: 2023<br \/>\nJ\u0119zyk wydania: polski<\/p>\n<p>W\u0142a\u015bciwa interpretacja przepis\u00f3w ustawy z 17 czerwca 2004 r. o skardze na naruszenie prawa strony do rozpoznania sprawy w post\u0119powaniu przygotowawczym prowadzonym lub nadzorowanym przez prokuratora i post\u0119powaniu s\u0105dowym bez nieuzasadnionej zw\u0142oki, zwanej ustaw\u0105 o skardze na przewlek\u0142o\u015b\u0107, jest zagadnieniem nie\u0142atwym. Wynika to m.in. z konieczno\u015bci uwzgl\u0119dnienia w procesie wyk\u0142adni Europejskiej Konwencji Praw Cz\u0142owieka oraz dorobku orzeczniczego Europejskiego Trybuna\u0142u Praw Cz\u0142owieka.<\/p>\n<p>Autor oceni\u0142 obecn\u0105 regulacj\u0119 z perspektywy efektywno\u015bci i prawid\u0142owo\u015bci tego post\u0119powania. Zaj\u0105\u0142 zaj\u0105\u0142 si\u0119 r\u00f3wnie\u017c sam\u0105 natur\u0105 skargi na przewlek\u0142o\u015b\u0107\u00b4, jej miejscem w systemie \u015brodk\u00f3w prawnych w post\u0119powaniu cywilnym oraz zagadnieniami zwi\u0105zanymi z istota przewlek\u0142o\u015bci w post\u0119powaniu cywilnym. Uwzgl\u0119dni\u0142 wszelkie aspekty ustrojowe zar\u00f3wno z poziomu ustawy zasadniczej, jak i regulacji prawa europejskiego. Publikacja zosta\u0142a wzbogacona o liczne przyk\u0142ady z orzecznictwa.<\/p>\n<p>Ksi\u0105\u017cka stanowi \u017ar\u00f3d\u0142o informacji dla praktyk\u00f3w, kt\u00f3rzy maj\u0105 do czynienia z post\u0119powaniem cywilnym &#8211; s\u0119dzi\u00f3w, profesjonalnych pe\u0142nomocnik\u00f3w, komornik\u00f3w, prokurator\u00f3w. Powinna zainteresowa\u0107 tak\u017ce pracownik\u00f3w naukowych zajmuj\u0105cych si\u0119 prawem cywilnym, post\u0119powaniem cywilnym, prawami cz\u0142owieka oraz prawem konstytucyjnym.<\/p>\n","protected":false},"excerpt":{"rendered":"<p>Autor: Maciej Muzyka Wydawca: Wolters Kluwer Oprawa: Twarda Format: 15.0&#215;21.0cm [&hellip;]<\/p>\n","protected":false},"featured_media":16496,"template":"","meta":[],"product_brand":[],"product_cat":[7491,18],"product_tag":[692],"class_list":{"0":"post-16495","1":"product","2":"type-product","3":"status-publish","4":"has-post-thumbnail","6":"product_cat-cywilne","7":"product_cat-prawo","8":"product_tag-postepowanie-cywilne","10":"first","11":"instock","12":"sale","13":"shipping-taxable","14":"purchasable","15":"product-type-simple"},"_links":{"self":[{"href":"https:\/\/ksiegarnia-akademicka.pl\/index.php\/wp-json\/wp\/v2\/product\/16495","targetHints":{"allow":["GET"]}}],"collection":[{"href":"https:\/\/ksiegarnia-akademicka.pl\/index.php\/wp-json\/wp\/v2\/product"}],"about":[{"href":"https:\/\/ksiegarnia-akademicka.pl\/index.php\/wp-json\/wp\/v2\/types\/product"}],"wp:featuredmedia":[{"embeddable":true,"href":"https:\/\/ksiegarnia-akademicka.pl\/index.php\/wp-json\/wp\/v2\/media\/16496"}],"wp:attachment":[{"href":"https:\/\/ksiegarnia-akademicka.pl\/index.php\/wp-json\/wp\/v2\/media?parent=16495"}],"wp:term":[{"taxonomy":"product_brand","embeddable":true,"href":"https:\/\/ksiegarnia-akademicka.pl\/index.php\/wp-json\/wp\/v2\/product_brand?post=16495"},{"taxonomy":"product_cat","embeddable":true,"href":"https:\/\/ksiegarnia-akademicka.pl\/index.php\/wp-json\/wp\/v2\/product_cat?post=16495"},{"taxonomy":"product_tag","embeddable":true,"href":"https:\/\/ksiegarnia-akademicka.pl\/index.php\/wp-json\/wp\/v2\/product_tag?post=16495"}],"curies":[{"name":"wp","href":"https:\/\/api.w.org\/{rel}","templated":true}]}}