{"id":16466,"date":"2023-03-14T08:52:03","date_gmt":"2023-03-14T07:52:03","guid":{"rendered":"http:\/\/ksiegarnia-akademicka.pl\/?post_type=product&#038;p=16466"},"modified":"2023-03-14T08:52:04","modified_gmt":"2023-03-14T07:52:04","slug":"harvard-business-review-podrecznik-menedzera","status":"publish","type":"product","link":"https:\/\/ksiegarnia-akademicka.pl\/index.php\/product\/harvard-business-review-podrecznik-menedzera\/","title":{"rendered":"Harvard Business Review. Podr\u0119cznik mened\u017cera"},"content":{"rendered":"<p>Autor:<br \/>\nnull null<br \/>\nWydawca: Rebis<br \/>\nOprawa: Twarda<br \/>\nFormat: 15.0&#215;22.5cm<br \/>\nLiczba stron: 432<br \/>\nWydanie: 1<br \/>\nRok wydania: 2023<br \/>\nJ\u0119zyk wydania: polski<\/p>\n<p>Jedyny podr\u0119cznik, jakiego potrzebujesz, \u017ceby rozwin\u0105\u0107 umiej\u0119tno\u015bci mened\u017cerskie i przyw\u00f3dcze. Niezale\u017cnie od tego, czy zosta\u0142e\u015b mened\u017cerem niedawno, czy masz ju\u017c do\u015bwiadczenie, ale chcesz wywiera\u0107 wi\u0119kszy wp\u0142yw w swojej organizacji, na co dzie\u0144 borykasz si\u0119 z podobnymi wyzwaniami. Podw\u0142adni zasypuj\u0105 ci\u0119 pytaniami, szef na ostatni\u0105 chwil\u0119 zleca ci wa\u017cn\u0105 prezentacj\u0119 albo trzeba przedstawi\u0107 przekonuj\u0105ce uzasadnienie biznesowe. We wszystkich tych sytuacjach przydadz\u0105 ci si\u0119 nowe umiej\u0119tno\u015bci zawodowe i osobiste, kt\u00f3re umo\u017cliwi\u0105 ci wykorzystanie pe\u0142ni potencja\u0142u. Ksi\u0105\u017cka ta prezentuje wiedz\u0119 zgromadzon\u0105 w zasobach \u201eHarvard Business Review\u201d i jest kopalni\u0105 najlepszych praktyk we wszystkich aspektach zarz\u0105dzania \u2013 od sprawozda\u0144 finansowych przez zasady strategii po inteligencj\u0119 emocjonaln\u0105 i zdobywanie zaufania podw\u0142adnych. Miej ten kompleksowy podr\u0119cznik zawsze przy sobie przez ca\u0142\u0105 karier\u0119 zawodow\u0105 i b\u0105d\u017a liderem, kt\u00f3ry wywiera du\u017cy wp\u0142yw w swojej organizacji. W Harvard Business Review. Podr\u0119czniku mened\u017cera znajdziesz m.in.: \u00b7 szczeg\u00f3\u0142owe wskaz\u00f3wki dotycz\u0105ce typowych zada\u0144 mened\u017cera, \u00b7 \u0107wiczenia i wzorcowe materia\u0142y, kt\u00f3re pomog\u0105 ci zastosowa\u0107 przedstawione koncepcje, \u00b7 zwi\u0119z\u0142e om\u00f3wienie najnowszych bada\u0144 i pogl\u0105d\u00f3w na temat wa\u017cnych umiej\u0119tno\u015bci mened\u017cerskich, kt\u00f3rych autorami s\u0105 tacy eksperci \u201eHarvard Business Review\u201d, jak Dan Goleman, Clayton Christensen, John Kotter i Michael Porter, \u00b7 na ko\u0144cu ka\u017cdego rozdzia\u0142u kr\u00f3tkie podsumowanie i zadania umo\u017cliwiaj\u0105ce utrwalenie najwa\u017cniejszych koncepcji, \u00b7 prawdziwe historie opowiedziane przez mened\u017cer\u00f3w.<\/p>\n","protected":false},"excerpt":{"rendered":"<p>Autor: null null Wydawca: Rebis Oprawa: Twarda Format: 15.0&#215;22.5cm Liczba [&hellip;]<\/p>\n","protected":false},"featured_media":16467,"template":"","meta":[],"product_brand":[],"product_cat":[32,7511,30],"product_tag":[1720,541],"class_list":{"0":"post-16466","1":"product","2":"type-product","3":"status-publish","4":"has-post-thumbnail","6":"product_cat-biznes","7":"product_cat-kierowanie-i-zarzadzanie","8":"product_cat-zarzadzanie","9":"product_tag-kierowanie","10":"product_tag-zarzadzanie","12":"first","13":"instock","14":"sale","15":"shipping-taxable","16":"purchasable","17":"product-type-simple"},"_links":{"self":[{"href":"https:\/\/ksiegarnia-akademicka.pl\/index.php\/wp-json\/wp\/v2\/product\/16466","targetHints":{"allow":["GET"]}}],"collection":[{"href":"https:\/\/ksiegarnia-akademicka.pl\/index.php\/wp-json\/wp\/v2\/product"}],"about":[{"href":"https:\/\/ksiegarnia-akademicka.pl\/index.php\/wp-json\/wp\/v2\/types\/product"}],"wp:featuredmedia":[{"embeddable":true,"href":"https:\/\/ksiegarnia-akademicka.pl\/index.php\/wp-json\/wp\/v2\/media\/16467"}],"wp:attachment":[{"href":"https:\/\/ksiegarnia-akademicka.pl\/index.php\/wp-json\/wp\/v2\/media?parent=16466"}],"wp:term":[{"taxonomy":"product_brand","embeddable":true,"href":"https:\/\/ksiegarnia-akademicka.pl\/index.php\/wp-json\/wp\/v2\/product_brand?post=16466"},{"taxonomy":"product_cat","embeddable":true,"href":"https:\/\/ksiegarnia-akademicka.pl\/index.php\/wp-json\/wp\/v2\/product_cat?post=16466"},{"taxonomy":"product_tag","embeddable":true,"href":"https:\/\/ksiegarnia-akademicka.pl\/index.php\/wp-json\/wp\/v2\/product_tag?post=16466"}],"curies":[{"name":"wp","href":"https:\/\/api.w.org\/{rel}","templated":true}]}}