{"id":16410,"date":"2023-02-28T09:15:05","date_gmt":"2023-02-28T08:15:05","guid":{"rendered":"http:\/\/ksiegarnia-akademicka.pl\/?post_type=product&#038;p=16410"},"modified":"2023-02-28T09:15:05","modified_gmt":"2023-02-28T08:15:05","slug":"terapia-manualna-holistyczna","status":"publish","type":"product","link":"https:\/\/ksiegarnia-akademicka.pl\/index.php\/product\/terapia-manualna-holistyczna\/","title":{"rendered":"Terapia manualna holistyczna"},"content":{"rendered":"<p>Autor:<br \/>\nAndrzej Rakowski<br \/>\nWydawca: Bookplan.pl<br \/>\nOprawa: Twarda<br \/>\nLiczba stron: 588<br \/>\nWydanie: 4<br \/>\nRok wydania: 2023<br \/>\nJ\u0119zyk wydania: polski<\/p>\n<p>Ksi\u0105\u017cka przedstawia istot\u0119 zaburze\u0144 czynno\u015bci narz\u0105du ruchu: objawy, badanie, leczenie oraz patogenez\u0119. Podr\u0119cznik posiada wyra\u017ane ilustracje oraz precyzyjne obja\u015bnienia, kt\u00f3re umo\u017cliwiaj\u0105 \u0142atwiejsze zapami\u0119tywanie informacji. Tom I ksi\u0105\u017cki pt. Terapia Manualna Holistyczna wyja\u015bnia procedury post\u0119powania diagnostycznego oraz leczniczego. Jest r\u00f3wnie\u017c doskona\u0142ym wprowadzeniem do medycyny o praktyczn\u0105 wiedz\u0119 na temat og\u00f3lnoustrojowych skutkach dysfunkcji narz\u0105du ruchu. Podr\u0119cznik Andrzeja Rakowskiego wyja\u015bnia r\u00f3wnie\u017c rol\u0119 stresu jako przyczyn\u0119 zaburzaj\u0105c\u0105 czynno\u015bci narz\u0105du ruchu. Ta doskona\u0142a publikacja zawiera mn\u00f3stwo kluczowej wiedzy niezb\u0119dnej dla specjalist\u00f3w zajmuj\u0105cych si\u0119 terapi\u0105 oraz profilaktyk\u0105 dysfunkcji narz\u0105du ruchu.<\/p>\n<p>&#8222;Terapia manualna holistyczna&#8221; przeznaczona jest w szczeg\u00f3lno\u015bci dla:<br \/>\nlekarzy,<br \/>\nfizjoterapeut\u00f3w,<br \/>\npsychoterapeut\u00f3w,<br \/>\nspecjalist\u00f3w zajmuj\u0105cych si\u0119 leczeniem dysfunkcji narz\u0105du ruchu,<br \/>\npacjent\u00f3w poszukuj\u0105cych rozwi\u0105zania dot. choroby.<\/p>\n","protected":false},"excerpt":{"rendered":"<p>Autor: Andrzej Rakowski Wydawca: Bookplan.pl Oprawa: Twarda Liczba stron: 588 [&hellip;]<\/p>\n","protected":false},"featured_media":16411,"template":"","meta":[],"product_brand":[],"product_cat":[8069,7493],"product_tag":[1498,5853],"class_list":{"0":"post-16410","1":"product","2":"type-product","3":"status-publish","4":"has-post-thumbnail","6":"product_cat-fizjologia","7":"product_cat-medycyna","8":"product_tag-fizjoterapia","9":"product_tag-rehabilitacja","11":"first","12":"instock","13":"sale","14":"shipping-taxable","15":"purchasable","16":"product-type-simple"},"_links":{"self":[{"href":"https:\/\/ksiegarnia-akademicka.pl\/index.php\/wp-json\/wp\/v2\/product\/16410","targetHints":{"allow":["GET"]}}],"collection":[{"href":"https:\/\/ksiegarnia-akademicka.pl\/index.php\/wp-json\/wp\/v2\/product"}],"about":[{"href":"https:\/\/ksiegarnia-akademicka.pl\/index.php\/wp-json\/wp\/v2\/types\/product"}],"wp:featuredmedia":[{"embeddable":true,"href":"https:\/\/ksiegarnia-akademicka.pl\/index.php\/wp-json\/wp\/v2\/media\/16411"}],"wp:attachment":[{"href":"https:\/\/ksiegarnia-akademicka.pl\/index.php\/wp-json\/wp\/v2\/media?parent=16410"}],"wp:term":[{"taxonomy":"product_brand","embeddable":true,"href":"https:\/\/ksiegarnia-akademicka.pl\/index.php\/wp-json\/wp\/v2\/product_brand?post=16410"},{"taxonomy":"product_cat","embeddable":true,"href":"https:\/\/ksiegarnia-akademicka.pl\/index.php\/wp-json\/wp\/v2\/product_cat?post=16410"},{"taxonomy":"product_tag","embeddable":true,"href":"https:\/\/ksiegarnia-akademicka.pl\/index.php\/wp-json\/wp\/v2\/product_tag?post=16410"}],"curies":[{"name":"wp","href":"https:\/\/api.w.org\/{rel}","templated":true}]}}