{"id":16408,"date":"2023-02-28T09:12:38","date_gmt":"2023-02-28T08:12:38","guid":{"rendered":"http:\/\/ksiegarnia-akademicka.pl\/?post_type=product&#038;p=16408"},"modified":"2023-02-28T09:12:38","modified_gmt":"2023-02-28T08:12:38","slug":"wymiana-informacji-w-sprawach-podatkowych-a-ochrona-praw-podatnika","status":"publish","type":"product","link":"https:\/\/ksiegarnia-akademicka.pl\/index.php\/product\/wymiana-informacji-w-sprawach-podatkowych-a-ochrona-praw-podatnika\/","title":{"rendered":"Wymiana informacji w sprawach podatkowych a ochrona praw podatnika"},"content":{"rendered":"<p>Autor:<br \/>\nMi\u0142osz K\u0142osowiak<br \/>\nWydawca: Wolters Kluwer<br \/>\nOprawa: Twarda<br \/>\nFormat: 15.0&#215;21.0cm<br \/>\nLiczba stron: 340<br \/>\nWydanie: 1<br \/>\nRok wydania: 2023<br \/>\nJ\u0119zyk wydania: polski<\/p>\n<p>Praca nagrodzona w konkursie Pa\u0144stwa i Prawa za najlepsze prace naukowe. Publikacja ca\u0142o\u015bciowo omawia prawa podatnika w post\u0119powaniach dowodowych, w kt\u00f3rych zasadniczy element stanowi wsp\u00f3\u0142praca polskich organ\u00f3w podatkowych z innymi pa\u0144stwami w zakresie wymiany informacji.<br \/>\nCelem owej wymiany s\u0105:<br \/>\nokre\u015blenie prawid\u0142owej wysoko\u015bci podatku,<br \/>\nustalenie rzeczywistego stanu faktycznego,<br \/>\nzastosowanie odpowiednich przepis\u00f3w krajowego systemu podatkowego.<\/p>\n<p>Autor wskazuje kluczowe ryzyka, jakie powstaj\u0105 na gruncie obowi\u0105zuj\u0105cych przepis\u00f3w. Mowa tu przede wszystkim o prawie do prywatno\u015bci i prawie do ochrony poufno\u015bci danych.<br \/>\nDodatkowo w publikacji om\u00f3wiono \u015brodki ochrony prawnej podatnika w ramach procedury podatkowej i s\u0105dowoadministracyjnej.<\/p>\n<p>Ksi\u0105\u017cka przeznaczona jest dla doradc\u00f3w podatkowych, radc\u00f3w prawnych i adwokat\u00f3w zajmuj\u0105cych si\u0119 prawem podatkowym. Zainteresuje r\u00f3wnie\u017c s\u0119dzi\u00f3w s\u0105d\u00f3w administracyjnych, pracownik\u00f3w organ\u00f3w podatkowych oraz pracownik\u00f3w naukowych.<\/p>\n","protected":false},"excerpt":{"rendered":"<p>Autor: Mi\u0142osz K\u0142osowiak Wydawca: Wolters Kluwer Oprawa: Twarda Format: 15.0&#215;21.0cm [&hellip;]<\/p>\n","protected":false},"featured_media":16409,"template":"","meta":[],"product_brand":[],"product_cat":[22],"product_tag":[8202,1055],"class_list":{"0":"post-16408","1":"product","2":"type-product","3":"status-publish","4":"has-post-thumbnail","6":"product_cat-podatki-i-prawo-podatkowe","7":"product_tag-ochrona-praw-podatnika","8":"product_tag-prawo-podatkowe","10":"first","11":"instock","12":"sale","13":"shipping-taxable","14":"purchasable","15":"product-type-simple"},"_links":{"self":[{"href":"https:\/\/ksiegarnia-akademicka.pl\/index.php\/wp-json\/wp\/v2\/product\/16408","targetHints":{"allow":["GET"]}}],"collection":[{"href":"https:\/\/ksiegarnia-akademicka.pl\/index.php\/wp-json\/wp\/v2\/product"}],"about":[{"href":"https:\/\/ksiegarnia-akademicka.pl\/index.php\/wp-json\/wp\/v2\/types\/product"}],"wp:featuredmedia":[{"embeddable":true,"href":"https:\/\/ksiegarnia-akademicka.pl\/index.php\/wp-json\/wp\/v2\/media\/16409"}],"wp:attachment":[{"href":"https:\/\/ksiegarnia-akademicka.pl\/index.php\/wp-json\/wp\/v2\/media?parent=16408"}],"wp:term":[{"taxonomy":"product_brand","embeddable":true,"href":"https:\/\/ksiegarnia-akademicka.pl\/index.php\/wp-json\/wp\/v2\/product_brand?post=16408"},{"taxonomy":"product_cat","embeddable":true,"href":"https:\/\/ksiegarnia-akademicka.pl\/index.php\/wp-json\/wp\/v2\/product_cat?post=16408"},{"taxonomy":"product_tag","embeddable":true,"href":"https:\/\/ksiegarnia-akademicka.pl\/index.php\/wp-json\/wp\/v2\/product_tag?post=16408"}],"curies":[{"name":"wp","href":"https:\/\/api.w.org\/{rel}","templated":true}]}}