{"id":16326,"date":"2023-02-23T10:18:19","date_gmt":"2023-02-23T09:18:19","guid":{"rendered":"http:\/\/ksiegarnia-akademicka.pl\/?post_type=product&#038;p=16326"},"modified":"2023-02-23T10:18:20","modified_gmt":"2023-02-23T09:18:20","slug":"compliance-w-spolkach-publicznych-praktyczny-przewodnik","status":"publish","type":"product","link":"https:\/\/ksiegarnia-akademicka.pl\/index.php\/product\/compliance-w-spolkach-publicznych-praktyczny-przewodnik\/","title":{"rendered":"Compliance w sp\u00f3\u0142kach publicznych. Praktyczny przewodnik"},"content":{"rendered":"<p>Autor:<br \/>\nAgnieszka Nalazek<br \/>\nWydawca: Wolters Kluwer<br \/>\nOprawa: Mi\u0119kka<br \/>\nFormat: 17.6&#215;25.0cm<br \/>\nLiczba stron: 668<br \/>\nWydanie: 1<br \/>\nRok wydania: 2023<br \/>\nJ\u0119zyk wydania: polski<\/p>\n<p>W publikacji przedstawiono praktyczne aspekty zwi\u0105zane z utworzeniem i utrzymywaniem skutecznych rozwi\u0105za\u0144 i \u015brodk\u00f3w stosowanych przez sp\u00f3\u0142ki publiczne. Ma to na celu zapewnienie zgodno\u015bci ich dzia\u0142ania w zakresie realizacji wymaga\u0144 wynikaj\u0105cych zar\u00f3wno z przepis\u00f3w prawa, jak i norm spo\u0142ecznych oraz etycznych, regulacji i standard\u00f3w post\u0119powania, kt\u00f3re dobrowolnie przyjmuj\u0105 do stosowania. Sformalizowany zesp\u00f3\u0142 powi\u0105zanych rozwi\u0105za\u0144 organizacyjnych i proceduralnych, kt\u00f3rego przedmiotem jest zapewnienie zgodno\u015bci dzia\u0142ania danego podmiotu, okre\u015blany jest systemem compliance.<\/p>\n<p>Opracowanie jest kompleksowym poradnikiem po zasadach i zaleceniach dotycz\u0105cych utworzenia i utrzymywania skutecznie funkcjonuj\u0105cych system\u00f3w zapewnienia zgodno\u015bci dzia\u0142ania. Zaprezentowano w nim wiele przyk\u0142ad\u00f3w rozwi\u0105za\u0144 i narz\u0119dzi zmierzaj\u0105cych do minimalizacji ryzyka braku zgodno\u015bci. Szeroko odwo\u0142ywano si\u0119 do Dobrych Praktyk Sp\u00f3\u0142ek Notowanych na Gie\u0142dzie Papier\u00f3w Warto\u015bciowych 2021 i najnowszej normy ISO 37301, jak r\u00f3wnie\u017c komunikat\u00f3w i stanowisk Europejskiego Urz\u0119du Nadzoru Gie\u0142d i Papier\u00f3w Warto\u015bciowych, Komisji Nadzoru Finansowego oraz Gie\u0142dy Papier\u00f3w Warto\u015bciowych w Warszawie S.A.<br \/>\nWdro\u017cenie skutecznego systemu compliance jest szczeg\u00f3lnie istotne dla zarz\u0105d\u00f3w sp\u00f3\u0142ek publicznych i ich mened\u017cer\u00f3w odpowiedzialnych za nale\u017cyte dzia\u0142anie organizacji, a tak\u017ce dla rad nadzorczych, kt\u00f3re powinny aktywnie bra\u0107 udzia\u0142 w zapewnieniu zgodno\u015bci dzia\u0142ania sp\u00f3\u0142ki, w tym zmniejszaniu ryzyka wyst\u0105pienia nadu\u017cy\u0107. Transparentno\u015b\u0107 i zgodno\u015b\u0107 dzia\u0142ania sp\u00f3\u0142ek publicznych sprzyja budowaniu d\u0142ugoterminowego zaufania na rynku kapita\u0142owym.<\/p>\n<p>W przypadku sp\u00f3\u0142ek publicznych nawi\u0105zuj\u0105cych relacje mi\u0119dzynarodowe posiadanie tego typu rozwi\u0105za\u0144 jest nieodzowne z uwagi na wymogi regulacyjne innych pa\u0144stw. Obszar ten staje si\u0119 r\u00f3wnie\u017c coraz bardziej istotny w polskiej rzeczywisto\u015bci gospodarczej. Tocz\u0105ce si\u0119 prace legislacyjne dotycz\u0105ce odpowiedzialno\u015bci podmiot\u00f3w zbiorowych za czyny zabronione pod gro\u017ab\u0105 kary przewiduj\u0105, \u017ce o nieprawid\u0142owo\u015bci w organizacji dzia\u0142alno\u015bci podmiotu, kt\u00f3ra u\u0142atwi\u0142a lub umo\u017cliwi\u0142a pope\u0142nienie czynu zabronionego, mo\u017ce \u015bwiadczy\u0107 m.in. brak okre\u015blonej osoby lub kom\u00f3rki organizacyjnej nadzoruj\u0105cej przestrzeganie zgodno\u015bci, jak r\u00f3wnie\u017c brak okre\u015blenia zasad post\u0119powania na wypadek zagro\u017cenia pope\u0142nienia czynu zabronionego lub skutk\u00f3w niezachowania regu\u0142 ostro\u017cno\u015bci.<\/p>\n<p>Ksi\u0105\u017cka jest przeznaczona dla adwokat\u00f3w, radc\u00f3w prawnych, pracownik\u00f3w dzia\u0142\u00f3w kadr, sprzeda\u017cy, marketingu i PR, mened\u017cer\u00f3w sp\u00f3\u0142ek publicznych, sp\u00f3\u0142ek wchodz\u0105cych w sk\u0142ad grup kapita\u0142owych, sp\u00f3\u0142ek kapita\u0142owych chc\u0105cych wdro\u017cy\u0107 lub posiadaj\u0105cych systemy compliance, dyrektor\u00f3w jednostek organizacyjnych, cz\u0142onk\u00f3w zarz\u0105d\u00f3w, rad nadzorczych, a tak\u017ce przedsi\u0119biorc\u00f3w, kt\u00f3rzy chc\u0105 wdro\u017cy\u0107 w swoich organizacjach system compliance.<\/p>\n","protected":false},"excerpt":{"rendered":"<p>Autor: Agnieszka Nalazek Wydawca: Wolters Kluwer Oprawa: Mi\u0119kka Format: 17.6&#215;25.0cm [&hellip;]<\/p>\n","protected":false},"featured_media":16327,"template":"","meta":[],"product_brand":[],"product_cat":[7495,18],"product_tag":[428,429],"class_list":{"0":"post-16326","1":"product","2":"type-product","3":"status-publish","4":"has-post-thumbnail","6":"product_cat-gospodarcze-i-handlowe","7":"product_cat-prawo","8":"product_tag-prawo-gospodarcze","9":"product_tag-prawo-handlowe","11":"first","12":"instock","13":"sale","14":"shipping-taxable","15":"purchasable","16":"product-type-simple"},"_links":{"self":[{"href":"https:\/\/ksiegarnia-akademicka.pl\/index.php\/wp-json\/wp\/v2\/product\/16326","targetHints":{"allow":["GET"]}}],"collection":[{"href":"https:\/\/ksiegarnia-akademicka.pl\/index.php\/wp-json\/wp\/v2\/product"}],"about":[{"href":"https:\/\/ksiegarnia-akademicka.pl\/index.php\/wp-json\/wp\/v2\/types\/product"}],"wp:featuredmedia":[{"embeddable":true,"href":"https:\/\/ksiegarnia-akademicka.pl\/index.php\/wp-json\/wp\/v2\/media\/16327"}],"wp:attachment":[{"href":"https:\/\/ksiegarnia-akademicka.pl\/index.php\/wp-json\/wp\/v2\/media?parent=16326"}],"wp:term":[{"taxonomy":"product_brand","embeddable":true,"href":"https:\/\/ksiegarnia-akademicka.pl\/index.php\/wp-json\/wp\/v2\/product_brand?post=16326"},{"taxonomy":"product_cat","embeddable":true,"href":"https:\/\/ksiegarnia-akademicka.pl\/index.php\/wp-json\/wp\/v2\/product_cat?post=16326"},{"taxonomy":"product_tag","embeddable":true,"href":"https:\/\/ksiegarnia-akademicka.pl\/index.php\/wp-json\/wp\/v2\/product_tag?post=16326"}],"curies":[{"name":"wp","href":"https:\/\/api.w.org\/{rel}","templated":true}]}}