{"id":16306,"date":"2023-02-15T08:50:49","date_gmt":"2023-02-15T07:50:49","guid":{"rendered":"http:\/\/ksiegarnia-akademicka.pl\/?post_type=product&#038;p=16306"},"modified":"2023-02-15T08:50:49","modified_gmt":"2023-02-15T07:50:49","slug":"konektografia-mapowanie-przyszlosci-cywilizacji-globalnej","status":"publish","type":"product","link":"https:\/\/ksiegarnia-akademicka.pl\/index.php\/product\/konektografia-mapowanie-przyszlosci-cywilizacji-globalnej\/","title":{"rendered":"Konektografia. Mapowanie przysz\u0142o\u015bci cywilizacji globalnej"},"content":{"rendered":"<p>Autor:<br \/>\nParag Khanna<br \/>\nT\u0142umacze: Litak Eliza<br \/>\nWydawca: Wydawnictwo Nowej Konfederacji<br \/>\nOprawa: Mi\u0119kka ze skrzyde\u0142kami<br \/>\nFormat: 15.0&#215;21.0cm<br \/>\nLiczba stron: 734<br \/>\nRok wydania: 2022<br \/>\nJ\u0119zyk wydania: polski<\/p>\n<p>Parag Khanna przedstawia wizjonerski przewodnik po przysz\u0142o\u015bci kszta\u0142towanej nie tyle przez granice pa\u0144stw, ile przez globalne \u0142a\u0144cuchy dostaw w my\u015bl za\u0142o\u017cenia, \u017ce \u0142\u0105czno\u015b\u0107 to najbardziej rewolucyjna si\u0142a XXI wieku. Ludzie przebudowuj\u0105 planet\u0119, inwestuj\u0105c w infrastruktur\u0119 transportow\u0105, energetyczn\u0105 i komunikacyjn\u0105, \u0142\u0105cz\u0105c\u0105 \u015bwiatowe megamiasta. Ma to g\u0142\u0119bokie konsekwencje dla geopolityki, ekonomii, demografii, \u015brodowiska i to\u017csamo\u015bci spo\u0142ecznej.<\/p>\n<p>Autor podr\u00f3\u017cuje z Ukrainy do Iranu, z Mongolii do Korei P\u00f3\u0142nocnej, z Pakistanu do Nigerii oraz przez ko\u0142o podbiegunowe i Morze Po\u0142udniowochi\u0144skie, aby wyja\u015bni\u0107 szybkie i bezprecedensowe zmiany w ka\u017cdej cz\u0119\u015bci planety. Twierdzi, \u017ce nowe odkrycia i technologie energetyczne wyeliminowa\u0142y potrzeb\u0119 wojen o zasoby, a korytarze transportowe i sieci energetyczne rozbijaj\u0105 dawne granice. Jednocze\u015bnie pr\u0119\u017cnie rozwijaj\u0105ce si\u0119 centra dodaj\u0105 dynamiki g\u0119sto zaludnionym regionom, a szybko rozwijaj\u0105ce si\u0119 \u015bwiatowe aktywa finansowe s\u0105 inwestowane w budowanie globalnego spo\u0142ecze\u0144stwa sprzyjaj\u0105cego w\u0142\u0105czeniu spo\u0142ecznemu. Pod chaosem \u015bwiata, kt\u00f3ry wydaje si\u0119 rozpada\u0107, kryje si\u0119 nowa podstawa \u0142\u0105czno\u015bci, kt\u00f3ra go \u0142\u0105czy.<\/p>\n","protected":false},"excerpt":{"rendered":"<p>Autor: Parag Khanna T\u0142umacze: Litak Eliza Wydawca: Wydawnictwo Nowej Konfederacji [&hellip;]<\/p>\n","protected":false},"featured_media":16307,"template":"","meta":[],"product_brand":[],"product_cat":[32,17,33,7499,27,7507],"product_tag":[551,222,74],"class_list":{"0":"post-16306","1":"product","2":"type-product","3":"status-publish","4":"has-post-thumbnail","6":"product_cat-biznes","7":"product_cat-ekonomia","8":"product_cat-handel","9":"product_cat-makro-i-mikroekonomia","10":"product_cat-nauki-spoleczne","11":"product_cat-politologia","12":"product_tag-globalizacja","13":"product_tag-handel-miedzynarodowy","14":"product_tag-politologia","16":"first","17":"instock","18":"sale","19":"shipping-taxable","20":"purchasable","21":"product-type-simple"},"_links":{"self":[{"href":"https:\/\/ksiegarnia-akademicka.pl\/index.php\/wp-json\/wp\/v2\/product\/16306","targetHints":{"allow":["GET"]}}],"collection":[{"href":"https:\/\/ksiegarnia-akademicka.pl\/index.php\/wp-json\/wp\/v2\/product"}],"about":[{"href":"https:\/\/ksiegarnia-akademicka.pl\/index.php\/wp-json\/wp\/v2\/types\/product"}],"wp:featuredmedia":[{"embeddable":true,"href":"https:\/\/ksiegarnia-akademicka.pl\/index.php\/wp-json\/wp\/v2\/media\/16307"}],"wp:attachment":[{"href":"https:\/\/ksiegarnia-akademicka.pl\/index.php\/wp-json\/wp\/v2\/media?parent=16306"}],"wp:term":[{"taxonomy":"product_brand","embeddable":true,"href":"https:\/\/ksiegarnia-akademicka.pl\/index.php\/wp-json\/wp\/v2\/product_brand?post=16306"},{"taxonomy":"product_cat","embeddable":true,"href":"https:\/\/ksiegarnia-akademicka.pl\/index.php\/wp-json\/wp\/v2\/product_cat?post=16306"},{"taxonomy":"product_tag","embeddable":true,"href":"https:\/\/ksiegarnia-akademicka.pl\/index.php\/wp-json\/wp\/v2\/product_tag?post=16306"}],"curies":[{"name":"wp","href":"https:\/\/api.w.org\/{rel}","templated":true}]}}