{"id":16261,"date":"2023-02-09T10:32:49","date_gmt":"2023-02-09T09:32:49","guid":{"rendered":"http:\/\/ksiegarnia-akademicka.pl\/?post_type=product&#038;p=16261"},"modified":"2023-02-09T10:32:50","modified_gmt":"2023-02-09T09:32:50","slug":"karta-nauczyciela-komentarz-3","status":"publish","type":"product","link":"https:\/\/ksiegarnia-akademicka.pl\/index.php\/product\/karta-nauczyciela-komentarz-3\/","title":{"rendered":"Karta Nauczyciela Komentarz"},"content":{"rendered":"<p>Autor:<br \/>\nMarek M\u0142odecki<br \/>\nWydawca: ODDK<br \/>\nOprawa: Mi\u0119kka<br \/>\nLiczba stron: 464<br \/>\nWydanie: 1<br \/>\nRok wydania: 2023<\/p>\n<p>Ustawa z dnia 26 stycznia 1982 r. \u2013 Karta Nauczyciela stanowi pragmatyk\u0119 pracownicz\u0105 szczeg\u00f3lnej grupy zawodowej, jak\u0105 s\u0105 nauczyciele. Przepisy wskazanej ustawy nie reguluj\u0105 materii praw i obowi\u0105zk\u00f3w nauczycieli w spos\u00f3b wyczerpuj\u0105cy, a zatem dla pe\u0142nej oceny statusu prawnego nauczyciela jako pracownika konieczne jest si\u0119ganie r\u00f3wnie\u017c do innych akt\u00f3w prawnych.<\/p>\n<p>Przedstawiamy komentarz, w kt\u00f3rym Autor szczeg\u00f3\u0142owo analizuje ka\u017cdy artyku\u0142 Karty Nauczyciela, w tym zw\u0142aszcza przepisy, kt\u00f3re mimo wielu lat obowi\u0105zywania Karty nadal budz\u0105 w\u0105tpliwo\u015bci interpretacyjne lub doczeka\u0142y si\u0119 obszernego orzecznictwa. Wyja\u015bnienia Autora, uwzgl\u0119dniaj\u0105ce pogl\u0105dy doktryny oraz poparte orzecznictwem, pozwalaj\u0105 zrozumie\u0107 wszystkie zagadnienia omawianej ustawy.<\/p>\n<p>Komentarz uwzgl\u0119dnia wa\u017cne zmiany, wprowadzone ostatni\u0105, obszern\u0105 nowelizacj\u0105, kt\u00f3re wesz\u0142y w \u017cycie w dniu 1 wrze\u015bnia 2022 r. na mocy ustawy z dnia 5 sierpnia 2022 r. o zmianie ustawy \u2013 Karta Nauczyciela oraz niekt\u00f3rych innych ustaw (Dz.U. z 2022 r. poz.1730).<\/p>\n","protected":false},"excerpt":{"rendered":"<p>Autor: Marek M\u0142odecki Wydawca: ODDK Oprawa: Mi\u0119kka Liczba stron: 464 [&hellip;]<\/p>\n","protected":false},"featured_media":16262,"template":"","meta":[],"product_brand":[],"product_cat":[7492,18,7550],"product_tag":[485,793,45],"class_list":{"0":"post-16261","1":"product","2":"type-product","3":"status-publish","4":"has-post-thumbnail","6":"product_cat-administracyjne","7":"product_cat-prawo","8":"product_cat-prawo-pracy","9":"product_tag-prawo-administracyjne","10":"product_tag-prawo-pracy","11":"product_tag-szkolnictwo","13":"first","14":"instock","15":"sale","16":"shipping-taxable","17":"purchasable","18":"product-type-simple"},"_links":{"self":[{"href":"https:\/\/ksiegarnia-akademicka.pl\/index.php\/wp-json\/wp\/v2\/product\/16261","targetHints":{"allow":["GET"]}}],"collection":[{"href":"https:\/\/ksiegarnia-akademicka.pl\/index.php\/wp-json\/wp\/v2\/product"}],"about":[{"href":"https:\/\/ksiegarnia-akademicka.pl\/index.php\/wp-json\/wp\/v2\/types\/product"}],"wp:featuredmedia":[{"embeddable":true,"href":"https:\/\/ksiegarnia-akademicka.pl\/index.php\/wp-json\/wp\/v2\/media\/16262"}],"wp:attachment":[{"href":"https:\/\/ksiegarnia-akademicka.pl\/index.php\/wp-json\/wp\/v2\/media?parent=16261"}],"wp:term":[{"taxonomy":"product_brand","embeddable":true,"href":"https:\/\/ksiegarnia-akademicka.pl\/index.php\/wp-json\/wp\/v2\/product_brand?post=16261"},{"taxonomy":"product_cat","embeddable":true,"href":"https:\/\/ksiegarnia-akademicka.pl\/index.php\/wp-json\/wp\/v2\/product_cat?post=16261"},{"taxonomy":"product_tag","embeddable":true,"href":"https:\/\/ksiegarnia-akademicka.pl\/index.php\/wp-json\/wp\/v2\/product_tag?post=16261"}],"curies":[{"name":"wp","href":"https:\/\/api.w.org\/{rel}","templated":true}]}}