{"id":16212,"date":"2023-01-27T15:18:09","date_gmt":"2023-01-27T14:18:09","guid":{"rendered":"http:\/\/ksiegarnia-akademicka.pl\/?post_type=product&#038;p=16212"},"modified":"2023-01-27T15:18:10","modified_gmt":"2023-01-27T14:18:10","slug":"immunologia-podstawowe-zagadnienia-i-aktualnosci","status":"publish","type":"product","link":"https:\/\/ksiegarnia-akademicka.pl\/index.php\/product\/immunologia-podstawowe-zagadnienia-i-aktualnosci\/","title":{"rendered":"Immunologia Podstawowe zagadnienia i aktualno\u015bci"},"content":{"rendered":"<p>Autor:<br \/>\nWitold Lasek<br \/>\nWydawca: Wydawnictwo Naukowe PWN<br \/>\nOprawa: Mi\u0119kka<br \/>\nFormat: 16.4&#215;23.4<br \/>\nLiczba stron: 264<br \/>\nRok wydania: 2021<br \/>\nJ\u0119zyk wydania: polski<\/p>\n<p>Zagadnienia u\u0142o\u017cone w formie zestawu pyta\u0144, zawieraj\u0105cych jedn\u0105 lub dwie prawid\u0142owe odpowiedzi.<\/p>\n<p>Podstawowym celem podr\u0119cznika jest weryfikacja i uzupe\u0142nienie wcze\u015bniej przyswojonej wiedzy immunologicznej. U\u0142atwiaj\u0105 to komentarze, liczne wielobarwne ryciny, adresy internetowe oraz wybrane najnowsze pi\u015bmiennictwo. Podano informacje dotycz\u0105ce historii immunologii, a tak\u017ce ciekawostki odnosz\u0105ce si\u0119 do zjawisk immunologicznych.<br \/>\nObecne nowe wydanie ksi\u0105\u017cki zosta\u0142o wzbogacone o dodatkowe pytania, ryciny i tabele. Uaktualniono r\u00f3wnie\u017c adresy internetowe i cytowania artyku\u0142\u00f3w naukowych. Nowo\u015bci\u0105 jest wprowadzenie na pocz\u0105tku kilku rozdzia\u0142\u00f3w podsumowa\u0144 najnowszych trend\u00f3w i aktualno\u015bci z danych dziedzin immunologii.<\/p>\n<p>Publikacja jest przeznaczona dla lekarzy medycyny i weterynarii, biolog\u00f3w, student\u00f3w uczelni medycznych i uniwersytet\u00f3w oraz wszystkich tych, kt\u00f3rzy chc\u0105 sprawdzi\u0107 i uzupe\u0142ni\u0107 sw\u0105 wiedz\u0119 z zakresu immunologii.<\/p>\n","protected":false},"excerpt":{"rendered":"<p>Autor: Witold Lasek Wydawca: Wydawnictwo Naukowe PWN Oprawa: Mi\u0119kka Format: [&hellip;]<\/p>\n","protected":false},"featured_media":16213,"template":"","meta":[],"product_brand":[],"product_cat":[7964,8142,7493],"product_tag":[6693],"class_list":{"0":"post-16212","1":"product","2":"type-product","3":"status-publish","4":"has-post-thumbnail","6":"product_cat-biochemia","7":"product_cat-interna","8":"product_cat-medycyna","9":"product_tag-immunologia","11":"first","12":"instock","13":"sale","14":"shipping-taxable","15":"purchasable","16":"product-type-simple"},"_links":{"self":[{"href":"https:\/\/ksiegarnia-akademicka.pl\/index.php\/wp-json\/wp\/v2\/product\/16212","targetHints":{"allow":["GET"]}}],"collection":[{"href":"https:\/\/ksiegarnia-akademicka.pl\/index.php\/wp-json\/wp\/v2\/product"}],"about":[{"href":"https:\/\/ksiegarnia-akademicka.pl\/index.php\/wp-json\/wp\/v2\/types\/product"}],"wp:featuredmedia":[{"embeddable":true,"href":"https:\/\/ksiegarnia-akademicka.pl\/index.php\/wp-json\/wp\/v2\/media\/16213"}],"wp:attachment":[{"href":"https:\/\/ksiegarnia-akademicka.pl\/index.php\/wp-json\/wp\/v2\/media?parent=16212"}],"wp:term":[{"taxonomy":"product_brand","embeddable":true,"href":"https:\/\/ksiegarnia-akademicka.pl\/index.php\/wp-json\/wp\/v2\/product_brand?post=16212"},{"taxonomy":"product_cat","embeddable":true,"href":"https:\/\/ksiegarnia-akademicka.pl\/index.php\/wp-json\/wp\/v2\/product_cat?post=16212"},{"taxonomy":"product_tag","embeddable":true,"href":"https:\/\/ksiegarnia-akademicka.pl\/index.php\/wp-json\/wp\/v2\/product_tag?post=16212"}],"curies":[{"name":"wp","href":"https:\/\/api.w.org\/{rel}","templated":true}]}}