{"id":16186,"date":"2023-01-23T15:40:37","date_gmt":"2023-01-23T14:40:37","guid":{"rendered":"http:\/\/ksiegarnia-akademicka.pl\/?post_type=product&#038;p=16186"},"modified":"2024-12-05T09:02:33","modified_gmt":"2024-12-05T08:02:33","slug":"podroze-sluzbowe-praktyczna-analiza-przepisow-z-przykladami-rozliczen-wzory-do-pobrania","status":"publish","type":"product","link":"https:\/\/ksiegarnia-akademicka.pl\/index.php\/product\/podroze-sluzbowe-praktyczna-analiza-przepisow-z-przykladami-rozliczen-wzory-do-pobrania\/","title":{"rendered":"Podr\u00f3\u017ce s\u0142u\u017cbowe. Praktyczna analiza przepis\u00f3w z przyk\u0142adami rozlicze\u0144 + wzory do pobrania"},"content":{"rendered":"<p>Autor: Marek Rotkiewicz<br \/>\nWydawnictwo: C.H. Beck<br \/>\nSeria: Prawo w praktyce<br \/>\nRok wydania: 2023<br \/>\nWydanie: 3<br \/>\nOprawa: Mi\u0119kka ze skrzyde\u0142kami<br \/>\nLiczba stron: 206<br \/>\nWymiary: 165&#215;238 mm<br \/>\nWaga: 360 g<br \/>\nISBN: 978-83-8291-456-6<\/p>\n<p>Kompleksowe i praktyczne opracowanie dotycz\u0105ce wyjazd\u00f3w s\u0142u\u017cbowych pracownik\u00f3w.<\/p>\n<p>W publikacji zosta\u0142y om\u00f3wione wszystkie aspekty delegacji, poczynaj\u0105c od samego kwalifikowania okre\u015blonych wyjazd\u00f3w jako podr\u00f3\u017cy s\u0142u\u017cbowych, poprzez problematyk\u0119 czasu pracy podczas wyjazdu s\u0142u\u017cbowego, a\u017c po bardzo istotne zagadnienie \u015bwiadcze\u0144 nale\u017cnych pracownikom w zwi\u0105zku z wyjazdem i ich rozliczaniem. Niew\u0105tpliwym atutem ksi\u0105\u017cki jest bardzo du\u017ca liczba przyk\u0142ad\u00f3w obrazuj\u0105cych omawiane zagadnienia oraz przedstawienie wielu orzecze\u0144 s\u0105dowych oraz interpretacji organ\u00f3w skarbowych dotycz\u0105cych tej tematyki.<\/p>\n<p>W ksi\u0105\u017cce om\u00f3wione zosta\u0142y zmiany w zakresie podr\u00f3\u017cy s\u0142u\u017cbowych wprowadzone w 2022 r.:<\/p>\n<p>nowa stawka diety i konsekwencje jej wprowadzenia rozporz\u0105dzeniem MRiPS z 25.10.2022 r. zmieniaj\u0105cym rozporz\u0105dzenie w sprawie nale\u017cno\u015bci przys\u0142uguj\u0105cych pracownikowi zatrudnionemu w pa\u0144stwowej lub samorz\u0105dowej jednostce sfery bud\u017cetowej z tytu\u0142u podr\u00f3\u017cy s\u0142u\u017cbowej (Dz.U. z 2022 r. poz. 2302), kt\u00f3re w zakresie nowej stawki diety w krajowych podr\u00f3\u017cach s\u0142u\u017cbowych wejdzie w \u017cycie 1.1.2023 r.;<br \/>\nnowe stawki tzw. kilometr\u00f3wki, kt\u00f3re zaczn\u0105 obowi\u0105zywa\u0107 w 2023 r. zgodnie z projektem rozporz\u0105dzenia zmieniaj\u0105cego rozporz\u0105dzenie w sprawie warunk\u00f3w ustalania oraz sposobu dokonywania zwrotu koszt\u00f3w u\u017cywania do cel\u00f3w s\u0142u\u017cbowych samochod\u00f3w osobowych, motocykli i motorower\u00f3w nieb\u0119d\u0105cych w\u0142asno\u015bci\u0105 pracodawcy (projekt datowany na 25.11.2022 r.), kt\u00f3re wprost wp\u0142ywaj\u0105 na g\u00f3rn\u0105 granic\u0119 rozliczenia przebiegu pojazdu przy wyjazdach s\u0142u\u017cbowych pojazdami nieb\u0119d\u0105cymi w\u0142asno\u015bci\u0105 pracodawcy;<br \/>\nnowa definicja podro\u017cy s\u0142u\u017cbowej kierowc\u00f3w wy\u0142\u0105czaj\u0105ca spod poj\u0119cia podr\u00f3\u017cy s\u0142u\u017cbowej przewozy mi\u0119dzynarodowe, co w istotny spos\u00f3b przek\u0142ada si\u0119 na \u015bwiadczenia nale\u017cne kierowcy w zwi\u0105zku z wyjazdem oraz na zwolnienia podatkowo- ubezpieczeniowe odnosz\u0105ce si\u0119 do cz\u0119\u015bci wynagrodzenia kierowcy.<br \/>\nNajwa\u017cniejsze atuty ksi\u0105\u017cki:<\/p>\n<p>szczeg\u00f3\u0142owe om\u00f3wienie poj\u0119cia podr\u00f3\u017cy s\u0142u\u017cbowej, ze wskazaniem na wyjazdy maj\u0105ce taki charakter oraz wyjazdy, kt\u00f3rych nie mo\u017cna zakwalifikowa\u0107 jako delegacji;<br \/>\nszeroka analiza zagadnienia podr\u00f3\u017cy s\u0142u\u017cbowych kierowc\u00f3w po rewolucyjnych zmianach w tym zakresie wprowadzonych w 2022 r.;<br \/>\nprzedstawienie praktycznych zasad rozliczania czasu pracy podczas podr\u00f3\u017cy, jak r\u00f3wnie\u017c mo\u017cliwo\u015bci zmian pewnych regulacji wewn\u0119trznych tego dotycz\u0105cych;<br \/>\nszczeg\u00f3\u0142owe om\u00f3wienie \u015bwiadcze\u0144 nale\u017cnych pracownikowi w zwi\u0105zku z podr\u00f3\u017c\u0105 s\u0142u\u017cbow\u0105 \u2013 znaczna cz\u0119\u015b\u0107 ksi\u0105\u017cki dotyczy sposobu ustalania, naliczania i dokonywania takich rozlicze\u0144;<br \/>\nwyczerpuj\u0105ce om\u00f3wienie \u2013 trudnej w praktyce \u2013 kwestii rozliczania czasu pracy \u2013 np. cz\u0119\u015bci podr\u00f3\u017cy wliczane i niewliczane do czasu pracy, wyjazdy w dniach wolnych, odpoczynki minimalne w podr\u00f3\u017cy s\u0142u\u017cbowej.<br \/>\nPublikacja obejmuje swoim zakresem wszystkie aspekty zwi\u0105zane z wyjazdami s\u0142u\u017cbowymi pracownik\u00f3w. Wyjazdy takie, powszechnie wyst\u0119puj\u0105ce, poci\u0105gaj\u0105 za sob\u0105 bardzo liczne problemy. W publikacji Czytelnik z pewno\u015bci\u0105 znajdzie odpowiedzi na znaczn\u0105 cz\u0119\u015b\u0107 pyta\u0144 zwi\u0105zanych z podr\u00f3\u017cami s\u0142u\u017cbowymi, kt\u00f3re pojawiaj\u0105 si\u0119 w praktyce. Om\u00f3wione w niej zosta\u0142y wszystkie aspekty delegacji, takie jak:<\/p>\n<p>poj\u0119cie podr\u00f3\u017cy s\u0142u\u017cbowej,<br \/>\nodr\u0119bne poj\u0119cie podr\u00f3\u017cy kierowc\u00f3w i konsekwencje takiego wyodr\u0119bnienia, w tym konsekwencje obj\u0119cia poj\u0119ciem podr\u00f3\u017cy s\u0142u\u017cbowych tylko przewoz\u00f3w krajowych,<br \/>\nproblematyka rozliczania czasu pracy podczas wyjazd\u00f3w delegacyjnych,<br \/>\npracowniczy obowi\u0105zek udania si\u0119 w podr\u00f3\u017c,<br \/>\ntre\u015b\u0107 polecenia wyjazdu w delegacj\u0119,<br \/>\n\u015bwiadczenia z tytu\u0142u krajowych i zagranicznych podr\u00f3\u017cy s\u0142u\u017cbowych,<br \/>\nterminy rozlicze\u0144,<br \/>\nzakres niezb\u0119dnych i pomocnych dokument\u00f3w.<br \/>\nNiew\u0105tpliwym atutem ksi\u0105\u017cki s\u0105 liczne przyk\u0142ady. Ponadto w ksi\u0105\u017cce wykorzystano szeroko dost\u0119pne stanowiska urz\u0119dowe dotycz\u0105ce podr\u00f3\u017cy s\u0142u\u017cbowych, wydawane przez resort pracy, Pa\u0144stwow\u0105 Inspekcj\u0119 Pracy, jak r\u00f3wnie\u017c liczne interpretacje organ\u00f3w skarbowych oraz orzecznictwo s\u0105dowe.<\/p>\n<p>Jednym z istotnych element\u00f3w ksi\u0105\u017cki s\u0105 wzory dokument\u00f3w zwi\u0105zanych z podr\u00f3\u017cami s\u0142u\u017cbowymi, w tym instrukcje i regulaminy wewn\u0105trzzak\u0142adowe.<\/p>\n<p>W ksi\u0105\u017cce Czytelnik znajdzie odpowiedzi na wiele praktycznych pyta\u0144 zwi\u0105zanych z podr\u00f3\u017cami s\u0142u\u017cbowymi, m.in.:<\/p>\n<p>Jakie wyjazdy stanowi\u0105 podr\u00f3\u017c s\u0142u\u017cbow\u0105, a jakie nie mog\u0105 by\u0107 w ten spos\u00f3b traktowane?<br \/>\nW jaki spos\u00f3b okre\u015bli\u0107 podr\u00f3\u017c s\u0142u\u017cbow\u0105 kierowcy i kiedy si\u0119 ona zaczyna?<br \/>\nDo kt\u00f3rych pracownik\u00f3w stosujemy odr\u0119bn\u0105 definicj\u0119 podr\u00f3\u017cy s\u0142u\u017cbowej zawart\u0105 w ustawie o czasie pracy kierowc\u00f3w?<br \/>\nCzy do wszystkich kierowc\u00f3w stosujemy wy\u0142\u0105czenie spod poj\u0119cia podr\u00f3\u017cy s\u0142u\u017cbowej wyjazd\u00f3w zagranicznych?<br \/>\nCzy za odcinki krajowe przejazdu kierowcy w trakcie przewozu mi\u0119dzynarodowego przys\u0142uguj\u0105 \u015bwiadczenia za czas podr\u00f3\u017cy s\u0142u\u017cbowej?<br \/>\nJaka cz\u0119\u015b\u0107 wynagrodzenia kierowcy wykonuj\u0105cego przew\u00f3z mi\u0119dzynarodowy jest wolna od podatku dochodowego i sk\u0142adek na ubezpieczenia spo\u0142eczne?<br \/>\nJak rozlicza\u0107 czas pracy podczas podr\u00f3\u017cy s\u0142u\u017cbowej?<br \/>\nJak w kontek\u015bcie czasu pracy rozlicza\u0107 podr\u00f3\u017ce w dniach wolnych od pracy?<br \/>\nCzy przejazd w podr\u00f3\u017cy w niedziel\u0119 oznacza prac\u0119 w niedziel\u0119 i konieczno\u015b\u0107 oddania dnia wolnego od pracy?<br \/>\nJakie \u015bwiadczenia przys\u0142uguj\u0105 pracownikom w zwi\u0105zku z delegacj\u0105 krajow\u0105 i zagraniczn\u0105?<br \/>\nCzy koszt dojazdu na dworzec czy lotnisko w miejscowo\u015bci rozpocz\u0119cia podr\u00f3\u017cy s\u0142u\u017cbowej podlega rozliczeniu na podstawie przepis\u00f3w o podr\u00f3\u017cach s\u0142u\u017cbowych?<br \/>\nJakie dokumenty pracownik powinien przedstawi\u0107 przy rozliczaniu delegacji?<br \/>\nW jakim terminie pracodawca powinien wyp\u0142aci\u0107 pracownikowi nale\u017cno\u015bci zwi\u0105zane z podr\u00f3\u017c\u0105 s\u0142u\u017cbow\u0105?<br \/>\nJakie s\u0105 mo\u017cliwe granice zmian \u015bwiadcze\u0144 delegacyjnych w przepisach wewn\u0119trznych?<br \/>\nCzy mo\u017cna wprowadzi\u0107 w regulaminie wynagradzania ni\u017cszy rycza\u0142t noclegowy ni\u017c ten wynikaj\u0105cy z rozporz\u0105dzenia o podr\u00f3\u017cach s\u0142u\u017cbowych?<br \/>\nCzy zmieniona dieta obowi\u0105zuje pomimo braku zmiany regulaminu wynagradzania?<br \/>\nIle wynosi g\u00f3rna granica rozliczenia koszt\u00f3w przejazd\u00f3w pojazdami nieb\u0119d\u0105cymi w\u0142asno\u015bci\u0105 pracodawcy?<br \/>\nDodatkowo w ksi\u0105\u017cce zamieszczone s\u0105 nast\u0119puj\u0105ce wzory dokument\u00f3w:<\/p>\n<p>o\u015bwiadczenie pracownika o okoliczno\u015bciach maj\u0105cych wp\u0142yw na prawo do diet i innych nale\u017cno\u015bci z tytu\u0142u podr\u00f3\u017cy s\u0142u\u017cbowej;<br \/>\nwewn\u0119trzna procedura dotycz\u0105ca podr\u00f3\u017cy s\u0142u\u017cbowych w jednostce bud\u017cetowej;<br \/>\npolecenie wyjazdu w podr\u00f3\u017c s\u0142u\u017cbow\u0105;<br \/>\nrachunek koszt\u00f3w podr\u00f3\u017cy na terenie kraju;<br \/>\nrozliczenie koszt\u00f3w zagranicznej podr\u00f3\u017cy s\u0142u\u017cbowej;<br \/>\nregulamin wyjazd\u00f3w s\u0142u\u017cbowych.<\/p>\n","protected":false},"excerpt":{"rendered":"<p>Autor: Marek Rotkiewicz Wydawnictwo: C.H. Beck Seria: Prawo w praktyce [&hellip;]<\/p>\n","protected":false},"featured_media":16187,"template":"","meta":[],"product_brand":[],"product_cat":[18,7550],"product_tag":[735,793,5800],"class_list":{"0":"post-16186","1":"product","2":"type-product","3":"status-publish","4":"has-post-thumbnail","6":"product_cat-prawo","7":"product_cat-prawo-pracy","8":"product_tag-kadry","9":"product_tag-prawo-pracy","10":"product_tag-seria-prawo-w-praktyce","12":"first","13":"instock","14":"sale","15":"shipping-taxable","16":"purchasable","17":"product-type-simple"},"_links":{"self":[{"href":"https:\/\/ksiegarnia-akademicka.pl\/index.php\/wp-json\/wp\/v2\/product\/16186","targetHints":{"allow":["GET"]}}],"collection":[{"href":"https:\/\/ksiegarnia-akademicka.pl\/index.php\/wp-json\/wp\/v2\/product"}],"about":[{"href":"https:\/\/ksiegarnia-akademicka.pl\/index.php\/wp-json\/wp\/v2\/types\/product"}],"wp:featuredmedia":[{"embeddable":true,"href":"https:\/\/ksiegarnia-akademicka.pl\/index.php\/wp-json\/wp\/v2\/media\/16187"}],"wp:attachment":[{"href":"https:\/\/ksiegarnia-akademicka.pl\/index.php\/wp-json\/wp\/v2\/media?parent=16186"}],"wp:term":[{"taxonomy":"product_brand","embeddable":true,"href":"https:\/\/ksiegarnia-akademicka.pl\/index.php\/wp-json\/wp\/v2\/product_brand?post=16186"},{"taxonomy":"product_cat","embeddable":true,"href":"https:\/\/ksiegarnia-akademicka.pl\/index.php\/wp-json\/wp\/v2\/product_cat?post=16186"},{"taxonomy":"product_tag","embeddable":true,"href":"https:\/\/ksiegarnia-akademicka.pl\/index.php\/wp-json\/wp\/v2\/product_tag?post=16186"}],"curies":[{"name":"wp","href":"https:\/\/api.w.org\/{rel}","templated":true}]}}