{"id":16034,"date":"2023-01-16T09:19:47","date_gmt":"2023-01-16T08:19:47","guid":{"rendered":"http:\/\/ksiegarnia-akademicka.pl\/?post_type=product&#038;p=16034"},"modified":"2023-01-16T09:19:49","modified_gmt":"2023-01-16T08:19:49","slug":"jak-prawidlowo-rozliczac-skladki-zus-28-praktycznych-porad","status":"publish","type":"product","link":"https:\/\/ksiegarnia-akademicka.pl\/index.php\/product\/jak-prawidlowo-rozliczac-skladki-zus-28-praktycznych-porad\/","title":{"rendered":"Jak prawid\u0142owo rozlicza\u0107 sk\u0142adki ZUS 28 praktycznych porad"},"content":{"rendered":"<p>Wydawca: Infor<br \/>\nOprawa: Kartonowa Foliowana<br \/>\nFormat: 16.5&#215;23.5cm<br \/>\nLiczba stron: 84<br \/>\nRok wydania: 2023<br \/>\nJ\u0119zyk wydania: polski<\/p>\n<p>Jednym z podstawowych obowi\u0105zk\u00f3w p\u0142atnik\u00f3w sk\u0142adek jest prawid\u0142owe ustalanie podstawy wymiaru sk\u0142adek na:<br \/>\n?    ubezpieczenia spo\u0142eczne,<br \/>\n?    ubezpieczenia zdrowotne,<br \/>\n?    fundusze pozaubezpieczeniowe.<br \/>\nNie jest to \u0142atwe, gdy\u017c s\u0105 takie \u015bwiadczenia czy sk\u0142adniki, kt\u00f3re zosta\u0142y wy\u0142\u0105czone z tej podstawy \u2013 cz\u0119sto jednak po spe\u0142nieniu okre\u015blonych warunk\u00f3w. Nie ka\u017cdy ubezpieczony ma prawo do zwolnie\u0144 sk\u0142adkowych \u2013 wi\u0119kszo\u015b\u0107 z nich obowi\u0105zuje tylko pracownik\u00f3w, rzadziej zleceniobiorc\u00f3w czy cz\u0142onk\u00f3w rad nadzorczych. R\u00f3\u017cne s\u0105 te\u017c limity dotycz\u0105ce podstaw wymiaru sk\u0142adek ZUS. Wp\u0142ywaj\u0105 one na ich ograniczenie w miesi\u0105cu b\u0105d\u017a w roku kalendarzowym, co powoduje zaprzestanie naliczania i op\u0142acania sk\u0142adek.<br \/>\nZ publikacji Czytelnik dowie si\u0119 m.in.:<br \/>\n?    Jak\u0105 kwot\u0119 nale\u017cy uwzgl\u0119dni\u0107 w podstawie sk\u0142adek ZUS z tytu\u0142u u\u017cytkowania auta s\u0142u\u017cbowego do cel\u00f3w prywatnych<br \/>\n?    Jak osk\u0142adkowa\u0107 umow\u0119 zlecenia w zbiegu z prac\u0105 etatow\u0105<br \/>\n?    W jakiej formie sfinansowa\u0107 pracownikom karnety sportowe, aby ich warto\u015b\u0107 by\u0142a wy\u0142\u0105czona z osk\u0142adkowania<br \/>\n?    Jakim sk\u0142adkom ubezpieczeniowym z umowy zlecenia b\u0119dzie podlega\u0142 zleceniobiorca-emeryt, b\u0119d\u0105cy osob\u0105 wsp\u00f3\u0142pracuj\u0105c\u0105<br \/>\nDzi\u0119ki informacjom zawartym w ksi\u0105\u017cce \u201eJak prawid\u0142owo rozlicza\u0107 sk\u0142adki ZUS. 28 praktycznych porad\u201d p\u0142atnicy sk\u0142adek mog\u0105 unikn\u0105\u0107 dodatkowych koszt\u00f3w spowodowanych b\u0142\u0119dami w zakresie ustalania podstawy wymiaru sk\u0142adek ZUS. Poradnik pomo\u017ce im tak\u017ce w zoptymalizowaniu tych koszt\u00f3w w przypadku zastosowania m.in. limit\u00f3w, ulg lub wy\u0142\u0105cze\u0144 sk\u0142adkowych.<br \/>\nOpracowanie jest wsparciem dla os\u00f3b zajmuj\u0105cych si\u0119 rozliczeniami p\u0142acowymi \u2013 kadrowych i ksi\u0119gowych. Zainteresuje te\u017c pracodawc\u00f3w, dyrektor\u00f3w dzia\u0142\u00f3w HR oraz biura rachunkowe, kt\u00f3re prowadz\u0105 obs\u0142ug\u0119 w tym zakresie.<\/p>\n","protected":false},"excerpt":{"rendered":"<p>Wydawca: Infor Oprawa: Kartonowa Foliowana Format: 16.5&#215;23.5cm Liczba stron: 84 [&hellip;]<\/p>\n","protected":false},"featured_media":16035,"template":"","meta":[],"product_brand":[],"product_cat":[18,7550,21],"product_tag":[793,643],"class_list":{"0":"post-16034","1":"product","2":"type-product","3":"status-publish","4":"has-post-thumbnail","6":"product_cat-prawo","7":"product_cat-prawo-pracy","8":"product_cat-ubezpieczenia","9":"product_tag-prawo-pracy","10":"product_tag-ubezpieczenia-spoleczne","12":"first","13":"instock","14":"sale","15":"shipping-taxable","16":"purchasable","17":"product-type-simple"},"_links":{"self":[{"href":"https:\/\/ksiegarnia-akademicka.pl\/index.php\/wp-json\/wp\/v2\/product\/16034","targetHints":{"allow":["GET"]}}],"collection":[{"href":"https:\/\/ksiegarnia-akademicka.pl\/index.php\/wp-json\/wp\/v2\/product"}],"about":[{"href":"https:\/\/ksiegarnia-akademicka.pl\/index.php\/wp-json\/wp\/v2\/types\/product"}],"wp:featuredmedia":[{"embeddable":true,"href":"https:\/\/ksiegarnia-akademicka.pl\/index.php\/wp-json\/wp\/v2\/media\/16035"}],"wp:attachment":[{"href":"https:\/\/ksiegarnia-akademicka.pl\/index.php\/wp-json\/wp\/v2\/media?parent=16034"}],"wp:term":[{"taxonomy":"product_brand","embeddable":true,"href":"https:\/\/ksiegarnia-akademicka.pl\/index.php\/wp-json\/wp\/v2\/product_brand?post=16034"},{"taxonomy":"product_cat","embeddable":true,"href":"https:\/\/ksiegarnia-akademicka.pl\/index.php\/wp-json\/wp\/v2\/product_cat?post=16034"},{"taxonomy":"product_tag","embeddable":true,"href":"https:\/\/ksiegarnia-akademicka.pl\/index.php\/wp-json\/wp\/v2\/product_tag?post=16034"}],"curies":[{"name":"wp","href":"https:\/\/api.w.org\/{rel}","templated":true}]}}

Jak prawidłowo rozliczać składki ZUS 28 praktycznych porad

<p>Wydawca: Infor<br />
Oprawa: Kartonowa Foliowana<br />
Format: 16.5&#215;23.5cm<br />
Liczba stron: 84<br />
Rok wydania: 2023<br />
Język wydania: polski</p>
<p>Jednym z podstawowych obowiązków płatników składek jest prawidłowe ustalanie podstawy wymiaru składek na:<br />
?    ubezpieczenia społeczne,<br />
?    ubezpieczenia zdrowotne,<br />
?    fundusze pozaubezpieczeniowe.<br />
Nie jest to łatwe, gdyż są takie świadczenia czy składniki, które zostały wyłączone z tej podstawy – często jednak po spełnieniu określonych warunków. Nie każdy ubezpieczony ma prawo do zwolnień składkowych – większość z nich obowiązuje tylko pracowników, rzadziej zleceniobiorców czy członków rad nadzorczych. Różne są też limity dotyczące podstaw wymiaru składek ZUS. Wpływają one na ich ograniczenie w miesiącu bądź w roku kalendarzowym, co powoduje zaprzestanie naliczania i opłacania składek.<br />
Z publikacji Czytelnik dowie się m.in.:<br />
?    Jaką kwotę należy uwzględnić w podstawie składek ZUS z tytułu użytkowania auta służbowego do celów prywatnych<br />
?    Jak oskładkować umowę zlecenia w zbiegu z pracą etatową<br />
?    W jakiej formie sfinansować pracownikom karnety sportowe, aby ich wartość była wyłączona z oskładkowania<br />
?    Jakim składkom ubezpieczeniowym z umowy zlecenia będzie podlegał zleceniobiorca-emeryt, będący osobą współpracującą<br />
Dzięki informacjom zawartym w książce „Jak prawidłowo rozliczać składki ZUS. 28 praktycznych porad” płatnicy składek mogą uniknąć dodatkowych kosztów spowodowanych błędami w zakresie ustalania podstawy wymiaru składek ZUS. Poradnik pomoże im także w zoptymalizowaniu tych kosztów w przypadku zastosowania m.in. limitów, ulg lub wyłączeń składkowych.<br />
Opracowanie jest wsparciem dla osób zajmujących się rozliczeniami płacowymi – kadrowych i księgowych. Zainteresuje też pracodawców, dyrektorów działów HR oraz biura rachunkowe, które prowadzą obsługę w tym zakresie.</p>
