{"id":16030,"date":"2023-01-16T09:15:16","date_gmt":"2023-01-16T08:15:16","guid":{"rendered":"http:\/\/ksiegarnia-akademicka.pl\/?post_type=product&#038;p=16030"},"modified":"2023-01-16T09:15:16","modified_gmt":"2023-01-16T08:15:16","slug":"czas-pracy-2023-planowanie-rozliczanie-i-ewidencja","status":"publish","type":"product","link":"https:\/\/ksiegarnia-akademicka.pl\/index.php\/product\/czas-pracy-2023-planowanie-rozliczanie-i-ewidencja\/","title":{"rendered":"Czas Pracy 2023 Planowanie, rozliczanie i ewidencja"},"content":{"rendered":"<p>Wydawca: Infor<br \/>\nOprawa: Kartonowa Foliowana<br \/>\nFormat: 16.5&#215;23.5cm<br \/>\nLiczba stron: 124<br \/>\nRok wydania: 2023<br \/>\nJ\u0119zyk wydania: polski<\/p>\n<p>Organizacja, rozliczanie i ewidencjonowanie czasu pracy pracownik\u00f3w nale\u017c\u0105 do podstawowych obowi\u0105zk\u00f3w pracodawc\u00f3w. Aby prawid\u0142owo si\u0119 z nich wywi\u0105za\u0107, nie wystarczy praktyka w stosowaniu zasad wynikaj\u0105cych z Kodeksu pracy. Pracodawcy musz\u0105 tak\u017ce wykaza\u0107 si\u0119 znajomo\u015bci\u0105 zasad zawartych w innych regulacjach. Wynikaj\u0105 one m.in. z pakietu pomocowego dla firm, kt\u00f3re ponios\u0142y straty w zwi\u0105zku z epidemi\u0105 COVID-19, szczeg\u00f3lnych przepis\u00f3w dla pracownik\u00f3w infrastruktury krytycznej oraz przepis\u00f3w o ograniczaniu handlu w niedziele, \u015bwi\u0119ta i niekt\u00f3re inne dni.<br \/>\nDodatkowym utrudnieniem jest fakt, \u017ce ca\u0142kowity wymiar czasu pracy w ka\u017cdym roku kalendarzowym jest inny, a niekt\u00f3re ze \u015bwi\u0105t wp\u0142ywaj\u0105ce na jego wymiar maj\u0105 charakter ruchomy.<br \/>\nPoradnik zawiera komplet informacji dotycz\u0105cych rozliczania czasu pracy w 2023 r. Mo\u017cna si\u0119 z niego m.in. dowiedzie\u0107:<br \/>\n?    ile wynosi wymiar czasu pracy w 2023 r.,<br \/>\n?    kt\u00f3rym pracownikom trzeba wyznaczy\u0107 dodatkowy dzie\u0144 wolny za \u015bwi\u0119to przypadaj\u0105ce w sobot\u0119 w 2023 r.,<br \/>\n?    ile wynios\u0105 dodatki za prac\u0119 w nocy w 2023 r.,<br \/>\n?    jak planowa\u0107 prac\u0119 w poszczeg\u00f3lnych systemach czasu pracy,<br \/>\n?    jak rozlicza\u0107 prac\u0119 w godzinach nadliczbowych,<br \/>\n?    jak prawid\u0142owo prowadzi\u0107 ewidencj\u0119 czasu pracy.<br \/>\nW ksi\u0105\u017cce s\u0105 przyk\u0142adowe harmonogramy czasu pracy. Najtrudniejsze zagadnienia zosta\u0142y przedstawione na przyk\u0142adach. Ca\u0142o\u015b\u0107 jest wzbogacona orzecznictwem z zakresu czasu pracy.<br \/>\nTo przyst\u0119pne i wyczerpuj\u0105ce opracowanie jest wsparciem dla pracownik\u00f3w dzia\u0142\u00f3w kadr. Zainteresuje te\u017c pracodawc\u00f3w oraz specjalistyczne firmy, kt\u00f3re prowadz\u0105 obs\u0142ug\u0119 innych podmiot\u00f3w w zakresie rozliczania czasu pracy.<\/p>\n<p>ATUTY PUBLIKACJI:<br \/>\nPracodawcy organizuj\u0105cy i rozliczaj\u0105cy czas pracy znajd\u0105 w poradniku informacje na temat:<br \/>\n?    okres\u00f3w wliczanych i niewliczanych do czasu pracy (takich jak szkolenia, przerwy, badania lekarskie, przest\u00f3j, dy\u017cur, dojazd do pracy),<br \/>\n?    norm czasu pracy,<br \/>\n?    ustalania wymiaru czasu pracy (w tym zatrudnienia na cz\u0119\u015b\u0107 etatu, dni wolnych, ogranicze\u0144 w handlu),<br \/>\n?    okres\u00f3w odpoczynku dobowego, tygodniowego i nadgodzin,<br \/>\n?    system\u00f3w czasu pracy (w tym systemu zadaniowego i pracy weekendowej),<br \/>\n?    rozk\u0142adu czasu pracy,<br \/>\n?    okres\u00f3w rozliczeniowych czasu pracy,<br \/>\n?    sporz\u0105dzania harmonogram\u00f3w czasu pracy,<br \/>\n?    rozliczania pracy w godzinach nadliczbowych,<br \/>\n?    czasu pracy kadry kierowniczej,<br \/>\n?    ewidencji czasu pracy,<br \/>\n?    szczeg\u00f3lnych rozwi\u0105za\u0144 wprowadzonych w zwi\u0105zku z zagro\u017ceniem epidemicznym COVID-19.<br \/>\nOm\u00f3wienie zosta\u0142o uzupe\u0142nione wzorami dokument\u00f3w oraz zilustrowane 79 praktycznymi przyk\u0142adami.<\/p>\n","protected":false},"excerpt":{"rendered":"<p>Wydawca: Infor Oprawa: Kartonowa Foliowana Format: 16.5&#215;23.5cm Liczba stron: 124 [&hellip;]<\/p>\n","protected":false},"featured_media":16031,"template":"","meta":[],"product_brand":[],"product_cat":[18,7550],"product_tag":[735,793],"class_list":{"0":"post-16030","1":"product","2":"type-product","3":"status-publish","4":"has-post-thumbnail","6":"product_cat-prawo","7":"product_cat-prawo-pracy","8":"product_tag-kadry","9":"product_tag-prawo-pracy","11":"first","12":"instock","13":"sale","14":"shipping-taxable","15":"purchasable","16":"product-type-simple"},"_links":{"self":[{"href":"https:\/\/ksiegarnia-akademicka.pl\/index.php\/wp-json\/wp\/v2\/product\/16030","targetHints":{"allow":["GET"]}}],"collection":[{"href":"https:\/\/ksiegarnia-akademicka.pl\/index.php\/wp-json\/wp\/v2\/product"}],"about":[{"href":"https:\/\/ksiegarnia-akademicka.pl\/index.php\/wp-json\/wp\/v2\/types\/product"}],"wp:featuredmedia":[{"embeddable":true,"href":"https:\/\/ksiegarnia-akademicka.pl\/index.php\/wp-json\/wp\/v2\/media\/16031"}],"wp:attachment":[{"href":"https:\/\/ksiegarnia-akademicka.pl\/index.php\/wp-json\/wp\/v2\/media?parent=16030"}],"wp:term":[{"taxonomy":"product_brand","embeddable":true,"href":"https:\/\/ksiegarnia-akademicka.pl\/index.php\/wp-json\/wp\/v2\/product_brand?post=16030"},{"taxonomy":"product_cat","embeddable":true,"href":"https:\/\/ksiegarnia-akademicka.pl\/index.php\/wp-json\/wp\/v2\/product_cat?post=16030"},{"taxonomy":"product_tag","embeddable":true,"href":"https:\/\/ksiegarnia-akademicka.pl\/index.php\/wp-json\/wp\/v2\/product_tag?post=16030"}],"curies":[{"name":"wp","href":"https:\/\/api.w.org\/{rel}","templated":true}]}}