{"id":15947,"date":"2022-12-07T10:31:27","date_gmt":"2022-12-07T09:31:27","guid":{"rendered":"http:\/\/ksiegarnia-akademicka.pl\/?post_type=product&#038;p=15947"},"modified":"2022-12-07T10:31:28","modified_gmt":"2022-12-07T09:31:28","slug":"mediacje-rodzinne-2","status":"publish","type":"product","link":"https:\/\/ksiegarnia-akademicka.pl\/index.php\/product\/mediacje-rodzinne-2\/","title":{"rendered":"Mediacje rodzinne"},"content":{"rendered":"<p>Autor:<br \/>\nAgata G\u00f3jska<br \/>\nWydawca: Wydawnictwa Uniwersytetu Warszawskiego<br \/>\nOprawa: Mi\u0119kka<br \/>\nFormat: 17.0&#215;24.0cm<br \/>\nLiczba stron: 256<br \/>\nWydanie: 1<br \/>\nRok wydania: 2021<br \/>\nJ\u0119zyk wydania: polski<\/p>\n<p>Ksi\u0105\u017cka dotyczy mediacji w sprawach rodzinnych, w szczeg\u00f3lno\u015bci zwi\u0105zanych z rozwodem. Prezentuje wiedz\u0119 teoretyczn\u0105 na temat mediacji i rodziny w rozwodzie oraz propozycje konkretnych technik pomocnych na r\u00f3\u017cnych etapach pracy z konfliktem. Waga spor\u00f3w rodzinnych i jednocze\u015bnie coraz wi\u0119ksza popularno\u015b\u0107 mediacji w Polsce uzasadniaj\u0105 dokonanie szczeg\u00f3\u0142owej analizy zar\u00f3wno problematyki konfliktu rodzinnego, jak i metod oraz technik wykorzystywanych w mediacjach rodzinnych.<br \/>\nPublikacja jest przeznaczona dla profesjonalist\u00f3w zajmuj\u0105cych si\u0119 pomoc\u0105 rodzinie: psycholog\u00f3w, pedagog\u00f3w, bieg\u0142ych s\u0105dowych, prawnik\u00f3w, jak r\u00f3wnie\u017c student\u00f3w kszta\u0142c\u0105cych si\u0119 w ramach powy\u017cszych specjalizacji.<\/p>\n","protected":false},"excerpt":{"rendered":"<p>Autor: Agata G\u00f3jska Wydawca: Wydawnictwa Uniwersytetu Warszawskiego Oprawa: Mi\u0119kka Format: [&hellip;]<\/p>\n","protected":false},"featured_media":15948,"template":"","meta":[],"product_brand":[],"product_cat":[27,7509],"product_tag":[1186,3181],"class_list":{"0":"post-15947","1":"product","2":"type-product","3":"status-publish","4":"has-post-thumbnail","6":"product_cat-nauki-spoleczne","7":"product_cat-psychologia","8":"product_tag-psychologia","9":"product_tag-relacje-interpersonalne","11":"first","12":"instock","13":"shipping-taxable","14":"purchasable","15":"product-type-simple"},"_links":{"self":[{"href":"https:\/\/ksiegarnia-akademicka.pl\/index.php\/wp-json\/wp\/v2\/product\/15947","targetHints":{"allow":["GET"]}}],"collection":[{"href":"https:\/\/ksiegarnia-akademicka.pl\/index.php\/wp-json\/wp\/v2\/product"}],"about":[{"href":"https:\/\/ksiegarnia-akademicka.pl\/index.php\/wp-json\/wp\/v2\/types\/product"}],"wp:featuredmedia":[{"embeddable":true,"href":"https:\/\/ksiegarnia-akademicka.pl\/index.php\/wp-json\/wp\/v2\/media\/15948"}],"wp:attachment":[{"href":"https:\/\/ksiegarnia-akademicka.pl\/index.php\/wp-json\/wp\/v2\/media?parent=15947"}],"wp:term":[{"taxonomy":"product_brand","embeddable":true,"href":"https:\/\/ksiegarnia-akademicka.pl\/index.php\/wp-json\/wp\/v2\/product_brand?post=15947"},{"taxonomy":"product_cat","embeddable":true,"href":"https:\/\/ksiegarnia-akademicka.pl\/index.php\/wp-json\/wp\/v2\/product_cat?post=15947"},{"taxonomy":"product_tag","embeddable":true,"href":"https:\/\/ksiegarnia-akademicka.pl\/index.php\/wp-json\/wp\/v2\/product_tag?post=15947"}],"curies":[{"name":"wp","href":"https:\/\/api.w.org\/{rel}","templated":true}]}}