{"id":15866,"date":"2022-12-01T10:10:31","date_gmt":"2022-12-01T09:10:31","guid":{"rendered":"http:\/\/ksiegarnia-akademicka.pl\/?post_type=product&#038;p=15866"},"modified":"2024-12-05T09:08:59","modified_gmt":"2024-12-05T08:08:59","slug":"kodeks-postepowania-karnego-komentarz","status":"publish","type":"product","link":"https:\/\/ksiegarnia-akademicka.pl\/index.php\/product\/kodeks-postepowania-karnego-komentarz\/","title":{"rendered":"Kodeks post\u0119powania karnego. Komentarz"},"content":{"rendered":"<p>Redakcja: prof. dr hab. Andrzej Sakowicz<br \/>\nSeria: Du\u017ce Komentarze Becka<br \/>\nRok wydania: 2022<br \/>\nWydanie: 10<br \/>\nOprawa: Twarda<br \/>\nLiczba stron: 2090<br \/>\nWymiary: 160&#215;240 mm<br \/>\nWaga: 2410 g<br \/>\nISBN: 978-83-8291-124-4<\/p>\n<p>Kodeks post\u0119powania karnego. Komentarz pod redakcj\u0105 prof. dr. hab. Andrzeja Sakowicza, prezentuje w spos\u00f3b wszechstronny aktualny dorobek doktryny i judykatury. Ponadto uwzgl\u0119dnia aktualne pi\u015bmiennictwo z komentowanej dziedziny i dziedzin pokrewnych.<\/p>\n<p>Czytelnik mo\u017ce si\u0119 zapozna\u0107 z dog\u0142\u0119bn\u0105 analiz\u0105 zagadnie\u0144 dotycz\u0105cych:<\/p>\n<p>przepis\u00f3w og\u00f3lnych dotycz\u0105cych post\u0119powania karnego,<br \/>\nw\u0142a\u015bciwo\u015bci oraz sk\u0142adu s\u0105du,<br \/>\nstron, obro\u0144c\u00f3w, pe\u0142nomocnik\u00f3w oraz przedstawicieli spo\u0142ecznych wyst\u0119puj\u0105cych w post\u0119powaniu karnym,<br \/>\nczynno\u015bci procesowych,<br \/>\ndowod\u00f3w,<br \/>\n\u015brodk\u00f3w przymusu,<br \/>\npost\u0119powania przygotowawczego,<br \/>\npost\u0119powania przed pierwsza instancj\u0105,<br \/>\npost\u0119powania dowodowego,<br \/>\npost\u0119powania szczeg\u00f3lnego<br \/>\nnadzwyczajnych \u015brodk\u00f3w zaskar\u017cenia,<br \/>\nkoszt\u00f3w procesu,<br \/>\npost\u0119powania w sprawach karnych ze stosunk\u00f3w mi\u0119dzynarodowych.<br \/>\nWydanie 10. zawiera om\u00f3wienie najnowszych zmian KPK, wynikaj\u0105cych m.in. z:<\/p>\n<p>ustawy z 5.8.2022 r. o zmianie ustawy &#8211; Kodeks karny wykonawczy oraz niekt\u00f3rych innych ustaw (Dz.U. z 2022 r. poz. 1855), zmiany dotycz\u0105 m.in. \u015brodka zapobiegawczego w postaci tymczasowego aresztowania czy udzia\u0142u w czynno\u015bciach z udzia\u0142em skazanych przebywaj\u0105cych w zak\u0142adach karanych i aresztach \u015bledczych prowadzonych w spos\u00f3b zdalny przedstawiciela administracji zak\u0142adu karnego lub aresztu \u015bledczego; zmiany wejd\u0105 w \u017cycie 1.1.2023 r.<br \/>\nustawy z 11.3.2022 r. o obronie Ojczyzny (Dz.U. z 2022 r. poz. 655), zmiany dostosowuj\u0105 KPK do nowych regulacji z zakresu obronno\u015bci; zmiany wesz\u0142y w \u017cycie 23.4.2022 r.;<br \/>\nustawy z 20.4.2021 r. o zmianie ustawy &#8211; Kodeks karny oraz niekt\u00f3rych innych ustaw (Dz.U. z 2021 r. poz. 1023), zmiany dotycz\u0105 m.in. instytucji listu \u017celaznego, posiedzenia wst\u0119pnego czy dor\u0119czania oskar\u017conym odpis\u00f3w aktu oskar\u017cenia w postaci elektronicznej, poprzez ich przes\u0142anie na adres poczty elektronicznej; zmiany wesz\u0142y w \u017cycie 22.6.2021 r.<br \/>\nPonadto uwzgl\u0119dnione zosta\u0142y zmiany z ustawy o zmianie ustawy &#8211; Kodeks karny oraz niekt\u00f3rych innych ustaw (druk sejmowy Nr 2024), kt\u00f3ra w zakresie KPK wprowadza zmiany dot. m.in. w\u0142a\u015bciwo\u015bci rzeczowej s\u0105du okr\u0119gowego, przekazania sprawy do rozpoznania innemu s\u0105dowi r\u00f3wnorz\u0119dnemu, por\u0119czenia maj\u0105tkowego, przepadku pojazdu.<\/p>\n<p>Doskona\u0142y zesp\u00f3\u0142 autorski sk\u0142adaj\u0105cy si\u0119 z naukowc\u00f3w-praktyk\u00f3w gwarantuje zar\u00f3wno wysoki poziom merytoryczny, jak i praktyczny prezentowanego komentarza.<\/p>\n<p>Komentarz w spos\u00f3b jasny i przejrzysty pozwala na rozwi\u0105zanie pojawiaj\u0105cych si\u0119 w praktyce problem\u00f3w zwi\u0105zanych z wyk\u0142adni\u0105 przepis\u00f3w zawartych w Kodeksie post\u0119powania karnego. Dla wygody Czytelnik\u00f3w, u\u0142atwiaj\u0105c szybk\u0105 orientacj\u0119 w tek\u015bcie, publikacja wyr\u00f3\u017cnia si\u0119 szczeg\u00f3\u0142ow\u0105 struktur\u0105 wewn\u0119trzn\u0105, z precyzyjnym, przejrzystym i jednolitym podzia\u0142em zagadnie\u0144.<\/p>\n<p>Komentarz adresowany jest w szczeg\u00f3lno\u015bci do praktyk\u00f3w \u2013 s\u0119dzi\u00f3w, prokurator\u00f3w, adwokat\u00f3w, radc\u00f3w prawnych, aplikant\u00f3w zawod\u00f3w prawniczych, stanowi r\u00f3wnie\u017c nieocenion\u0105 pomoc dla pracownik\u00f3w naukowych oraz doktorant\u00f3w i student\u00f3w.<\/p>\n","protected":false},"excerpt":{"rendered":"<p>Redakcja: prof. dr hab. Andrzej Sakowicz Seria: Du\u017ce Komentarze Becka [&hellip;]<\/p>\n","protected":false},"featured_media":15867,"template":"","meta":[],"product_brand":[],"product_cat":[7490,18],"product_tag":[331,296,781],"class_list":{"0":"post-15866","1":"product","2":"type-product","3":"status-publish","4":"has-post-thumbnail","6":"product_cat-karne","7":"product_cat-prawo","8":"product_tag-postepowanie-karne","9":"product_tag-prawo-karne","10":"product_tag-seria-duze-komentarze-becka","12":"first","13":"instock","14":"sale","15":"shipping-taxable","16":"purchasable","17":"product-type-simple"},"_links":{"self":[{"href":"https:\/\/ksiegarnia-akademicka.pl\/index.php\/wp-json\/wp\/v2\/product\/15866","targetHints":{"allow":["GET"]}}],"collection":[{"href":"https:\/\/ksiegarnia-akademicka.pl\/index.php\/wp-json\/wp\/v2\/product"}],"about":[{"href":"https:\/\/ksiegarnia-akademicka.pl\/index.php\/wp-json\/wp\/v2\/types\/product"}],"wp:featuredmedia":[{"embeddable":true,"href":"https:\/\/ksiegarnia-akademicka.pl\/index.php\/wp-json\/wp\/v2\/media\/15867"}],"wp:attachment":[{"href":"https:\/\/ksiegarnia-akademicka.pl\/index.php\/wp-json\/wp\/v2\/media?parent=15866"}],"wp:term":[{"taxonomy":"product_brand","embeddable":true,"href":"https:\/\/ksiegarnia-akademicka.pl\/index.php\/wp-json\/wp\/v2\/product_brand?post=15866"},{"taxonomy":"product_cat","embeddable":true,"href":"https:\/\/ksiegarnia-akademicka.pl\/index.php\/wp-json\/wp\/v2\/product_cat?post=15866"},{"taxonomy":"product_tag","embeddable":true,"href":"https:\/\/ksiegarnia-akademicka.pl\/index.php\/wp-json\/wp\/v2\/product_tag?post=15866"}],"curies":[{"name":"wp","href":"https:\/\/api.w.org\/{rel}","templated":true}]}}