{"id":15646,"date":"2022-10-27T14:06:36","date_gmt":"2022-10-27T12:06:36","guid":{"rendered":"http:\/\/ksiegarnia-akademicka.pl\/?post_type=product&#038;p=15646"},"modified":"2024-12-05T09:12:20","modified_gmt":"2024-12-05T08:12:20","slug":"kodeks-spolek-handlowych-komentarz-do-zmian-tzw-prawo-holdingowe","status":"publish","type":"product","link":"https:\/\/ksiegarnia-akademicka.pl\/index.php\/product\/kodeks-spolek-handlowych-komentarz-do-zmian-tzw-prawo-holdingowe\/","title":{"rendered":"Kodeks sp\u00f3\u0142ek handlowych. Komentarz do zmian (tzw. prawo holdingowe)"},"content":{"rendered":"<p>Redakcja: prof. dr hab. Andrzej Szuma\u0144ski, r.pr. dr Rados\u0142aw L. Kwa\u015bnicki, dr Filip Ostrowski<br \/>\nAutor: dr Pawe\u0142 B\u0142aszczyk, adw. Marcin Olchowicz, dr hab. Miros\u0142aw Pawe\u0142czyk, prof. U\u015a, prof. dr hab. Piotr Pinior, r.pr. Karol Szyma\u0144ski<br \/>\nSeria: Du\u017ce Komentarze Becka<br \/>\nRok wydania: 2022<br \/>\nOprawa: Twarda<br \/>\nLiczba stron: 703<br \/>\nWymiary: 160&#215;240 mm<br \/>\nWaga: 1400 g<br \/>\nISBN: 978-83-8291-082-7<\/p>\n<p>Kodeks sp\u00f3\u0142ek handlowych. Komentarz do zmian (tzw. prawo holdingowe) pod redakcj\u0105 dr. Filipa Ostrowskiego, mec. dr. hab. Rados\u0142awa Kwa\u015bnieckiego oraz prof. dr hab. Andrzeja Szuma\u0144skiego stanowi wyczerpuj\u0105ce om\u00f3wienie obszernej nowelizacji KSH dokonanej ustaw\u0105 z 9.2.2022 r. o zmianie ustawy &#8211; Kodeks sp\u00f3\u0142ek handlowych oraz niekt\u00f3rych innych ustaw (Dz.U. z 2022 r. poz. 807), kt\u00f3ra obowi\u0105zuje od 13.10.2022 r.<\/p>\n<p>Nowelizacja wprowadza nowe przepisy prawne dotycz\u0105ce tzw. prawa holdingowego (prawa grup sp\u00f3\u0142ek, prawa koncernowego), maj\u0105ce na celu regulacj\u0119 relacji prywatno-prawnych pomi\u0119dzy sp\u00f3\u0142k\u0105 dominuj\u0105c\u0105 i jej sp\u00f3\u0142kami zale\u017cnymi. Zgodnie z nowym uregulowaniem sp\u00f3\u0142ka dominuj\u0105ca b\u0119dzie ponosi\u0107 odpowiedzialno\u015b\u0107 wobec sp\u00f3\u0142ki zale\u017cnej uczestnicz\u0105cej w grupie sp\u00f3\u0142ek, jej wierzycieli oraz jej wsp\u00f3lnik\u00f3w (akcjonariuszy) mniejszo\u015bciowych za skutki wydania wi\u0105\u017c\u0105cego polecenia wykonanego nast\u0119pnie przez t\u0119 sp\u00f3\u0142k\u0119 zale\u017cn\u0105. W celu zarz\u0105dzania grup\u0105 sp\u00f3\u0142ek, sp\u00f3\u0142ka dominuj\u0105ca b\u0119dzie mog\u0142a nie tylko wydawa\u0107 wi\u0105\u017c\u0105ce polecenia, ale tak\u017ce mie\u0107 dost\u0119p do informacji o sp\u00f3\u0142kach zale\u017cnych, jej rada nadzorcza b\u0119dzie mog\u0142a sprawowa\u0107 sta\u0142y nadz\u00f3r nad sp\u00f3\u0142kami zale\u017cnymi w zakresie realizacji interesu grupy sp\u00f3\u0142ek, ponadto sp\u00f3\u0142ka dominuj\u0105ca b\u0119dzie mia\u0142a prawo do przymusowego wykupu udzia\u0142\u00f3w albo akcji nale\u017c\u0105cych do wsp\u00f3lnik\u00f3w (akcjonariuszy) mniejszo\u015bciowych sp\u00f3\u0142ki zale\u017cnej (tzw. squeeze-out).<\/p>\n<p>Nowelizacja ma na celu tak\u017ce wzmocnienie nadzoru w sp\u00f3\u0142kach kapita\u0142owych, mi.in. przez prawo wyboru doradcy rady nadzorczej bez udzia\u0142u zarz\u0105du oraz mo\u017cliwo\u015b\u0107 zawarcia z takim doradc\u0105 umowy przez rad\u0119 nadzorcz\u0105. Ponadto regulacje dotycz\u0105 kadencji i mandatu cz\u0142onk\u00f3w organ\u00f3w menad\u017cerskich czy obowi\u0105zku lojalno\u015bci i zachowania tajemnicy po wyga\u015bni\u0119ciu kadencji cz\u0142onka rady nadzorczej.<\/p>\n<p>Wprowadza si\u0119 tak\u017ce zasad\u0119 biznesowej oceny sytuacji (business judgement rule), zgodnie z kt\u00f3r\u0105 dzia\u0142ania cz\u0142onk\u00f3w organ\u00f3w sp\u00f3\u0142ek kapita\u0142owych b\u0119d\u0105 oceniane pod k\u0105tem prawid\u0142owo\u015bci trybu podejmowania decyzji, bior\u0105c pod uwag\u0119 moment jej podejmowania oraz okoliczno\u015bci temu towarzysz\u0105cych, a nie rezultat tych dzia\u0142a\u0144.<\/p>\n<p>Autorzy Komentarza \u2013 wybitni teoretycy oraz znakomici praktycy \u2013 s\u0105 tak\u017ce wsp\u00f3\u0142tw\u00f3rcami nowelizacji, dzi\u0119ki czemu w komentarzu dok\u0142adnie wyja\u015bniono zasadno\u015b\u0107 wprowadzonych rozwi\u0105za\u0144 oraz wskazano kierunek ich interpretacji oraz konsekwencje wej\u015bcia w \u017cycie nowych przepis\u00f3w.<\/p>\n<p>Zalety Komentarza:<\/p>\n<p>kompleksowo omawia zmienione i nowe przepisy KSH;<br \/>\nopracowany przez wsp\u00f3\u0142tw\u00f3rc\u00f3w nowelizacji;<br \/>\nw spos\u00f3b jasny i praktyczny wyja\u015bnia podstawowe problemy zwi\u0105zane ze stosowaniem nowych przepis\u00f3w, a tak\u017ce ich wp\u0142yw na funkcjonowanie sp\u00f3\u0142ki;<br \/>\npomocny w przygotowaniu si\u0119 do nowej rzeczywisto\u015bci prawnej wynikaj\u0105cej z nowelizacji;<br \/>\nwskazuje kierunek interpretacji nowych przepis\u00f3w;<br \/>\nzawiera precyzyjn\u0105 nawigacj\u0119 wewn\u0119trzn\u0105 \u2013 spisy tre\u015bci do artyku\u0142\u00f3w, przejrzyst\u0105 struktur\u0119, tytu\u0142y i numery tez pozwalaj\u0105ce na szybkie korzystanie z publikacji.<br \/>\nKomentarz do KSH to nieodzowna pomoc dla praktyk\u00f3w prawa, w szczeg\u00f3lno\u015bci adwokat\u00f3w, radc\u00f3w prawnych, s\u0119dzi\u00f3w, a tak\u017ce stanowi nieocenion\u0105 baz\u0119 wiedzy dla doktorant\u00f3w, aplikant\u00f3w zawod\u00f3w prawniczych i student\u00f3w oraz os\u00f3b zasiadaj\u0105cych w organach sp\u00f3\u0142ek.<\/p>\n","protected":false},"excerpt":{"rendered":"<p>Redakcja: prof. dr hab. Andrzej Szuma\u0144ski, r.pr. dr Rados\u0142aw L. [&hellip;]<\/p>\n","protected":false},"featured_media":15647,"template":"","meta":[],"product_brand":[],"product_cat":[7495,18],"product_tag":[429,781],"class_list":{"0":"post-15646","1":"product","2":"type-product","3":"status-publish","4":"has-post-thumbnail","6":"product_cat-gospodarcze-i-handlowe","7":"product_cat-prawo","8":"product_tag-prawo-handlowe","9":"product_tag-seria-duze-komentarze-becka","11":"first","12":"instock","13":"sale","14":"shipping-taxable","15":"purchasable","16":"product-type-simple"},"_links":{"self":[{"href":"https:\/\/ksiegarnia-akademicka.pl\/index.php\/wp-json\/wp\/v2\/product\/15646","targetHints":{"allow":["GET"]}}],"collection":[{"href":"https:\/\/ksiegarnia-akademicka.pl\/index.php\/wp-json\/wp\/v2\/product"}],"about":[{"href":"https:\/\/ksiegarnia-akademicka.pl\/index.php\/wp-json\/wp\/v2\/types\/product"}],"wp:featuredmedia":[{"embeddable":true,"href":"https:\/\/ksiegarnia-akademicka.pl\/index.php\/wp-json\/wp\/v2\/media\/15647"}],"wp:attachment":[{"href":"https:\/\/ksiegarnia-akademicka.pl\/index.php\/wp-json\/wp\/v2\/media?parent=15646"}],"wp:term":[{"taxonomy":"product_brand","embeddable":true,"href":"https:\/\/ksiegarnia-akademicka.pl\/index.php\/wp-json\/wp\/v2\/product_brand?post=15646"},{"taxonomy":"product_cat","embeddable":true,"href":"https:\/\/ksiegarnia-akademicka.pl\/index.php\/wp-json\/wp\/v2\/product_cat?post=15646"},{"taxonomy":"product_tag","embeddable":true,"href":"https:\/\/ksiegarnia-akademicka.pl\/index.php\/wp-json\/wp\/v2\/product_tag?post=15646"}],"curies":[{"name":"wp","href":"https:\/\/api.w.org\/{rel}","templated":true}]}}