{"id":15590,"date":"2022-10-14T14:07:30","date_gmt":"2022-10-14T12:07:30","guid":{"rendered":"http:\/\/ksiegarnia-akademicka.pl\/?post_type=product&#038;p=15590"},"modified":"2024-12-05T08:51:20","modified_gmt":"2024-12-05T07:51:20","slug":"mozg-czlowieka-anatomia-czynnosciowa-mozgowia-tom-1","status":"publish","type":"product","link":"https:\/\/ksiegarnia-akademicka.pl\/index.php\/product\/mozg-czlowieka-anatomia-czynnosciowa-mozgowia-tom-1\/","title":{"rendered":"M\u00f3zg cz\u0142owieka Anatomia czynno\u015bciowa m\u00f3zgowia TOM 1"},"content":{"rendered":"<p>T.W. Vanderah, D.J. Gould<br \/>\nwyd. 8,<br \/>\nred. J. Mory\u015b<br \/>\nliczba stron\t408<br \/>\nrok wydania\t2022<br \/>\nformat\t215 x 290, oprawa twarda<br \/>\nISBN\t978-83-66960-84-8<\/p>\n<p>Tajemniczo\u015b\u0107 pracy m\u00f3zgu wci\u0105\u017c budzi ciekawo\u015b\u0107 nie tylko os\u00f3b zajmuj\u0105cych si\u0119 w spos\u00f3b profesjonalny jego budow\u0105 i czynno\u015bci\u0105, ale te\u017c specjalist\u00f3w z r\u00f3\u017cnych profesji medycznych jak neurolog\u00f3w, neurochirurg\u00f3w, psychiatr\u00f3w czy psycholog\u00f3w, a tak\u017ce os\u00f3b po prostu ciekawych poznania tajnik\u00f3w wiedzy o tym wspania\u0142ym organie naszego cia\u0142a.<\/p>\n<p>Obecne, \u00f3sme ju\u017c wydanie tego znakomitego i niezwykle popularnego podr\u0119cznika, \u0142\u0105cz\u0105cego budow\u0119 anatomiczn\u0105 na poziomie makroskopowym i mikroskopowym oraz, co niezwykle wa\u017cne, w powi\u0105zaniu z czynno\u015bci\u0105 tego wci\u0105\u017c nie do ko\u0144ca poznanego narz\u0105du, przygotowane zosta\u0142o przez profesora Todda W. Vanderaha z Uniwersytetu w Arizonie oraz prof. Douglasa J. Goulda z Oakland University w Rochester. Obaj profesorowie od lat zajmuj\u0105 si\u0119 budow\u0105 i czynno\u015bci\u0105 m\u00f3zgu, a swoj\u0105 wiedz\u0105 i pasj\u0105 starali si\u0119 podzieli\u0107 z czytelnikami tej ksi\u0105\u017cki. B\u0119dziecie wi\u0119c Pa\u0144stwo wraz z autorami w\u0119drowali przez tajemn\u0105 wiedz\u0119 o budowie m\u00f3zgowia od poziomu molekularnego, po wsp\u00f3\u0142czesne techniki obrazowania jego pracy, a w ko\u0144cu dziesi\u0105tki schorze\u0144 w r\u00f3\u017cny spos\u00f3b zaburzaj\u0105cych prawid\u0142ow\u0105 funkcj\u0119 m\u00f3zgu i prowadz\u0105cych do objaw\u00f3w, jakie mo\u017cemy zaobserwowa\u0107 u pacjent\u00f3w. Nie jest to prosta wiedza, ale zosta\u0142a przedstawiona w spos\u00f3b jasny i logiczny, a pod\u0105\u017caj\u0105c za autorami, poznajemy sekrety pracy najwa\u017cniejszych uk\u0142ad\u00f3w czynno\u015bciowych. Pi\u0119kna szata graficzna, dziesi\u0105tki rycin i zdj\u0119\u0107 doskonale obrazuj\u0105 my\u015bl autor\u00f3w. Nie bez znaczenia s\u0105 te\u017c liczne odno\u015bniki do historii bada\u0144 o\u015brodkowego uk\u0142adu nerwowego i zaburze\u0144 jego funkcji przez pryzmat obserwacji klinicznych. Uwagi kliniczne zawarte w ramkach pozwalaj\u0105 lepiej zrozumie\u0107 zawi\u0142o\u015bci towarzysz\u0105ce budowie i czynno\u015bci o\u015brodkowego uk\u0142adu nerwowego.<\/p>\n<p>Mamy nadziej\u0119, \u017ce przygotowany podr\u0119cznik stanowi\u0142 b\u0119dzie niezb\u0119dny zas\u00f3b wiedzy o budowie i czynno\u015bci o\u015brodkowego uk\u0142adu nerwowego dla wszystkich os\u00f3b specjalizuj\u0105cych si\u0119 w neuroanatomii i neurobiologii, neurolog\u00f3w, neurochirurg\u00f3w, neuropatolog\u00f3w i psychiatr\u00f3w, ale r\u00f3wnie\u017c dla os\u00f3b, kt\u00f3re pragn\u0105 zg\u0142\u0119bi\u0107 tajemnice tej niezwyk\u0142ej struktury.<\/p>\n<p>Prof. dr hab. med. Janusz Mory\u015b<br \/>\nZ Przedmowy do wydania polskiego<\/p>\n<p>W PUBLIKACJI<\/p>\n<p>\u2022 Aktualnie obowi\u0105zuj\u0105ce mianownictwo<\/p>\n<p>\u2022 Zaktualizowane ryciny, tabele i ilustracje<\/p>\n<p>\u2022 Najnowsze informacje z zakresu technik obrazowania medycznego<\/p>\n<p>\u2022 Ramki kliniczne oparte na najbardziej aktualnym pi\u015bmiennictwie i statystykach<\/p>\n","protected":false},"excerpt":{"rendered":"<p>T.W. Vanderah, D.J. Gould wyd. 8, red. J. Mory\u015b liczba [&hellip;]<\/p>\n","protected":false},"featured_media":15591,"template":"","meta":[],"product_brand":[],"product_cat":[7963,7493],"product_tag":[4852,7890],"class_list":{"0":"post-15590","1":"product","2":"type-product","3":"status-publish","4":"has-post-thumbnail","6":"product_cat-anatomia","7":"product_cat-medycyna","8":"product_tag-anatomia","9":"product_tag-neuroanatomia","11":"first","12":"instock","13":"sale","14":"shipping-taxable","15":"purchasable","16":"product-type-simple"},"_links":{"self":[{"href":"https:\/\/ksiegarnia-akademicka.pl\/index.php\/wp-json\/wp\/v2\/product\/15590","targetHints":{"allow":["GET"]}}],"collection":[{"href":"https:\/\/ksiegarnia-akademicka.pl\/index.php\/wp-json\/wp\/v2\/product"}],"about":[{"href":"https:\/\/ksiegarnia-akademicka.pl\/index.php\/wp-json\/wp\/v2\/types\/product"}],"wp:featuredmedia":[{"embeddable":true,"href":"https:\/\/ksiegarnia-akademicka.pl\/index.php\/wp-json\/wp\/v2\/media\/15591"}],"wp:attachment":[{"href":"https:\/\/ksiegarnia-akademicka.pl\/index.php\/wp-json\/wp\/v2\/media?parent=15590"}],"wp:term":[{"taxonomy":"product_brand","embeddable":true,"href":"https:\/\/ksiegarnia-akademicka.pl\/index.php\/wp-json\/wp\/v2\/product_brand?post=15590"},{"taxonomy":"product_cat","embeddable":true,"href":"https:\/\/ksiegarnia-akademicka.pl\/index.php\/wp-json\/wp\/v2\/product_cat?post=15590"},{"taxonomy":"product_tag","embeddable":true,"href":"https:\/\/ksiegarnia-akademicka.pl\/index.php\/wp-json\/wp\/v2\/product_tag?post=15590"}],"curies":[{"name":"wp","href":"https:\/\/api.w.org\/{rel}","templated":true}]}}