{"id":15526,"date":"2022-09-02T10:48:17","date_gmt":"2022-09-02T08:48:17","guid":{"rendered":"http:\/\/ksiegarnia-akademicka.pl\/?post_type=product&#038;p=15526"},"modified":"2024-12-05T08:51:39","modified_gmt":"2024-12-05T07:51:39","slug":"slask-w-gospodarce-europy-i-swiata-zarys-rozwoju-i-perspektyw","status":"publish","type":"product","link":"https:\/\/ksiegarnia-akademicka.pl\/index.php\/product\/slask-w-gospodarce-europy-i-swiata-zarys-rozwoju-i-perspektyw\/","title":{"rendered":"\u015al\u0105sk w gospodarce Europy i \u015bwiata Zarys rozwoju i perspektyw"},"content":{"rendered":"<p>J\u00f3zef Misala<br \/>\nWydawnictwo UTH<br \/>\nSeria: Monografie<br \/>\nRok wydania: 2023<br \/>\nIlo\u015b\u0107 stron: 458<br \/>\nISBN: 978-83-7351-947-3<\/p>\n<p>Ze wst\u0119pu:<br \/>\n&#8221; Od pocz\u0105tku miesi\u0105ca przebywam w tej po stokro\u0107 ciekawej krainie , a przemierzywszy cz\u0119\u015b\u0107 pog\u00f3rza i r\u00f3wniny, dostrzegam tu wyj\u0105tkow\u0105 pe\u0142n\u0105 uroku ca\u0142o\u015b\u0107, pobudzaj\u0105c\u0105 umys\u0142 i zmys\u0142y.&#8221;<br \/>\nJohann Wolfgang  Goethe, 1790<\/p>\n<p>&#8221; Recenzowana monografia stanowi niew\u0105tpliwie jedno z podsumowa\u0144 wielu lat pracy Profesora J\u00f3zefa Misali. a szczeg\u00f3lnie tych, kt\u00f3re po\u015bwi\u0119ci\u0142 badaniom nad mi\u0119dzynarodow\u0105 konkurencyjno\u015bci\u0105 region\u00f3w i kraj\u00f3w. Monografia, napisana \u015bwietnym polskim j\u0119zykiem, precyzyjnym i wartkim, jest niezwykle interesuj\u0105c\u0105 lektur\u0105 dla ekonomist\u00f3w, student\u00f3w, dziennikarzy i polityk\u00f3w, szczeg\u00f3lnie tych ze \u015al\u0105ska, kt\u00f3rym drogi jest rozw\u00f3j tego regionu Polski. (&#8230;) We wst\u0119pie do pracy Profesor dzi\u0119kuje recenzentowi pozostawiaj\u0105c wykropkowane miejsce. I niechaj tak pozostanie. Kiedy zmar\u0142 i ksi\u0105\u017cka nie zosta\u0142a wydana, nie wiedzia\u0142em, \u017ce przypadnie mi zaszczyt j\u0105 recenzowa\u0107 i wyda\u0107, w jego drugiej uczelni Uniwersytecie Technologiczno-Humanistycznym im. Kazimierza Pu\u0142askiego w Radomiu (dawnej Politechnice Radomskiej), gdzie pozostawi\u0142 grono uczni\u00f3w i przyjaci\u00f3\u0142&#8221;.<br \/>\nprof. dr hab. S\u0142awomir Ireneusz Bukowski<br \/>\nUniwersytet Technologiczno-Humanistyczny w Radomiu<\/p>\n","protected":false},"excerpt":{"rendered":"<p>J\u00f3zef Misala Wydawnictwo UTH Seria: Monografie Rok wydania: 2023 Ilo\u015b\u0107 [&hellip;]<\/p>\n","protected":false},"featured_media":15527,"template":"","meta":[],"product_brand":[],"product_cat":[7523,43],"product_tag":[337,1355,5037],"class_list":{"0":"post-15526","1":"product","2":"type-product","3":"status-publish","4":"has-post-thumbnail","6":"product_cat-nauki-ekonomiczne","7":"product_cat-wydawnictwo-uth","8":"product_tag-ekonomia","9":"product_tag-konkurencyjnosc","10":"product_tag-seria-monografie","12":"first","13":"instock","14":"shipping-taxable","15":"purchasable","16":"product-type-simple"},"_links":{"self":[{"href":"https:\/\/ksiegarnia-akademicka.pl\/index.php\/wp-json\/wp\/v2\/product\/15526","targetHints":{"allow":["GET"]}}],"collection":[{"href":"https:\/\/ksiegarnia-akademicka.pl\/index.php\/wp-json\/wp\/v2\/product"}],"about":[{"href":"https:\/\/ksiegarnia-akademicka.pl\/index.php\/wp-json\/wp\/v2\/types\/product"}],"wp:featuredmedia":[{"embeddable":true,"href":"https:\/\/ksiegarnia-akademicka.pl\/index.php\/wp-json\/wp\/v2\/media\/15527"}],"wp:attachment":[{"href":"https:\/\/ksiegarnia-akademicka.pl\/index.php\/wp-json\/wp\/v2\/media?parent=15526"}],"wp:term":[{"taxonomy":"product_brand","embeddable":true,"href":"https:\/\/ksiegarnia-akademicka.pl\/index.php\/wp-json\/wp\/v2\/product_brand?post=15526"},{"taxonomy":"product_cat","embeddable":true,"href":"https:\/\/ksiegarnia-akademicka.pl\/index.php\/wp-json\/wp\/v2\/product_cat?post=15526"},{"taxonomy":"product_tag","embeddable":true,"href":"https:\/\/ksiegarnia-akademicka.pl\/index.php\/wp-json\/wp\/v2\/product_tag?post=15526"}],"curies":[{"name":"wp","href":"https:\/\/api.w.org\/{rel}","templated":true}]}}

Śląsk w gospodarce Europy i świata Zarys rozwoju i perspektyw

<p>Józef Misala<br />
Wydawnictwo UTH<br />
Seria: Monografie<br />
Rok wydania: 2023<br />
Ilość stron: 458<br />
ISBN: 978-83-7351-947-3</p>
<p>Ze wstępu:<br />
&#8221; Od początku miesiąca przebywam w tej po stokroć ciekawej krainie , a przemierzywszy część pogórza i równiny, dostrzegam tu wyjątkową pełną uroku całość, pobudzającą umysł i zmysły.&#8221;<br />
Johann Wolfgang  Goethe, 1790</p>
<p>&#8221; Recenzowana monografia stanowi niewątpliwie jedno z podsumowań wielu lat pracy Profesora Józefa Misali. a szczególnie tych, które poświęcił badaniom nad międzynarodową konkurencyjnością regionów i krajów. Monografia, napisana świetnym polskim językiem, precyzyjnym i wartkim, jest niezwykle interesującą lekturą dla ekonomistów, studentów, dziennikarzy i polityków, szczególnie tych ze Śląska, którym drogi jest rozwój tego regionu Polski. (&#8230;) We wstępie do pracy Profesor dziękuje recenzentowi pozostawiając wykropkowane miejsce. I niechaj tak pozostanie. Kiedy zmarł i książka nie została wydana, nie wiedziałem, że przypadnie mi zaszczyt ją recenzować i wydać, w jego drugiej uczelni Uniwersytecie Technologiczno-Humanistycznym im. Kazimierza Pułaskiego w Radomiu (dawnej Politechnice Radomskiej), gdzie pozostawił grono uczniów i przyjaciół&#8221;.<br />
prof. dr hab. Sławomir Ireneusz Bukowski<br />
Uniwersytet Technologiczno-Humanistyczny w Radomiu</p>

<p>Józef Misala Wydawnictwo UTH Seria: Monografie Rok wydania: 2023 Ilość [&hellip;]</p>
