{"id":1537,"date":"2018-05-22T12:43:51","date_gmt":"2018-05-22T10:43:51","guid":{"rendered":"http:\/\/ksiegarnia-akademicka.pl\/index.php\/product\/makroekonomia-vademecum-studenta\/"},"modified":"2018-12-10T14:57:08","modified_gmt":"2018-12-10T13:57:08","slug":"makroekonomia-vademecum-studenta","status":"publish","type":"product","link":"https:\/\/ksiegarnia-akademicka.pl\/index.php\/product\/makroekonomia-vademecum-studenta\/","title":{"rendered":"Wsp\u00f3\u0142czesna makroekonomia a teoria dynamicznej gospodarki"},"content":{"rendered":"<p>Autor:<br \/>\nJ\u00f3zef Chmiel<br \/>\nWydawca: Wydawnictwo Naukowe PWN<br \/>\nOprawa: Mi\u0119kka<br \/>\nFormat: 16.0&#215;23.0cm<br \/>\nLiczba stron: 504<br \/>\nRok wydania: 2017<\/p>\n<p>Zdaniem autora, dynamiczna gospodarka nie d\u0105\u017cy do stanu d\u0142ugookresowej r\u00f3wnowagi. W nast\u0119puj\u0105cych po sobie kr\u00f3tkich okresach r\u00f3wnowadze na rynku towar\u00f3w mo\u017ce towarzyszy\u0107 przymusowe bezrobocie i niepe\u0142ne wykorzystanie zdolno\u015bci produkcyjnych przedsi\u0119biorstw. Ceny r\u00f3wnowagi w kr\u00f3tkich okresach nie s\u0105 r\u00f3wne kosztom kra\u0144cowym ale przeci\u0119tnym pe\u0142nym kosztom najdro\u017cszego producenta zaspokajaj\u0105cego popyt na ga\u0142\u0119ziowy produkt. Tak wi\u0119c wzrost p\u0142ac nominalnych w kr\u00f3tkich okresach nie musi powodowa\u0107 proporcjonalnego wzrostu cen lecz umo\u017cliwia zwi\u0119kszenie si\u0119 p\u0142ac realnych.<br \/>\nW konsekwencji, niemal wszystkie podstawowe problemy rozpatrywane w ramach wsp\u00f3\u0142czesnej makroekonomii mo\u017cna rozwi\u0105za\u0107 w zupe\u0142nie inny spos\u00f3b ni\u017c proponuj\u0105 to reprezentanci g\u0142\u00f3wnego nurtu ekonomii.<\/p>\n","protected":false},"excerpt":{"rendered":"<p>Autor: J\u00f3zef Chmiel Wydawca: Wydawnictwo Naukowe PWN Oprawa: Mi\u0119kka Format: [&hellip;]<\/p>\n","protected":false},"featured_media":9345,"template":"","meta":[],"product_brand":[],"product_cat":[17,7499],"product_tag":[342,755],"class_list":{"0":"post-1537","1":"product","2":"type-product","3":"status-publish","4":"has-post-thumbnail","6":"product_cat-ekonomia","7":"product_cat-makro-i-mikroekonomia","8":"product_tag-makroekonomia","9":"product_tag-polityka-gospodarcza","11":"first","12":"instock","13":"sale","14":"shipping-taxable","15":"purchasable","16":"product-type-simple"},"_links":{"self":[{"href":"https:\/\/ksiegarnia-akademicka.pl\/index.php\/wp-json\/wp\/v2\/product\/1537","targetHints":{"allow":["GET"]}}],"collection":[{"href":"https:\/\/ksiegarnia-akademicka.pl\/index.php\/wp-json\/wp\/v2\/product"}],"about":[{"href":"https:\/\/ksiegarnia-akademicka.pl\/index.php\/wp-json\/wp\/v2\/types\/product"}],"wp:featuredmedia":[{"embeddable":true,"href":"https:\/\/ksiegarnia-akademicka.pl\/index.php\/wp-json\/wp\/v2\/media\/9345"}],"wp:attachment":[{"href":"https:\/\/ksiegarnia-akademicka.pl\/index.php\/wp-json\/wp\/v2\/media?parent=1537"}],"wp:term":[{"taxonomy":"product_brand","embeddable":true,"href":"https:\/\/ksiegarnia-akademicka.pl\/index.php\/wp-json\/wp\/v2\/product_brand?post=1537"},{"taxonomy":"product_cat","embeddable":true,"href":"https:\/\/ksiegarnia-akademicka.pl\/index.php\/wp-json\/wp\/v2\/product_cat?post=1537"},{"taxonomy":"product_tag","embeddable":true,"href":"https:\/\/ksiegarnia-akademicka.pl\/index.php\/wp-json\/wp\/v2\/product_tag?post=1537"}],"curies":[{"name":"wp","href":"https:\/\/api.w.org\/{rel}","templated":true}]}}

Współczesna makroekonomia a teoria dynamicznej gospodarki

<p>Autor:<br />
Józef Chmiel<br />
Wydawca: Wydawnictwo Naukowe PWN<br />
Oprawa: Miękka<br />
Format: 16.0&#215;23.0cm<br />
Liczba stron: 504<br />
Rok wydania: 2017</p>
<p>Zdaniem autora, dynamiczna gospodarka nie dąży do stanu długookresowej równowagi. W następujących po sobie krótkich okresach równowadze na rynku towarów może towarzyszyć przymusowe bezrobocie i niepełne wykorzystanie zdolności produkcyjnych przedsiębiorstw. Ceny równowagi w krótkich okresach nie są równe kosztom krańcowym ale przeciętnym pełnym kosztom najdroższego producenta zaspokajającego popyt na gałęziowy produkt. Tak więc wzrost płac nominalnych w krótkich okresach nie musi powodować proporcjonalnego wzrostu cen lecz umożliwia zwiększenie się płac realnych.<br />
W konsekwencji, niemal wszystkie podstawowe problemy rozpatrywane w ramach współczesnej makroekonomii można rozwiązać w zupełnie inny sposób niż proponują to reprezentanci głównego nurtu ekonomii.</p>

<p>Autor: Józef Chmiel Wydawca: Wydawnictwo Naukowe PWN Oprawa: Miękka Format: [&hellip;]</p>
