{"id":15291,"date":"2022-02-09T09:44:38","date_gmt":"2022-02-09T08:44:38","guid":{"rendered":"http:\/\/ksiegarnia-akademicka.pl\/?post_type=product&#038;p=15291"},"modified":"2022-02-09T09:44:40","modified_gmt":"2022-02-09T08:44:40","slug":"polski-lad-w-pytaniach-i-odpowiedziach-najwazniejsze-zmiany-w-pit-i-skladkach-na-ubezpieczenia-spoleczne-wydanie-ii-z-uwzglednieniem-ostatnich-nowelizacji","status":"publish","type":"product","link":"https:\/\/ksiegarnia-akademicka.pl\/index.php\/product\/polski-lad-w-pytaniach-i-odpowiedziach-najwazniejsze-zmiany-w-pit-i-skladkach-na-ubezpieczenia-spoleczne-wydanie-ii-z-uwzglednieniem-ostatnich-nowelizacji\/","title":{"rendered":"Polski \u0141ad w pytaniach i odpowiedziach Najwa\u017cniejsze zmiany w PIT i sk\u0142adkach na ubezpieczenia spo\u0142eczne wydanie II z uwzgl\u0119dnieniem ostatnich nowelizacji"},"content":{"rendered":"<p>Autor:<br \/>\nAntoni Kolek<br \/>\nSobolewski Oskar<br \/>\nWydawca: Wiedza i Praktyka<br \/>\nOprawa: Mi\u0119kka<br \/>\nLiczba stron: 396<br \/>\nRok wydania: 2022<br \/>\nJ\u0119zyk wydania: polski<\/p>\n<p>Wydanie II zawiera: nowelizacj\u0119 ustawy z 29 pa\u017adziernika 2021 r. o zmianie ustawy o podatku dochodowym od os\u00f3b fizycznych, ustawy o podatku dochodowym od os\u00f3b prawnych oraz niekt\u00f3rych innych ustaw. Publikacja stanowi zbi\u00f3r najcz\u0119\u015bciej pojawiaj\u0105cych si\u0119 pyta\u0144 i odpowiedzi, kt\u00f3re nurtuj\u0105 pracodawc\u00f3w i pracownik\u00f3w, a tak\u017ce ksi\u0119gowych stoj\u0105cych u progu wdro\u017cenia Polskiego \u0141adu. W jednym miejscu znajdziesz odpowiedzi na wiele pyta\u0144 i w\u0105tpliwo\u015bci zwi\u0105zanych z nowymi regulacjami w obszarze podatk\u00f3w i sk\u0142adek. Omawiane zmiany zosta\u0142y przedstawione na licznych przyk\u0142adach, pytaniach i odpowiedziach.<\/p>\n","protected":false},"excerpt":{"rendered":"<p>Autor: Antoni Kolek Sobolewski Oskar Wydawca: Wiedza i Praktyka Oprawa: [&hellip;]<\/p>\n","protected":false},"featured_media":15292,"template":"","meta":[],"product_brand":[],"product_cat":[22,21],"product_tag":[1055,643],"class_list":{"0":"post-15291","1":"product","2":"type-product","3":"status-publish","4":"has-post-thumbnail","6":"product_cat-podatki-i-prawo-podatkowe","7":"product_cat-ubezpieczenia","8":"product_tag-prawo-podatkowe","9":"product_tag-ubezpieczenia-spoleczne","11":"first","12":"instock","13":"sale","14":"shipping-taxable","15":"purchasable","16":"product-type-simple"},"_links":{"self":[{"href":"https:\/\/ksiegarnia-akademicka.pl\/index.php\/wp-json\/wp\/v2\/product\/15291","targetHints":{"allow":["GET"]}}],"collection":[{"href":"https:\/\/ksiegarnia-akademicka.pl\/index.php\/wp-json\/wp\/v2\/product"}],"about":[{"href":"https:\/\/ksiegarnia-akademicka.pl\/index.php\/wp-json\/wp\/v2\/types\/product"}],"wp:featuredmedia":[{"embeddable":true,"href":"https:\/\/ksiegarnia-akademicka.pl\/index.php\/wp-json\/wp\/v2\/media\/15292"}],"wp:attachment":[{"href":"https:\/\/ksiegarnia-akademicka.pl\/index.php\/wp-json\/wp\/v2\/media?parent=15291"}],"wp:term":[{"taxonomy":"product_brand","embeddable":true,"href":"https:\/\/ksiegarnia-akademicka.pl\/index.php\/wp-json\/wp\/v2\/product_brand?post=15291"},{"taxonomy":"product_cat","embeddable":true,"href":"https:\/\/ksiegarnia-akademicka.pl\/index.php\/wp-json\/wp\/v2\/product_cat?post=15291"},{"taxonomy":"product_tag","embeddable":true,"href":"https:\/\/ksiegarnia-akademicka.pl\/index.php\/wp-json\/wp\/v2\/product_tag?post=15291"}],"curies":[{"name":"wp","href":"https:\/\/api.w.org\/{rel}","templated":true}]}}