{"id":15242,"date":"2022-02-08T09:36:52","date_gmt":"2022-02-08T08:36:52","guid":{"rendered":"http:\/\/ksiegarnia-akademicka.pl\/?post_type=product&#038;p=15242"},"modified":"2022-02-08T09:36:54","modified_gmt":"2022-02-08T08:36:54","slug":"polski-lad-w-praktyce-przewodnik-po-zmianach-2022-prawo-pracy-zus","status":"publish","type":"product","link":"https:\/\/ksiegarnia-akademicka.pl\/index.php\/product\/polski-lad-w-praktyce-przewodnik-po-zmianach-2022-prawo-pracy-zus\/","title":{"rendered":"Polski \u0142ad w praktyce Przewodnik po zmianach 2022 Prawo pracy , ZUS"},"content":{"rendered":"<p>Wydawca: Infor<br \/>\nOprawa: Kartonowa Foliowana<br \/>\nFormat: 16.5&#215;23.5cm<br \/>\nLiczba stron: 64<br \/>\nRok wydania: 2022<br \/>\nJ\u0119zyk wydania: polski<\/p>\n<p>W 2022 r. wesz\u0142y w \u017cycie rewolucyjne zmiany dotycz\u0105ce prawa pracy i ubezpiecze\u0144 spo\u0142ecznych. Polski \u0141ad zmieni\u0142 spos\u00f3b rozliczania wynagrodze\u0144 pracowniczych. W praktyce bowiem wprowadzaj\u0105ce go regulacje w znacz\u0105cy spos\u00f3b zmodyfikowa\u0142y zasady opodatkowania i osk\u0142adkowania pensji pracownika. Ponadto od 1 stycznia 2022 r. zmieni\u0142y si\u0119 zasady ustalania prawa do \u015bwiadcze\u0144 chorobowych i ich rozliczania.<br \/>\nPoradnik pomaga zapozna\u0107 si\u0119 m.in. ze zmianami:<br \/>\n?    w rozliczaniu wynagrodze\u0144 i sk\u0142adek ZUS wprowadzonych przez Polski \u0141ad,<br \/>\n?    w naliczaniu zasi\u0142k\u00f3w chorobowych i macierzy\u0144skich,<br \/>\n?    dotycz\u0105cymi zatrudniania cudzoziemc\u00f3w spoza UE.<br \/>\nWszystkie zagadnienia zosta\u0142y zaprezentowane w unikatowej, przyst\u0119pnej formie. Pozwala to na szybkie zapoznanie si\u0119 ze zmianami wprowadzonymi w poszczeg\u00f3lnych ustawach. Ka\u017cda zmiana zosta\u0142a om\u00f3wiona osobno i opatrzona odes\u0142aniem do zmienionych przepis\u00f3w. Dzi\u0119ki temu Czytelnik mo\u017ce:<br \/>\n?    \u0142atwo umiejscowi\u0107 przepisy, kt\u00f3re zosta\u0142y zmienione,<br \/>\n?    dowiedzie\u0107 si\u0119, na czym polegaj\u0105 wprowadzone w nich zmiany,<br \/>\n?    zapozna\u0107 si\u0119 ze wst\u0119pn\u0105 ocen\u0105 skutk\u00f3w tych zmian.<br \/>\nOpracowanie zawiera liczne przyk\u0142ady i tabelaryczne zestawienia.<br \/>\nATUTY PUBLIKACJI:<br \/>\nPrzekrojowy komentarz do najnowszych zmian z zakresu prawa pracy i ZUS. Przewodnik zawiera r\u00f3wnie\u017c tabelaryczne zestawienia zmian w poszczeg\u00f3lnych ustawach w uk\u0142adzie tematycznym.<\/p>\n","protected":false},"excerpt":{"rendered":"<p>Wydawca: Infor Oprawa: Kartonowa Foliowana Format: 16.5&#215;23.5cm Liczba stron: 64 [&hellip;]<\/p>\n","protected":false},"featured_media":15243,"template":"","meta":[],"product_brand":[],"product_cat":[18,7550,21],"product_tag":[8147,793,643],"class_list":{"0":"post-15242","1":"product","2":"type-product","3":"status-publish","4":"has-post-thumbnail","6":"product_cat-prawo","7":"product_cat-prawo-pracy","8":"product_cat-ubezpieczenia","9":"product_tag-polski-lad","10":"product_tag-prawo-pracy","11":"product_tag-ubezpieczenia-spoleczne","13":"first","14":"instock","15":"sale","16":"shipping-taxable","17":"purchasable","18":"product-type-simple"},"_links":{"self":[{"href":"https:\/\/ksiegarnia-akademicka.pl\/index.php\/wp-json\/wp\/v2\/product\/15242","targetHints":{"allow":["GET"]}}],"collection":[{"href":"https:\/\/ksiegarnia-akademicka.pl\/index.php\/wp-json\/wp\/v2\/product"}],"about":[{"href":"https:\/\/ksiegarnia-akademicka.pl\/index.php\/wp-json\/wp\/v2\/types\/product"}],"wp:featuredmedia":[{"embeddable":true,"href":"https:\/\/ksiegarnia-akademicka.pl\/index.php\/wp-json\/wp\/v2\/media\/15243"}],"wp:attachment":[{"href":"https:\/\/ksiegarnia-akademicka.pl\/index.php\/wp-json\/wp\/v2\/media?parent=15242"}],"wp:term":[{"taxonomy":"product_brand","embeddable":true,"href":"https:\/\/ksiegarnia-akademicka.pl\/index.php\/wp-json\/wp\/v2\/product_brand?post=15242"},{"taxonomy":"product_cat","embeddable":true,"href":"https:\/\/ksiegarnia-akademicka.pl\/index.php\/wp-json\/wp\/v2\/product_cat?post=15242"},{"taxonomy":"product_tag","embeddable":true,"href":"https:\/\/ksiegarnia-akademicka.pl\/index.php\/wp-json\/wp\/v2\/product_tag?post=15242"}],"curies":[{"name":"wp","href":"https:\/\/api.w.org\/{rel}","templated":true}]}}