{"id":15127,"date":"2022-01-11T08:20:40","date_gmt":"2022-01-11T07:20:40","guid":{"rendered":"http:\/\/ksiegarnia-akademicka.pl\/?post_type=product&#038;p=15127"},"modified":"2022-01-11T08:20:40","modified_gmt":"2022-01-11T07:20:40","slug":"prawa-ludzkiej-natury","status":"publish","type":"product","link":"https:\/\/ksiegarnia-akademicka.pl\/index.php\/product\/prawa-ludzkiej-natury\/","title":{"rendered":"Prawa ludzkiej natury"},"content":{"rendered":"<p>Autor:<br \/>\nRobert Greene<br \/>\nT\u0142umacze: Sielicki Leszek<br \/>\nWydawca: Sensus<br \/>\nOprawa: Twarda<br \/>\nFormat: 17.0&#215;24.0cm<br \/>\nLiczba stron: 568<br \/>\nRok wydania: 2021<br \/>\nJ\u0119zyk wydania: polski<\/p>\n<p>Niejednokrotnie na swojej drodze spotykamy osoby, kt\u00f3re stwarzaj\u0105 problemy i utrudniaj\u0105 \u017cycie. Mog\u0105 to by\u0107 szefowie, podw\u0142adni, przyjaciele, znajomi. Najcz\u0119\u015bciej s\u0105 mistrzami gry na emocjach, wydaj\u0105 si\u0119 czaruj\u0105cy i pe\u0142ni \u015bwietnych pomys\u0142\u00f3w. Dopiero po czasie okazuje si\u0119, \u017ce to psychopatyczne jednostki, kt\u00f3re my\u015bl\u0105 tylko o sobie i swoich korzy\u015bciach, ewentualnie szkodz\u0105 innym, nawet je\u015bli nic dzi\u0119ki temu nie uzyskaj\u0105. Z drugiej strony wielu ludzi anga\u017cuje si\u0119 w niew\u0142a\u015bciwe projekty czy zakochuje w zupe\u0142nie nieodpowiednich osobach albo post\u0119puje w spos\u00f3b nieuchronnie prowadz\u0105cy do katastrofy. Co gorsza, takie autodestrukcyjne wzorce zachowa\u0144 si\u0119 powtarzaj\u0105.<\/p>\n<p>Ta ksi\u0105\u017cka jest swoistym przewodnikiem po meandrach natury cz\u0142owieka. Zawiera zestaw kod\u00f3w s\u0142u\u017c\u0105cych do rozszyfrowywania ludzkich zachowa\u0144 w pe\u0142nej gamie ich odcieni &#8211; tych zwyczajnych, nietypowych, a nawet destrukcyjnych. Poszczeg\u00f3lne rozdzia\u0142y odnosz\u0105 si\u0119 do konkretnych aspekt\u00f3w lub praw ludzkiej natury. Znalaz\u0142 si\u0119 tu pot\u0119\u017cny zas\u00f3b wiedzy i koncepcji z r\u00f3\u017cnych dziedzin: biologii, psychologii, neurologii, socjologii czy historii. Uwzgl\u0119dniono te\u017c dzie\u0142a filozof\u00f3w, kt\u00f3rzy przez wieki oddawali si\u0119 rozwa\u017caniom na temat ludzkiej natury. Pokazano, jak oderwa\u0107 si\u0119 od w\u0142asnych emocji, opanowa\u0107 siebie i \u015bwiadomie si\u0119 rozwija\u0107. W konsekwencji mo\u017cna si\u0119 nauczy\u0107 patrze\u0107 za ludzkie maski i odwa\u017cnie przeciwstawia\u0107 konformizmowi, aby rozwin\u0105\u0107 swoje wyj\u0105tkowe poczucie celu.<\/p>\n<p>Dzi\u0119ki tej ksi\u0105\u017cce:<\/p>\n<p>staniesz si\u0119 spokojnym obserwatorem innych os\u00f3b<br \/>\nzaczniesz po mistrzowsku interpretowa\u0107 sygna\u0142y pochodz\u0105ce od innych<br \/>\nnauczysz si\u0119 radzi\u0107 sobie z lud\u017ami o toksycznych typach osobowo\u015bci<br \/>\npoznasz mechanizmy motywowania i wywierania wp\u0142ywu na innych<br \/>\nu\u0142atwisz sobie zmian\u0119 negatywnych wzorc\u00f3w w\u0142asnych zachowa\u0144<br \/>\npojmiesz, jak ogromny potencja\u0142 tkwi w Tobie<br \/>\nNatura cz\u0142owieka: oto klucz w Twoich r\u0119kach!<br \/>\nGreene stworzy\u0142 dzie\u0142o, kt\u00f3re na lata stanie si\u0119 swego rodzaju instrukcj\u0105 obs\u0142ugi cz\u0142owieka.<br \/>\nM\u0105dra, praktyczna i ponadczasowa ksi\u0105\u017cka \u2014 pozwala zajrze\u0107 w g\u0142\u0105b ludzkiej natury.<\/p>\n<p>Polecam!<\/p>\n<p>MARCIN OSMAN, przedsi\u0119biorca, autor, wydawca, marcinosman.pl<\/p>\n<p>O autorze<br \/>\nRobert Greene jest znanym autorem, m\u00f3wc\u0105 oraz autorytetem w dziedzinie strategii, w\u0142adzy i uwodzenia. Jest tak\u017ce poliglot\u0105. Przez kilka lat po studiach pracowa\u0142 jako redaktor, mi\u0119dzy innymi w magazynie &#8222;Esquire&#8221;. Otar\u0142 si\u0119 r\u00f3wnie\u017c o Hollywood, gdzie pracowa\u0142 jako scenarzysta. Mieszka\u0142 w Londynie, Pary\u017cu i Barcelonie. Swoj\u0105 najnowsz\u0105 ksi\u0105\u017ck\u0119 napisa\u0142 wraz z raperem 50 Cent. Jej tre\u015b\u0107 opiera si\u0119 na stosowaniu najwa\u017cniejszego prawa: &#8222;Niczego si\u0119 nie b\u00f3j&#8221;.<\/p>\n","protected":false},"excerpt":{"rendered":"<p>Autor: Robert Greene T\u0142umacze: Sielicki Leszek Wydawca: Sensus Oprawa: Twarda [&hellip;]<\/p>\n","protected":false},"featured_media":15128,"template":"","meta":[],"product_brand":[],"product_cat":[27,7994,7509],"product_tag":[1257,1186,246],"class_list":{"0":"post-15127","1":"product","2":"type-product","3":"status-publish","4":"has-post-thumbnail","6":"product_cat-nauki-spoleczne","7":"product_cat-poradniki","8":"product_cat-psychologia","9":"product_tag-poradniki","10":"product_tag-psychologia","11":"product_tag-socjologia","13":"first","14":"instock","15":"sale","16":"shipping-taxable","17":"purchasable","18":"product-type-simple"},"_links":{"self":[{"href":"https:\/\/ksiegarnia-akademicka.pl\/index.php\/wp-json\/wp\/v2\/product\/15127","targetHints":{"allow":["GET"]}}],"collection":[{"href":"https:\/\/ksiegarnia-akademicka.pl\/index.php\/wp-json\/wp\/v2\/product"}],"about":[{"href":"https:\/\/ksiegarnia-akademicka.pl\/index.php\/wp-json\/wp\/v2\/types\/product"}],"wp:featuredmedia":[{"embeddable":true,"href":"https:\/\/ksiegarnia-akademicka.pl\/index.php\/wp-json\/wp\/v2\/media\/15128"}],"wp:attachment":[{"href":"https:\/\/ksiegarnia-akademicka.pl\/index.php\/wp-json\/wp\/v2\/media?parent=15127"}],"wp:term":[{"taxonomy":"product_brand","embeddable":true,"href":"https:\/\/ksiegarnia-akademicka.pl\/index.php\/wp-json\/wp\/v2\/product_brand?post=15127"},{"taxonomy":"product_cat","embeddable":true,"href":"https:\/\/ksiegarnia-akademicka.pl\/index.php\/wp-json\/wp\/v2\/product_cat?post=15127"},{"taxonomy":"product_tag","embeddable":true,"href":"https:\/\/ksiegarnia-akademicka.pl\/index.php\/wp-json\/wp\/v2\/product_tag?post=15127"}],"curies":[{"name":"wp","href":"https:\/\/api.w.org\/{rel}","templated":true}]}}