{"id":15035,"date":"2021-12-15T09:18:15","date_gmt":"2021-12-15T08:18:15","guid":{"rendered":"http:\/\/ksiegarnia-akademicka.pl\/?post_type=product&#038;p=15035"},"modified":"2021-12-15T09:18:17","modified_gmt":"2021-12-15T08:18:17","slug":"przestepczosc-finansowa-tom-2-rynki-finansowe","status":"publish","type":"product","link":"https:\/\/ksiegarnia-akademicka.pl\/index.php\/product\/przestepczosc-finansowa-tom-2-rynki-finansowe\/","title":{"rendered":"Przest\u0119pczo\u015b\u0107 finansowa Tom 2 Rynki finansowe"},"content":{"rendered":"<p>Autor:<br \/>\nRafa\u0142 P\u0142\u00f3karz<br \/>\nWydawca: Difin<br \/>\nOprawa: Mi\u0119kka<br \/>\nFormat: 16.0&#215;23.0cm<br \/>\nLiczba stron: 252<br \/>\nRok wydania: 2021<br \/>\nJ\u0119zyk wydania: polski<\/p>\n<p>Ksi\u0105\u017cka po\u015bwi\u0119cona jest przest\u0119pstwom i r\u00f3\u017cnym patologiom wyst\u0119puj\u0105cym na rynkach finansowych oraz metodom ich zwalczania i zapobiegania im. Autorzy przeanalizowali w niej najnowsze zjawiska przest\u0119pcze i inne patologie oraz przyjmowane \u015brodki zaradcze o charakterze systemowym (w tym w ramach tzw. Polskiego \u0141adu \u2013 od 2022 r.), w uniwersum rynk\u00f3w finansowych.<\/p>\n<p>Najwa\u017cniejsze poruszane zagadnienia to:<br \/>\n&#8211; uregulowania prawne (w USA, UE i w Polsce) stosowane w zapobieganiu i zwalczaniu nadu\u017cy\u0107 rynku finansowego;<br \/>\n&#8211; zjawisko unikania opodatkowania dochod\u00f3w kapita\u0142owych, wraz z przegl\u0105dem katalogu stosowanych w ostatnich dekadach instrument\u00f3w i technik optymalizacyjnych;<br \/>\n&#8211; zagadnienia nieprawid\u0142owo\u015bci w zakresie doradztwa inwestycyjnego, a zw\u0142aszcza nielegalnego doradztwa na rynku kapita\u0142owym;<br \/>\n&#8211; nadu\u017cycia w obrocie walutami cyfrowymi (aktywami kryptograficznymi), w tym analiza najnowszych projekt\u00f3w regulacji i przypadk\u00f3w nadu\u017cy\u0107 w obrocie np. tokenami inwestycyjnymi;<br \/>\n&#8211; patologie zwi\u0105zane z oszuka\u0144cz\u0105 sprawozdawczo\u015bci\u0105 finansow\u0105, wraz z analiz\u0105 przyczyn najg\u0142o\u015bniejszych oszustw ksi\u0119gowych ostatnich lat.<\/p>\n<p>Autorami niniejszej monografii s\u0105 do\u015bwiadczeni praktycy biznesowi, w tym wyk\u0142adowcy akademiccy z wieloletnim sta\u017cem, uznani specjali\u015bci z zakresu m.in. rynk\u00f3w finansowych, rachunkowo\u015bci, prawa, w szczeg\u00f3lno\u015bci w obszarze zwalczania przest\u0119pczo\u015bci finansowej.<\/p>\n<p>W serii Przest\u0119pczo\u015b\u0107 finansowa polecamy:<br \/>\n1. Przest\u0119pczo\u015b\u0107 finansowa. Tom 1. Bankowo\u015b\u0107, ubezpieczenia, przedsi\u0119biorstwa<br \/>\n2. Przest\u0119pczo\u015b\u0107 finansowa. Tom 2. Rynki finansowe<\/p>\n","protected":false},"excerpt":{"rendered":"<p>Autor: Rafa\u0142 P\u0142\u00f3karz Wydawca: Difin Oprawa: Mi\u0119kka Format: 16.0&#215;23.0cm Liczba [&hellip;]<\/p>\n","protected":false},"featured_media":15036,"template":"","meta":[],"product_brand":[],"product_cat":[20,19,7501,7504],"product_tag":[411,251,249],"class_list":{"0":"post-15035","1":"product","2":"type-product","3":"status-publish","4":"has-post-thumbnail","6":"product_cat-bankowosc","7":"product_cat-finanse-i-prawo-finansowe","8":"product_cat-prawo-finansowe","9":"product_cat-rynek-pieniezny-i-kapitalowy","10":"product_tag-bankowosc","11":"product_tag-finanse","12":"product_tag-ubezpieczenia","14":"first","15":"instock","16":"sale","17":"shipping-taxable","18":"purchasable","19":"product-type-simple"},"_links":{"self":[{"href":"https:\/\/ksiegarnia-akademicka.pl\/index.php\/wp-json\/wp\/v2\/product\/15035","targetHints":{"allow":["GET"]}}],"collection":[{"href":"https:\/\/ksiegarnia-akademicka.pl\/index.php\/wp-json\/wp\/v2\/product"}],"about":[{"href":"https:\/\/ksiegarnia-akademicka.pl\/index.php\/wp-json\/wp\/v2\/types\/product"}],"wp:featuredmedia":[{"embeddable":true,"href":"https:\/\/ksiegarnia-akademicka.pl\/index.php\/wp-json\/wp\/v2\/media\/15036"}],"wp:attachment":[{"href":"https:\/\/ksiegarnia-akademicka.pl\/index.php\/wp-json\/wp\/v2\/media?parent=15035"}],"wp:term":[{"taxonomy":"product_brand","embeddable":true,"href":"https:\/\/ksiegarnia-akademicka.pl\/index.php\/wp-json\/wp\/v2\/product_brand?post=15035"},{"taxonomy":"product_cat","embeddable":true,"href":"https:\/\/ksiegarnia-akademicka.pl\/index.php\/wp-json\/wp\/v2\/product_cat?post=15035"},{"taxonomy":"product_tag","embeddable":true,"href":"https:\/\/ksiegarnia-akademicka.pl\/index.php\/wp-json\/wp\/v2\/product_tag?post=15035"}],"curies":[{"name":"wp","href":"https:\/\/api.w.org\/{rel}","templated":true}]}}