{"id":15006,"date":"2021-12-13T09:12:56","date_gmt":"2021-12-13T08:12:56","guid":{"rendered":"http:\/\/ksiegarnia-akademicka.pl\/?post_type=product&#038;p=15006"},"modified":"2021-12-13T09:12:57","modified_gmt":"2021-12-13T08:12:57","slug":"polityka-integracji-imigrantow-w-polsce-i-holandii","status":"publish","type":"product","link":"https:\/\/ksiegarnia-akademicka.pl\/index.php\/product\/polityka-integracji-imigrantow-w-polsce-i-holandii\/","title":{"rendered":"Polityka integracji imigrant\u00f3w w Polsce i Holandii"},"content":{"rendered":"<p>Autor:<br \/>\nLucyna Rajca<br \/>\nVioletta Gul-Rechlewicz<br \/>\nWydawca: Elipsa Dom Wydawniczy i Handlowy<br \/>\nOprawa: Kartonowa Foliowana<br \/>\nLiczba stron: 150<br \/>\nRok wydania: 2021<br \/>\nJ\u0119zyk wydania: polski<\/p>\n<p>Integracja imigrant\u00f3w ze spo\u0142ecze\u0144stwem przyjmuj\u0105cym sta\u0142a si\u0119 bardzo wa\u017cn\u0105 kwesti\u0105 w obliczu problem\u00f3w zwi\u0105zanych z intensywnym nap\u0142ywem imigrant\u00f3w do Europy. Imigranci spoza Europy, zw\u0142aszcza muzu\u0142ma\u0144skie mniejszo\u015bci, zacz\u0119li by\u0107 postrzegani jako zagro\u017cenie dla narodowej kultury i to\u017csamo\u015bci, sp\u00f3jno\u015bci spo\u0142ecznej, bezpiecze\u0144stwa, a tak\u017ce cywilizacji zachodniej. Pojawi\u0142y si\u0119 liczne krytyki dotychczasowych koncepcji polityk integracji, wynikaj\u0105ce z przekonania o ich nieskuteczno\u015bci. W rezultacie, od pocz\u0105tku XXI wieku poszczeg\u00f3lne pa\u0144stwa zachodnioeuropejskie dokonywa\u0142y przemian w swojej polityce imigracyjnej i integracyjnej. Pa\u0144stwa pozytywnie nastawione do imigracji, zmieni\u0142y swoj\u0105 doktryn\u0119 na zdecydowanie mniej liberaln\u0105.<\/p>\n<p>W Polsce kwestie zwi\u0105zane z integracj\u0105 imigrant\u00f3w d\u0142ugo nie zyskiwa\u0142y zainteresowania w\u0142adz krajowych z powodu marginalnej skali imigracji i braku silnych napi\u0119\u0107 adaptacyjnych. W rezultacie, Polska nie posiada dzi\u015b sp\u00f3jnej i kompleksowej koncepcji polityki integracji imigrant\u00f3w.<\/p>\n<p>Zestawienie zagadnie\u0144 polityki integracyjnej zar\u00f3wno na gruncie polskim jak i holenderskim wydaje si\u0119 szczeg\u00f3lnie interesuj\u0105ce. W Polsce bowiem, nieposiadaj\u0105cej d\u0142ugich do\u015bwiadcze\u0144 z przyjmowaniem imigrant\u00f3w, kwestia ta omawiana jest stosunkowo od niedawna i wynika st\u0105d, \u017ce Polska \u2013 dotychczas postrzegana jako kraj emigracji \u2013 sta\u0142a si\u0119 w ostatnich latach pa\u0144stwem docelowych migracji, g\u0142\u00f3wnie ze Wschodu. Holandia za\u015b przez dziesi\u0119ciolecia prowadz\u0105ca polityk\u0119 \u201eotwartych drzwi\u201d i tolerancji wobec masowo przybywaj\u0105cych imigrant\u00f3w spoza Europy, na pocz\u0105tku XXI wieku zmieni\u0142a swoje podej\u015bcie na zdecydowanie mniej liberalne.<\/p>\n<p>Autorki omawiaj\u0105 te\u017c kwestie dotycz\u0105ce bezpiecze\u0144stwa ca\u0142ej Europy, ze szczeg\u00f3lnym uwzgl\u0119dnieniem pa\u0144stw Unii Europejskiej. Autorki w przekonuj\u0105cym stopniu ukaza\u0142y jak wiele nie\u015bcis\u0142o\u015bci, niedoskona\u0142o\u015bci czy nawet zaniecha\u0144 zosta\u0142o poczynionych w europejskim podej\u015bciu do migracji, migrant\u00f3w i integracji.<\/p>\n","protected":false},"excerpt":{"rendered":"<p>Autor: Lucyna Rajca Violetta Gul-Rechlewicz Wydawca: Elipsa Dom Wydawniczy i [&hellip;]<\/p>\n","protected":false},"featured_media":15007,"template":"","meta":[],"product_brand":[],"product_cat":[27,7510],"product_tag":[3639,225],"class_list":{"0":"post-15006","1":"product","2":"type-product","3":"status-publish","4":"has-post-thumbnail","6":"product_cat-nauki-spoleczne","7":"product_cat-polityka-spoleczna","8":"product_tag-migracje","9":"product_tag-polityka-spoleczna","11":"first","12":"instock","13":"shipping-taxable","14":"purchasable","15":"product-type-simple"},"_links":{"self":[{"href":"https:\/\/ksiegarnia-akademicka.pl\/index.php\/wp-json\/wp\/v2\/product\/15006","targetHints":{"allow":["GET"]}}],"collection":[{"href":"https:\/\/ksiegarnia-akademicka.pl\/index.php\/wp-json\/wp\/v2\/product"}],"about":[{"href":"https:\/\/ksiegarnia-akademicka.pl\/index.php\/wp-json\/wp\/v2\/types\/product"}],"wp:featuredmedia":[{"embeddable":true,"href":"https:\/\/ksiegarnia-akademicka.pl\/index.php\/wp-json\/wp\/v2\/media\/15007"}],"wp:attachment":[{"href":"https:\/\/ksiegarnia-akademicka.pl\/index.php\/wp-json\/wp\/v2\/media?parent=15006"}],"wp:term":[{"taxonomy":"product_brand","embeddable":true,"href":"https:\/\/ksiegarnia-akademicka.pl\/index.php\/wp-json\/wp\/v2\/product_brand?post=15006"},{"taxonomy":"product_cat","embeddable":true,"href":"https:\/\/ksiegarnia-akademicka.pl\/index.php\/wp-json\/wp\/v2\/product_cat?post=15006"},{"taxonomy":"product_tag","embeddable":true,"href":"https:\/\/ksiegarnia-akademicka.pl\/index.php\/wp-json\/wp\/v2\/product_tag?post=15006"}],"curies":[{"name":"wp","href":"https:\/\/api.w.org\/{rel}","templated":true}]}}

Polityka integracji imigrantów w Polsce i Holandii

<p>Autor:<br />
Lucyna Rajca<br />
Violetta Gul-Rechlewicz<br />
Wydawca: Elipsa Dom Wydawniczy i Handlowy<br />
Oprawa: Kartonowa Foliowana<br />
Liczba stron: 150<br />
Rok wydania: 2021<br />
Język wydania: polski</p>
<p>Integracja imigrantów ze społeczeństwem przyjmującym stała się bardzo ważną kwestią w obliczu problemów związanych z intensywnym napływem imigrantów do Europy. Imigranci spoza Europy, zwłaszcza muzułmańskie mniejszości, zaczęli być postrzegani jako zagrożenie dla narodowej kultury i tożsamości, spójności społecznej, bezpieczeństwa, a także cywilizacji zachodniej. Pojawiły się liczne krytyki dotychczasowych koncepcji polityk integracji, wynikające z przekonania o ich nieskuteczności. W rezultacie, od początku XXI wieku poszczególne państwa zachodnioeuropejskie dokonywały przemian w swojej polityce imigracyjnej i integracyjnej. Państwa pozytywnie nastawione do imigracji, zmieniły swoją doktrynę na zdecydowanie mniej liberalną.</p>
<p>W Polsce kwestie związane z integracją imigrantów długo nie zyskiwały zainteresowania władz krajowych z powodu marginalnej skali imigracji i braku silnych napięć adaptacyjnych. W rezultacie, Polska nie posiada dziś spójnej i kompleksowej koncepcji polityki integracji imigrantów.</p>
<p>Zestawienie zagadnień polityki integracyjnej zarówno na gruncie polskim jak i holenderskim wydaje się szczególnie interesujące. W Polsce bowiem, nieposiadającej długich doświadczeń z przyjmowaniem imigrantów, kwestia ta omawiana jest stosunkowo od niedawna i wynika stąd, że Polska – dotychczas postrzegana jako kraj emigracji – stała się w ostatnich latach państwem docelowych migracji, głównie ze Wschodu. Holandia zaś przez dziesięciolecia prowadząca politykę „otwartych drzwi” i tolerancji wobec masowo przybywających imigrantów spoza Europy, na początku XXI wieku zmieniła swoje podejście na zdecydowanie mniej liberalne.</p>
<p>Autorki omawiają też kwestie dotyczące bezpieczeństwa całej Europy, ze szczególnym uwzględnieniem państw Unii Europejskiej. Autorki w przekonującym stopniu ukazały jak wiele nieścisłości, niedoskonałości czy nawet zaniechań zostało poczynionych w europejskim podejściu do migracji, migrantów i integracji.</p>
