{"id":14997,"date":"2021-12-13T08:41:03","date_gmt":"2021-12-13T07:41:03","guid":{"rendered":"http:\/\/ksiegarnia-akademicka.pl\/?post_type=product&#038;p=14997"},"modified":"2024-12-05T09:00:43","modified_gmt":"2024-12-05T08:00:43","slug":"niezbednik-studenta-i-roku-repetytorium-egzaminacyjne-do-cwiczen-i-egzaminu-z-historii-panstwa-i-prawa-polskiego","status":"publish","type":"product","link":"https:\/\/ksiegarnia-akademicka.pl\/index.php\/product\/niezbednik-studenta-i-roku-repetytorium-egzaminacyjne-do-cwiczen-i-egzaminu-z-historii-panstwa-i-prawa-polskiego\/","title":{"rendered":"Niezb\u0119dnik studenta I roku Repetytorium egzaminacyjne do \u0107wicze\u0144 i egzaminu z historii pa\u0144stwa i prawa polskiego"},"content":{"rendered":"<p>Redakcja: Bieda Justyna, Wi\u015bniewska-J\u00f3\u017awiak Dorota<br \/>\nWydawca: Wydawnictwo Uniwersytetu \u0141\u00f3dzkiego<br \/>\nOprawa: Mi\u0119kka<br \/>\nFormat: 16.5&#215;24.0cm<br \/>\nLiczba stron: 192<br \/>\nWydanie: 1<br \/>\nRok wydania: 2014<br \/>\nJ\u0119zyk wydania: polski<\/p>\n<p>Opracowane przez \u0142\u00f3dzkich historyk\u00f3w prawa repetytorium ma u\u0142atwi\u0107 studentom I roku przygotowanie si\u0119 do egzaminu z historii pa\u0144stwa i prawa polskiego. W\u0142o\u017cony w przygotowanie owego \u201eniezb\u0119dnika\u201d wysi\u0142ek zas\u0142uguje niew\u0105tpliwie na uznanie. Nie jest tajemnic\u0105, \u017ce studenci cz\u0119sto korzystaj\u0105 z r\u00f3\u017cnych \u201eprywatnych\u201d opracowa\u0144, \u201eskrypt\u00f3w\u201d tworzonych zazwyczaj przez ich starszych koleg\u00f3w. Dodajmy, \u017ce owe opracowania cz\u0119sto roj\u0105 si\u0119 od b\u0142\u0119d\u00f3w i nie\u015bcis\u0142o\u015bci. W to miejsce osoby przygotowuj\u0105ce si\u0119 do \u0107wicze\u0144 i egzaminu otrzymuj\u0105 pe\u0142nowarto\u015bciow\u0105, stoj\u0105c\u0105 na wysokim poziomie pomoc naukow\u0105.<\/p>\n<p>(\u2026) Zawieraj\u0105ce solidn\u0105 dawk\u0119 wiedzy, przygotowane w kompetentny spos\u00f3b repetytorium stanowi\u0107 b\u0119dzie cenn\u0105 pomoc dla student\u00f3w, chyba nie tylko I roku prawa.<\/p>\n<p>Z recenzji dr. hab. Mariana Miko\u0142ajczyka<\/p>\n","protected":false},"excerpt":{"rendered":"<p>Redakcja: Bieda Justyna, Wi\u015bniewska-J\u00f3\u017awiak Dorota Wydawca: Wydawnictwo Uniwersytetu \u0141\u00f3dzkiego Oprawa: [&hellip;]<\/p>\n","protected":false},"featured_media":14998,"template":"","meta":[],"product_brand":[],"product_cat":[7496,18],"product_tag":[4664,1008,1053],"class_list":{"0":"post-14997","1":"product","2":"type-product","3":"status-publish","4":"has-post-thumbnail","6":"product_cat-konstytucyjne","7":"product_cat-prawo","8":"product_tag-historia-prawa","9":"product_tag-prawo","10":"product_tag-repetytorium","12":"first","13":"outofstock","14":"sale","15":"shipping-taxable","16":"purchasable","17":"product-type-simple"},"_links":{"self":[{"href":"https:\/\/ksiegarnia-akademicka.pl\/index.php\/wp-json\/wp\/v2\/product\/14997","targetHints":{"allow":["GET"]}}],"collection":[{"href":"https:\/\/ksiegarnia-akademicka.pl\/index.php\/wp-json\/wp\/v2\/product"}],"about":[{"href":"https:\/\/ksiegarnia-akademicka.pl\/index.php\/wp-json\/wp\/v2\/types\/product"}],"wp:featuredmedia":[{"embeddable":true,"href":"https:\/\/ksiegarnia-akademicka.pl\/index.php\/wp-json\/wp\/v2\/media\/14998"}],"wp:attachment":[{"href":"https:\/\/ksiegarnia-akademicka.pl\/index.php\/wp-json\/wp\/v2\/media?parent=14997"}],"wp:term":[{"taxonomy":"product_brand","embeddable":true,"href":"https:\/\/ksiegarnia-akademicka.pl\/index.php\/wp-json\/wp\/v2\/product_brand?post=14997"},{"taxonomy":"product_cat","embeddable":true,"href":"https:\/\/ksiegarnia-akademicka.pl\/index.php\/wp-json\/wp\/v2\/product_cat?post=14997"},{"taxonomy":"product_tag","embeddable":true,"href":"https:\/\/ksiegarnia-akademicka.pl\/index.php\/wp-json\/wp\/v2\/product_tag?post=14997"}],"curies":[{"name":"wp","href":"https:\/\/api.w.org\/{rel}","templated":true}]}}