{"id":14978,"date":"2021-12-06T13:49:04","date_gmt":"2021-12-06T12:49:04","guid":{"rendered":"http:\/\/ksiegarnia-akademicka.pl\/?post_type=product&#038;p=14978"},"modified":"2021-12-06T13:49:04","modified_gmt":"2021-12-06T12:49:04","slug":"medycyna-estetyczna-podrecznik-dla-studentow-kosmetologii","status":"publish","type":"product","link":"https:\/\/ksiegarnia-akademicka.pl\/index.php\/product\/medycyna-estetyczna-podrecznik-dla-studentow-kosmetologii\/","title":{"rendered":"Medycyna estetyczna Podr\u0119cznik dla student\u00f3w kosmetologii"},"content":{"rendered":"<p>Redakcja: Przylipiak Andrzej<br \/>\nWydawca: PZWL<br \/>\nOprawa: Mi\u0119kka<br \/>\nFormat: 16.5&#215;20.5cm<br \/>\nLiczba stron: 600<br \/>\nWydanie: 1<br \/>\nRok wydania: 2020<br \/>\nJ\u0119zyk wydania: polski<\/p>\n<p>Ksi\u0105\u017cka w szczeg\u00f3\u0142owy spos\u00f3b omawia cechy starzej\u0105cej si\u0119 sk\u00f3ry, a tak\u017ce czynniki reguluj\u0105ce ten proces. Kolejne rozdzia\u0142y po\u015bwi\u0119cone s\u0105 technikom stosowanym w medycynie estetycznej, w tym nieinwazyjnemu odm\u0142adzaniu twarzy i r\u0105k wraz z protoko\u0142ami wykonywania poszczeg\u00f3lnych zabieg\u00f3w. Autorzy om\u00f3wili r\u00f3wnie\u017c zabiegi chirurgii plastycznej wykonywanej w celu korekcji wygl\u0105du g\u0142owy, tu\u0142owia oraz ko\u0144czyn; elementy chirurgii bariatrycznej, abdominoplastyk\u0119, lifting oraz zastosowanie implant\u00f3w. Niezwykle interesuj\u0105cym fragmentem pracy jest zastosowanie laser\u00f3w, a tak\u017ce leczenie defekt\u00f3w dermatologiczno-estetycznych, takich jak blizny, bliznowce, rozst\u0119py i tatua\u017ce. W podr\u0119czniku opisano r\u00f3wnie\u017c zabiegi ze stomatologii estetycznej i znaczenie kosmetologii w medycynie estetycznej. Ksi\u0105\u017ck\u0119 wzbogacono o liczne ryciny i zdj\u0119cia. Publikacja jest przeznaczona dla student\u00f3w kierunk\u00f3w kosmetologicznych i medycznych oraz os\u00f3b zainteresowanych metodami leczenia i korekcji defekt\u00f3w urody.<\/p>\n","protected":false},"excerpt":{"rendered":"<p>Redakcja: Przylipiak Andrzej Wydawca: PZWL Oprawa: Mi\u0119kka Format: 16.5&#215;20.5cm Liczba [&hellip;]<\/p>\n","protected":false},"featured_media":14979,"template":"","meta":[],"product_brand":[],"product_cat":[7625],"product_tag":[4934,5163,8143],"class_list":{"0":"post-14978","1":"product","2":"type-product","3":"status-publish","4":"has-post-thumbnail","6":"product_cat-nauki-o-zdrowiu","7":"product_tag-kosmetologia","8":"product_tag-medycyna-estetyczna","9":"product_tag-uroda","11":"first","12":"instock","13":"sale","14":"shipping-taxable","15":"purchasable","16":"product-type-simple"},"_links":{"self":[{"href":"https:\/\/ksiegarnia-akademicka.pl\/index.php\/wp-json\/wp\/v2\/product\/14978","targetHints":{"allow":["GET"]}}],"collection":[{"href":"https:\/\/ksiegarnia-akademicka.pl\/index.php\/wp-json\/wp\/v2\/product"}],"about":[{"href":"https:\/\/ksiegarnia-akademicka.pl\/index.php\/wp-json\/wp\/v2\/types\/product"}],"wp:featuredmedia":[{"embeddable":true,"href":"https:\/\/ksiegarnia-akademicka.pl\/index.php\/wp-json\/wp\/v2\/media\/14979"}],"wp:attachment":[{"href":"https:\/\/ksiegarnia-akademicka.pl\/index.php\/wp-json\/wp\/v2\/media?parent=14978"}],"wp:term":[{"taxonomy":"product_brand","embeddable":true,"href":"https:\/\/ksiegarnia-akademicka.pl\/index.php\/wp-json\/wp\/v2\/product_brand?post=14978"},{"taxonomy":"product_cat","embeddable":true,"href":"https:\/\/ksiegarnia-akademicka.pl\/index.php\/wp-json\/wp\/v2\/product_cat?post=14978"},{"taxonomy":"product_tag","embeddable":true,"href":"https:\/\/ksiegarnia-akademicka.pl\/index.php\/wp-json\/wp\/v2\/product_tag?post=14978"}],"curies":[{"name":"wp","href":"https:\/\/api.w.org\/{rel}","templated":true}]}}