{"id":14964,"date":"2021-12-06T13:28:31","date_gmt":"2021-12-06T12:28:31","guid":{"rendered":"http:\/\/ksiegarnia-akademicka.pl\/?post_type=product&#038;p=14964"},"modified":"2021-12-06T13:28:32","modified_gmt":"2021-12-06T12:28:32","slug":"kosmetologia-ciala","status":"publish","type":"product","link":"https:\/\/ksiegarnia-akademicka.pl\/index.php\/product\/kosmetologia-ciala\/","title":{"rendered":"Kosmetologia cia\u0142a"},"content":{"rendered":"<p>Redakcja: Padlewska Kamila<br \/>\nWydawca: PZWL<br \/>\nOprawa: Mi\u0119kka ze skrzyde\u0142kami<br \/>\nFormat: 15.0&#215;23.5cm<br \/>\nLiczba stron: 436<br \/>\nWydanie: 1<br \/>\nRok wydania: 2017<br \/>\nJ\u0119zyk wydania: polski<\/p>\n<p>Ka\u017cdy kosmetolog powinien umie\u0107 dobra\u0107, zaplanowa\u0107 i wykona\u0107 pe\u0142ny zabieg kosmetyczny z indywidualnie dobranymi kosmetykami i technikami (podstawowymi i niekonwencjonalnymi); uwzgl\u0119dni\u0107 wskazania i przeciwskazania, a tak\u017ce nadzorowa\u0107 zesp\u00f3\u0142.<\/p>\n<p>W praktycznej publikacji opisano podstawy anatomii wybranych cz\u0119\u015bci cia\u0142a, podstawy fizjologii, choroby takie jak: nadwaga, oty\u0142o\u015b\u0107, cellulit, a tak\u017ce blizny, bliznowce i rozst\u0119py, znamiona i nowotwory sk\u00f3ry; masa\u017ce (kosmetyczny, relaksacyjny, sportowy, leczniczy, limfatyczny, orientalny), aromaterapi\u0119, peloidoterapi\u0119, zabiegi aparaturowe, zasady i formy treningu fizycznego, \u017cywienie w nadwadze i oty\u0142o\u015bci, zabiegi medycyny estetycznej dotycz\u0105ce cia\u0142a oraz podstawy podologii.<\/p>\n<p>Ksi\u0105\u017cka skierowana jest do student\u00f3w kosmetologii oraz kosmetolog\u00f3w-praktyk\u00f3w.<\/p>\n","protected":false},"excerpt":{"rendered":"<p>Redakcja: Padlewska Kamila Wydawca: PZWL Oprawa: Mi\u0119kka ze skrzyde\u0142kami Format: [&hellip;]<\/p>\n","protected":false},"featured_media":14965,"template":"","meta":[],"product_brand":[],"product_cat":[8138,7493,7625],"product_tag":[2861,4934,8143],"class_list":{"0":"post-14964","1":"product","2":"type-product","3":"status-publish","4":"has-post-thumbnail","6":"product_cat-dermatologia","7":"product_cat-medycyna","8":"product_cat-nauki-o-zdrowiu","9":"product_tag-dermatologia","10":"product_tag-kosmetologia","11":"product_tag-uroda","13":"first","14":"instock","15":"sale","16":"shipping-taxable","17":"purchasable","18":"product-type-simple"},"_links":{"self":[{"href":"https:\/\/ksiegarnia-akademicka.pl\/index.php\/wp-json\/wp\/v2\/product\/14964","targetHints":{"allow":["GET"]}}],"collection":[{"href":"https:\/\/ksiegarnia-akademicka.pl\/index.php\/wp-json\/wp\/v2\/product"}],"about":[{"href":"https:\/\/ksiegarnia-akademicka.pl\/index.php\/wp-json\/wp\/v2\/types\/product"}],"wp:featuredmedia":[{"embeddable":true,"href":"https:\/\/ksiegarnia-akademicka.pl\/index.php\/wp-json\/wp\/v2\/media\/14965"}],"wp:attachment":[{"href":"https:\/\/ksiegarnia-akademicka.pl\/index.php\/wp-json\/wp\/v2\/media?parent=14964"}],"wp:term":[{"taxonomy":"product_brand","embeddable":true,"href":"https:\/\/ksiegarnia-akademicka.pl\/index.php\/wp-json\/wp\/v2\/product_brand?post=14964"},{"taxonomy":"product_cat","embeddable":true,"href":"https:\/\/ksiegarnia-akademicka.pl\/index.php\/wp-json\/wp\/v2\/product_cat?post=14964"},{"taxonomy":"product_tag","embeddable":true,"href":"https:\/\/ksiegarnia-akademicka.pl\/index.php\/wp-json\/wp\/v2\/product_tag?post=14964"}],"curies":[{"name":"wp","href":"https:\/\/api.w.org\/{rel}","templated":true}]}}