{"id":14931,"date":"2021-12-02T10:47:05","date_gmt":"2021-12-02T09:47:05","guid":{"rendered":"http:\/\/ksiegarnia-akademicka.pl\/?post_type=product&#038;p=14931"},"modified":"2023-12-05T14:59:40","modified_gmt":"2023-12-05T13:59:40","slug":"pielegniarstwo-cwiczenia-tom-1","status":"publish","type":"product","link":"https:\/\/ksiegarnia-akademicka.pl\/index.php\/product\/pielegniarstwo-cwiczenia-tom-1\/","title":{"rendered":"Piel\u0119gniarstwo \u0106wiczenia Tom 1"},"content":{"rendered":"<p>Redakcja: Ciechaniewicz Wies\u0142awa<br \/>\nWydawca: PZWL<br \/>\nOprawa: Mi\u0119kka<br \/>\nFormat: 16.5&#215;23.5cm<br \/>\nLiczba stron tomu 1: 436<br \/>\nWydanie: 3<br \/>\nRok wydania: 2021<br \/>\nJ\u0119zyk wydania: polski<\/p>\n<p>Obecne wydanie tego podr\u0119cznika zosta\u0142o dostosowane do aktualnych program\u00f3w nauczania. Om\u00f3wiono w nim zakres i charakter zada\u0144 zawodowych piel\u0119gniarki, wynikaj\u0105cych ze wsp\u00f3\u0142czesnego rozumienia piel\u0119gniarstwa, a tak\u017ce wyja\u015bniono zasady obowi\u0105zuj\u0105ce w praktyce dzia\u0142alno\u015bci zawodowej. Zabiegi i procedury wykonywania zada\u0144 opieku\u0144czych przedstawiono w postaci algorytm\u00f3w, kt\u00f3rych przyswojenie u\u0142atwia bogaty materia\u0142 ilustracyjny.<\/p>\n<p>Spis tre\u015bci tomu 1:<br \/>\n1. Podstawy teoretyczne dzia\u0142alno\u015bci praktycznej piel\u0119gniarski<br \/>\n2. Piel\u0119gnowanie<br \/>\n3. Piel\u0119gniarka<br \/>\n4. Rola piel\u0119gniarki w procesie diagnozowania, leczenia, rehabilitacji pacjenta<br \/>\n5. Dzia\u0142ania piel\u0119gniarki na rzecz zapewnienia pacjentowi bezpiecze\u0144stwa<br \/>\nUdzia\u0142 piel\u0119gniarki w procesie diagnozowania<\/p>\n","protected":false},"excerpt":{"rendered":"<p>Redakcja: Ciechaniewicz Wies\u0142awa Wydawca: PZWL Oprawa: Mi\u0119kka Format: 16.5&#215;23.5cm Liczba [&hellip;]<\/p>\n","protected":false},"featured_media":14932,"template":"","meta":[],"product_brand":[],"product_cat":[7493,7965],"product_tag":[343,4645],"class_list":{"0":"post-14931","1":"product","2":"type-product","3":"status-publish","4":"has-post-thumbnail","6":"product_cat-medycyna","7":"product_cat-pielegniarstwo","8":"product_tag-cwiczenia","9":"product_tag-pielegniarstwo","11":"first","12":"instock","13":"sale","14":"shipping-taxable","15":"purchasable","16":"product-type-simple"},"_links":{"self":[{"href":"https:\/\/ksiegarnia-akademicka.pl\/index.php\/wp-json\/wp\/v2\/product\/14931","targetHints":{"allow":["GET"]}}],"collection":[{"href":"https:\/\/ksiegarnia-akademicka.pl\/index.php\/wp-json\/wp\/v2\/product"}],"about":[{"href":"https:\/\/ksiegarnia-akademicka.pl\/index.php\/wp-json\/wp\/v2\/types\/product"}],"wp:featuredmedia":[{"embeddable":true,"href":"https:\/\/ksiegarnia-akademicka.pl\/index.php\/wp-json\/wp\/v2\/media\/14932"}],"wp:attachment":[{"href":"https:\/\/ksiegarnia-akademicka.pl\/index.php\/wp-json\/wp\/v2\/media?parent=14931"}],"wp:term":[{"taxonomy":"product_brand","embeddable":true,"href":"https:\/\/ksiegarnia-akademicka.pl\/index.php\/wp-json\/wp\/v2\/product_brand?post=14931"},{"taxonomy":"product_cat","embeddable":true,"href":"https:\/\/ksiegarnia-akademicka.pl\/index.php\/wp-json\/wp\/v2\/product_cat?post=14931"},{"taxonomy":"product_tag","embeddable":true,"href":"https:\/\/ksiegarnia-akademicka.pl\/index.php\/wp-json\/wp\/v2\/product_tag?post=14931"}],"curies":[{"name":"wp","href":"https:\/\/api.w.org\/{rel}","templated":true}]}}