{"id":14923,"date":"2021-11-30T10:15:17","date_gmt":"2021-11-30T09:15:17","guid":{"rendered":"http:\/\/ksiegarnia-akademicka.pl\/?post_type=product&#038;p=14923"},"modified":"2021-11-30T10:18:09","modified_gmt":"2021-11-30T09:18:09","slug":"nagly-zgon-sercowy-biblioteka-kardiologii-dzieciecej","status":"publish","type":"product","link":"https:\/\/ksiegarnia-akademicka.pl\/index.php\/product\/nagly-zgon-sercowy-biblioteka-kardiologii-dzieciecej\/","title":{"rendered":"Nag\u0142y zgon sercowy Biblioteka kardiologii dzieci\u0119cej"},"content":{"rendered":"<p>Autor:<br \/>\nKatarzyna Bieganowska<br \/>\nWydawca: PZWL<br \/>\nOprawa: Mi\u0119kka<br \/>\nFormat: 16.5&#215;20.5cm<br \/>\nLiczba stron: 154<br \/>\nWydanie: 1<br \/>\nRok wydania: 2021<br \/>\nJ\u0119zyk wydania: polski<\/p>\n<p>Nag\u0142y zgon sercowy u dzieci rozpoczyna now\u0105 seri\u0119 Biblioteki kardiologii dzieci\u0119cej. Zagadnienia poruszane w publikacjach b\u0119d\u0105 opracowaniem najcz\u0119\u015bciej wyst\u0119puj\u0105cych problem\u00f3w kardiologicznych u ma\u0142ych pacjent\u00f3w. Pierwsza z publikacji porusza wa\u017cny i dramatyczny problem nag\u0142ej \u015bmierci u ma\u0142ych pacjent\u00f3w. Przybli\u017ca przyczyny nag\u0142ego zgonu sercowego (NZS, ang-SCD) w wieku pediatrycznym i u os\u00f3b m\u0142odych do 35 roku \u017cycia, kt\u00f3re mog\u0105 by\u0107 wielorakie. Najcz\u0119\u015bciej problem ma pod\u0142o\u017ce kardiologiczne, mo\u017ce wyst\u0105pi\u0107 w przebiegu kardiomiopatii, zw\u0142aszcza przerostowej, uwarunkowanych genetycznie kana\u0142opatii, wrodzonych wad serca, zapalenia mi\u0119\u015bnia sercowego, nieprawid\u0142owej budowy naczy\u0144 wie\u0144cowych, nadci\u015bnienia p\u0142ucnego. Takie patologie mog\u0105 by\u0107 wcze\u015bniej nierozpoznane. W wielu przypadkach nie udaje si\u0119 ustali\u0107 etiologii SCD pomimo przeprowadzanych rzetelnie bada\u0144 po\u015bmiertnych i wywiad\u00f3w w rodzinie. Wiedza na ten temat mo\u017ce przyczyni\u0107 si\u0119 do zapobiegania, wczesnego wykrywania zagro\u017ceniu SCD i prawid\u0142owego przyczynowego leczenia. Ksi\u0105\u017ck\u0119 polecamy wszystkim kardiologom dzieci\u0119cym, pediatrom a tak\u017ce lekarzom rodzinnym.<\/p>\n","protected":false},"excerpt":{"rendered":"<p>Autor: Katarzyna Bieganowska Wydawca: PZWL Oprawa: Mi\u0119kka Format: 16.5&#215;20.5cm Liczba [&hellip;]<\/p>\n","protected":false},"featured_media":14924,"template":"","meta":[],"product_brand":[],"product_cat":[7991,7493,8067],"product_tag":[7057,3074,8139],"class_list":{"0":"post-14923","1":"product","2":"type-product","3":"status-publish","4":"has-post-thumbnail","6":"product_cat-kardiologia","7":"product_cat-medycyna","8":"product_cat-pediatria","9":"product_tag-kardiologia","10":"product_tag-pediatria","11":"product_tag-seria-biblioteka-kardiologii-dzieciecej","13":"first","14":"instock","15":"sale","16":"shipping-taxable","17":"purchasable","18":"product-type-simple"},"_links":{"self":[{"href":"https:\/\/ksiegarnia-akademicka.pl\/index.php\/wp-json\/wp\/v2\/product\/14923","targetHints":{"allow":["GET"]}}],"collection":[{"href":"https:\/\/ksiegarnia-akademicka.pl\/index.php\/wp-json\/wp\/v2\/product"}],"about":[{"href":"https:\/\/ksiegarnia-akademicka.pl\/index.php\/wp-json\/wp\/v2\/types\/product"}],"wp:featuredmedia":[{"embeddable":true,"href":"https:\/\/ksiegarnia-akademicka.pl\/index.php\/wp-json\/wp\/v2\/media\/14924"}],"wp:attachment":[{"href":"https:\/\/ksiegarnia-akademicka.pl\/index.php\/wp-json\/wp\/v2\/media?parent=14923"}],"wp:term":[{"taxonomy":"product_brand","embeddable":true,"href":"https:\/\/ksiegarnia-akademicka.pl\/index.php\/wp-json\/wp\/v2\/product_brand?post=14923"},{"taxonomy":"product_cat","embeddable":true,"href":"https:\/\/ksiegarnia-akademicka.pl\/index.php\/wp-json\/wp\/v2\/product_cat?post=14923"},{"taxonomy":"product_tag","embeddable":true,"href":"https:\/\/ksiegarnia-akademicka.pl\/index.php\/wp-json\/wp\/v2\/product_tag?post=14923"}],"curies":[{"name":"wp","href":"https:\/\/api.w.org\/{rel}","templated":true}]}}