{"id":14509,"date":"2021-04-22T09:23:17","date_gmt":"2021-04-22T07:23:17","guid":{"rendered":"http:\/\/ksiegarnia-akademicka.pl\/?post_type=product&#038;p=14509"},"modified":"2021-04-22T09:23:18","modified_gmt":"2021-04-22T07:23:18","slug":"jak-uniknac-ryzyka-odpowiedzialnosci-podatkowej","status":"publish","type":"product","link":"https:\/\/ksiegarnia-akademicka.pl\/index.php\/product\/jak-uniknac-ryzyka-odpowiedzialnosci-podatkowej\/","title":{"rendered":"Jak unikn\u0105\u0107 ryzyka odpowiedzialno\u015bci podatkowej"},"content":{"rendered":"<p>Redakcja: Tomczykowski Pawe\u0142<br \/>\nWydawca: Wolters Kluwer<br \/>\nOprawa: Twarda<br \/>\nFormat: 17.0&#215;25.0cm<br \/>\nLiczba stron: 388<br \/>\nWydanie: 1<br \/>\nRok wydania: 2021<br \/>\nJ\u0119zyk wydania: polski<\/p>\n<p>Publikacja w spos\u00f3b kompleksowy omawia zagadnienia zwi\u0105zane z szeroko rozumian\u0105 sprawozdawczo\u015bci\u0105 podatkow\u0105. Autorzy, opieraj\u0105c si\u0119 na aktualnych przepisach, orzecznictwie, stanowiskach organ\u00f3w podatkowych wyra\u017conych w interpretacjach przepis\u00f3w prawa podatkowego oraz swoim bogatym do\u015bwiadczeniu praktycznym, szczeg\u00f3\u0142owo omawiaj\u0105 najwa\u017cniejsze zagadnienia zwi\u0105zane z tematyk\u0105 tax compliance.<\/p>\n<p>Przedstawiaj\u0105 m.in. istotne aspekty dotycz\u0105ce:<br \/>\n\u2022 zasad stosowania tax compliance w praktyce oraz tworzenia skutecznych system\u00f3w compliance,<br \/>\n\u2022 planowania podatkowego (m.in. schematy podatkowe, exit tax, podatek u \u017ar\u00f3d\u0142a),<br \/>\n\u2022 innowacji i dzia\u0142alno\u015bci badawczo-rozwojowej (ulga B+R, IP Box),<br \/>\n\u2022 nowych obowi\u0105zk\u00f3w i instrument\u00f3w raportowania strategii podatkowej,<br \/>\n\u2022 um\u00f3w o wsp\u00f3\u0142dzia\u0142anie z organami podatkowymi,<br \/>\n\u2022 o\u015bwiadcze\u0144 o sporz\u0105dzeniu dokumentacji cen transferowych oraz transakcji z rajami podatkowymi,<br \/>\n\u2022 podatk\u00f3w dochodowych,<br \/>\n\u2022 ubezpiecze\u0144 spo\u0142ecznych,<br \/>\n\u2022 podatku VAT, akcyzy i c\u0142a,<br \/>\n\u2022 zmian prawa podatkowego w zwi\u0105zku z wprowadzonym stanem epidemii COVID\u201319.<\/p>\n<p>Opracowanie zosta\u0142o przygotowane przez praktyk\u00f3w z wieloletnim do\u015bwiadczeniem w obszarze prawa podatkowego.<\/p>\n","protected":false},"excerpt":{"rendered":"<p>Redakcja: Tomczykowski Pawe\u0142 Wydawca: Wolters Kluwer Oprawa: Twarda Format: 17.0&#215;25.0cm [&hellip;]<\/p>\n","protected":false},"featured_media":14510,"template":"","meta":[],"product_brand":[],"product_cat":[22,23],"product_tag":[1055,1496],"class_list":{"0":"post-14509","1":"product","2":"type-product","3":"status-publish","4":"has-post-thumbnail","6":"product_cat-podatki-i-prawo-podatkowe","7":"product_cat-rachunkowosc","8":"product_tag-prawo-podatkowe","9":"product_tag-rachunkowosc","11":"first","12":"instock","13":"sale","14":"shipping-taxable","15":"purchasable","16":"product-type-simple"},"_links":{"self":[{"href":"https:\/\/ksiegarnia-akademicka.pl\/index.php\/wp-json\/wp\/v2\/product\/14509","targetHints":{"allow":["GET"]}}],"collection":[{"href":"https:\/\/ksiegarnia-akademicka.pl\/index.php\/wp-json\/wp\/v2\/product"}],"about":[{"href":"https:\/\/ksiegarnia-akademicka.pl\/index.php\/wp-json\/wp\/v2\/types\/product"}],"wp:featuredmedia":[{"embeddable":true,"href":"https:\/\/ksiegarnia-akademicka.pl\/index.php\/wp-json\/wp\/v2\/media\/14510"}],"wp:attachment":[{"href":"https:\/\/ksiegarnia-akademicka.pl\/index.php\/wp-json\/wp\/v2\/media?parent=14509"}],"wp:term":[{"taxonomy":"product_brand","embeddable":true,"href":"https:\/\/ksiegarnia-akademicka.pl\/index.php\/wp-json\/wp\/v2\/product_brand?post=14509"},{"taxonomy":"product_cat","embeddable":true,"href":"https:\/\/ksiegarnia-akademicka.pl\/index.php\/wp-json\/wp\/v2\/product_cat?post=14509"},{"taxonomy":"product_tag","embeddable":true,"href":"https:\/\/ksiegarnia-akademicka.pl\/index.php\/wp-json\/wp\/v2\/product_tag?post=14509"}],"curies":[{"name":"wp","href":"https:\/\/api.w.org\/{rel}","templated":true}]}}