{"id":14405,"date":"2021-04-16T09:58:14","date_gmt":"2021-04-16T07:58:14","guid":{"rendered":"http:\/\/ksiegarnia-akademicka.pl\/?post_type=product&#038;p=14405"},"modified":"2021-04-16T09:58:16","modified_gmt":"2021-04-16T07:58:16","slug":"bezpieczenstwo-transportu-i-logistyki","status":"publish","type":"product","link":"https:\/\/ksiegarnia-akademicka.pl\/index.php\/product\/bezpieczenstwo-transportu-i-logistyki\/","title":{"rendered":"Bezpiecze\u0144stwo transportu i logistyki"},"content":{"rendered":"<p>Autor:<br \/>\nTomasz Remigiusz redakcja naukowy Wa\u015bniewski<br \/>\nWydawca: Difin<br \/>\nOprawa: Mi\u0119kka<br \/>\nFormat: 16.0&#215;23.0cm<br \/>\nLiczba stron: 182<br \/>\nWydanie: 1<br \/>\nRok wydania: 2021<br \/>\nJ\u0119zyk wydania: polski<\/p>\n<p>W literaturze zwi\u0105zanej z transportem i logistyk\u0105 stosunkowo ma\u0142\u0105 uwag\u0119 przyk\u0142ada si\u0119 do problem\u00f3w zwi\u0105zanych z bezpiecze\u0144stwem transportu i bezpiecze\u0144stwem logistyki. Bezpiecze\u0144stwo transportu jest postrzegane przez przepisy o ruchu drogowym, ustawy o przewozie towar\u00f3w niebezpiecznych i wra\u017cliwych transportem drogowym, kolejowym, morskim i lotniczym. Natomiast bezpiecze\u0144stwo logistyki to wiele ustaw i przepis\u00f3w bezpiecze\u0144stwa i higieny pracy, dokument\u00f3w resortowych na temat zachowania si\u0119 podczas za\u0142adunku, przewozu towar\u00f3w, ich rozpakowywania itp.<\/p>\n<p>W prezentowanej monografii zosta\u0142y zebrane artyku\u0142y naukowe z r\u00f3\u017cnych o\u015brodk\u00f3w badawczo-rozwojowych w kraju obejmuj\u0105ce zar\u00f3wno zagadnienia teoretyczne, jak i praktyczne opisuj\u0105ce bezpiecze\u0144stwo transportu i logistyki w spos\u00f3b naukowy.<\/p>\n","protected":false},"excerpt":{"rendered":"<p>Autor: Tomasz Remigiusz redakcja naukowy Wa\u015bniewski Wydawca: Difin Oprawa: Mi\u0119kka [&hellip;]<\/p>\n","protected":false},"featured_media":14406,"template":"","meta":[],"product_brand":[],"product_cat":[7517,31,7535],"product_tag":[502,642,7766],"class_list":{"0":"post-14405","1":"product","2":"type-product","3":"status-publish","4":"has-post-thumbnail","6":"product_cat-logistyka","7":"product_cat-przedsiebiorstwo","8":"product_cat-transport-2","9":"product_tag-logistyka","10":"product_tag-transport","11":"product_tag-zarzadzanie-logistyczne","13":"first","14":"instock","15":"sale","16":"shipping-taxable","17":"purchasable","18":"product-type-simple"},"_links":{"self":[{"href":"https:\/\/ksiegarnia-akademicka.pl\/index.php\/wp-json\/wp\/v2\/product\/14405","targetHints":{"allow":["GET"]}}],"collection":[{"href":"https:\/\/ksiegarnia-akademicka.pl\/index.php\/wp-json\/wp\/v2\/product"}],"about":[{"href":"https:\/\/ksiegarnia-akademicka.pl\/index.php\/wp-json\/wp\/v2\/types\/product"}],"wp:featuredmedia":[{"embeddable":true,"href":"https:\/\/ksiegarnia-akademicka.pl\/index.php\/wp-json\/wp\/v2\/media\/14406"}],"wp:attachment":[{"href":"https:\/\/ksiegarnia-akademicka.pl\/index.php\/wp-json\/wp\/v2\/media?parent=14405"}],"wp:term":[{"taxonomy":"product_brand","embeddable":true,"href":"https:\/\/ksiegarnia-akademicka.pl\/index.php\/wp-json\/wp\/v2\/product_brand?post=14405"},{"taxonomy":"product_cat","embeddable":true,"href":"https:\/\/ksiegarnia-akademicka.pl\/index.php\/wp-json\/wp\/v2\/product_cat?post=14405"},{"taxonomy":"product_tag","embeddable":true,"href":"https:\/\/ksiegarnia-akademicka.pl\/index.php\/wp-json\/wp\/v2\/product_tag?post=14405"}],"curies":[{"name":"wp","href":"https:\/\/api.w.org\/{rel}","templated":true}]}}