{"id":14345,"date":"2021-04-08T12:43:43","date_gmt":"2021-04-08T10:43:43","guid":{"rendered":"http:\/\/ksiegarnia-akademicka.pl\/?post_type=product&#038;p=14345"},"modified":"2025-05-07T08:55:47","modified_gmt":"2025-05-07T06:55:47","slug":"aplikacja-kuratorska-od-egzaminu-wstepnego-na-aplikacje-do-mianowania-na-stanowisko-kuratora-zawodowego","status":"publish","type":"product","link":"https:\/\/ksiegarnia-akademicka.pl\/index.php\/product\/aplikacja-kuratorska-od-egzaminu-wstepnego-na-aplikacje-do-mianowania-na-stanowisko-kuratora-zawodowego\/","title":{"rendered":"Aplikacja kuratorska &#8211; od egzaminu wst\u0119pnego na aplikacj\u0119 do mianowania na stanowisko kuratora zawodowego"},"content":{"rendered":"<p>Autor: Krzysztof Stasiak<br \/>\nWydawnictwo: C.H. Beck<br \/>\nSeria: Aplikacje prawnicze<br \/>\nRok wydania: 2021<br \/>\nWydanie: 2<br \/>\nOprawa: Mi\u0119kka<br \/>\nLiczba stron: 278<br \/>\nWymiary: 165&#215;238 mm<br \/>\nWaga: 460 g<br \/>\nISBN: 978-83-8235-149-1<\/p>\n<p>Pierwsze na rynku, kompleksowe opracowanie aplikacji kuratorskiej pocz\u0105wszy od naboru na stanowisko aplikanta kuratorskiego, przez przebieg aplikacji, a ko\u0144cz\u0105c na zatrudnieniu na stanowisku kuratora zawodowego.<\/p>\n<p>W opracowaniu uwzgl\u0119dniono wiele informacji odnosz\u0105cych si\u0119 do praktycznych aspekt\u00f3w organizacji aplikacji kuratorskiej. Starano si\u0119 udzieli\u0107 odpowiedzi na problemy, kt\u00f3re wyst\u0119puj\u0105 na r\u00f3\u017cnych etapach organizacji aplikacji kuratorskiej, ale te\u017c uwzgl\u0119dniono zmiany, kt\u00f3re powinny by\u0107 wprowadzone w naborze i zatrudnieniu aplikanta kuratorskiego w wyniku wej\u015bcia w \u017cycie tzw. RODO.<\/p>\n<p>Ksi\u0105\u017cka jest przeznaczona dla:<\/p>\n<p>os\u00f3b, kt\u00f3re chc\u0105 si\u0119 ubiega\u0107 o stanowisko aplikanta kuratorskiego i kuratora zawodowego;<br \/>\naplikant\u00f3w kuratorskich;<br \/>\nkurator\u00f3w okr\u0119gowych;<br \/>\nkierownik\u00f3w zespo\u0142\u00f3w kuratorskiej s\u0142u\u017cby s\u0105dowej;<br \/>\npatron\u00f3w aplikant\u00f3w kuratorskich;<br \/>\npracownik\u00f3w zajmuj\u0105cych si\u0119 w s\u0105dach sprawami kadrowymi;<br \/>\nwszystkich tych, kt\u00f3rzy s\u0105 zainteresowania poruszan\u0105 w niej problematyk\u0105.<\/p>\n<p><strong>Dost\u0119pna po 31 lipca 2024<\/strong><\/p>\n","protected":false},"excerpt":{"rendered":"<p>Autor: Krzysztof Stasiak Wydawnictwo: C.H. Beck Seria: Aplikacje prawnicze Rok [&hellip;]<\/p>\n","protected":false},"featured_media":14346,"template":"","meta":[],"product_brand":[],"product_cat":[7491,7490,18],"product_tag":[615,296,5120],"class_list":{"0":"post-14345","1":"product","2":"type-product","3":"status-publish","4":"has-post-thumbnail","6":"product_cat-cywilne","7":"product_cat-karne","8":"product_cat-prawo","9":"product_tag-prawo-cywilne","10":"product_tag-prawo-karne","11":"product_tag-seria-aplikacje-prawnicze","13":"first","14":"instock","15":"sale","16":"shipping-taxable","17":"purchasable","18":"product-type-simple"},"_links":{"self":[{"href":"https:\/\/ksiegarnia-akademicka.pl\/index.php\/wp-json\/wp\/v2\/product\/14345","targetHints":{"allow":["GET"]}}],"collection":[{"href":"https:\/\/ksiegarnia-akademicka.pl\/index.php\/wp-json\/wp\/v2\/product"}],"about":[{"href":"https:\/\/ksiegarnia-akademicka.pl\/index.php\/wp-json\/wp\/v2\/types\/product"}],"wp:featuredmedia":[{"embeddable":true,"href":"https:\/\/ksiegarnia-akademicka.pl\/index.php\/wp-json\/wp\/v2\/media\/14346"}],"wp:attachment":[{"href":"https:\/\/ksiegarnia-akademicka.pl\/index.php\/wp-json\/wp\/v2\/media?parent=14345"}],"wp:term":[{"taxonomy":"product_brand","embeddable":true,"href":"https:\/\/ksiegarnia-akademicka.pl\/index.php\/wp-json\/wp\/v2\/product_brand?post=14345"},{"taxonomy":"product_cat","embeddable":true,"href":"https:\/\/ksiegarnia-akademicka.pl\/index.php\/wp-json\/wp\/v2\/product_cat?post=14345"},{"taxonomy":"product_tag","embeddable":true,"href":"https:\/\/ksiegarnia-akademicka.pl\/index.php\/wp-json\/wp\/v2\/product_tag?post=14345"}],"curies":[{"name":"wp","href":"https:\/\/api.w.org\/{rel}","templated":true}]}}