{"id":14200,"date":"2021-03-30T09:33:03","date_gmt":"2021-03-30T07:33:03","guid":{"rendered":"http:\/\/ksiegarnia-akademicka.pl\/?post_type=product&#038;p=14200"},"modified":"2021-03-30T09:33:05","modified_gmt":"2021-03-30T07:33:05","slug":"innowacyjne-rozwiazania-w-logistyce-aspekty-wybrane","status":"publish","type":"product","link":"https:\/\/ksiegarnia-akademicka.pl\/index.php\/product\/innowacyjne-rozwiazania-w-logistyce-aspekty-wybrane\/","title":{"rendered":"Innowacyjne rozwi\u0105zania w logistyce Aspekty wybrane"},"content":{"rendered":"<p>Autor:<br \/>\nAgnieszka Bukowska-Piestrzy\u0144ska<br \/>\nTomasz Adam Karkowski<br \/>\nUrszula Motowidlak<br \/>\nJakub Do\u0144ski-Lesiuk<br \/>\nWydawca: Wydawnictwo Uniwersytetu \u0141\u00f3dzkiego<br \/>\nOprawa: Mi\u0119kka<br \/>\nLiczba stron: 132<br \/>\nWydanie: 1<br \/>\nRok wydania: 2021<br \/>\nJ\u0119zyk wydania: polski<\/p>\n<p>Innowacyjno\u015b\u0107 stanowi jeden z zasadniczych czynnik\u00f3w kszta\u0142towania konkurencyjno\u015bci. Gwarantuje mo\u017cliwo\u015bci efektywnego zaspokajania potrzeb zar\u00f3wno w skali mikro (np. przedsi\u0119biorstwo, szpital), mezo (m.in. sektor gospodarki, okre\u015blona przestrze\u0144 geograficzna), jak i makro (gospodarka narodowa, mi\u0119dzynarodowe systemy logistyczne). Wdra\u017canie kreatywnych dzia\u0142a\u0144 polegaj\u0105cych na tworzeniu i realizacji nowatorskich rozwi\u0105za\u0144 decyduje bowiem o skuteczno\u015bci nowych narz\u0119dzi systemowych, technologicznych i organizacyjnych.<br \/>\nW ksi\u0105\u017cce, stosuj\u0105c zasad\u0119 \u201eod og\u00f3\u0142u do szczeg\u00f3\u0142u\u201d, przybli\u017cono innowacyjno\u015b\u0107 od strony teoretycznej oraz opisano przyk\u0142ady jej stosowania w systemie logistycznym, elektroenergetycznym i ochrony zdrowia. Zaprezentowano sp\u00f3jne podej\u015bcie do projektowania i wdra\u017cania konkurencyjnych, innowacyjnych rozwi\u0105za\u0144 w logistyce. Dzi\u0119ki zastosowaniu podej\u015bcia ekonomicznego oraz z zakresu nauk o zarz\u0105dzaniu i jako\u015bci publikacja daje nowe spojrzenie na zachodz\u0105ce zmiany oraz pe\u0142niejsze ich zrozumienie.<\/p>\n","protected":false},"excerpt":{"rendered":"<p>Autor: Agnieszka Bukowska-Piestrzy\u0144ska Tomasz Adam Karkowski Urszula Motowidlak Jakub Do\u0144ski-Lesiuk [&hellip;]<\/p>\n","protected":false},"featured_media":14201,"template":"","meta":[],"product_brand":[],"product_cat":[7517,31],"product_tag":[502],"class_list":{"0":"post-14200","1":"product","2":"type-product","3":"status-publish","4":"has-post-thumbnail","6":"product_cat-logistyka","7":"product_cat-przedsiebiorstwo","8":"product_tag-logistyka","10":"first","11":"instock","12":"sale","13":"shipping-taxable","14":"purchasable","15":"product-type-simple"},"_links":{"self":[{"href":"https:\/\/ksiegarnia-akademicka.pl\/index.php\/wp-json\/wp\/v2\/product\/14200","targetHints":{"allow":["GET"]}}],"collection":[{"href":"https:\/\/ksiegarnia-akademicka.pl\/index.php\/wp-json\/wp\/v2\/product"}],"about":[{"href":"https:\/\/ksiegarnia-akademicka.pl\/index.php\/wp-json\/wp\/v2\/types\/product"}],"wp:featuredmedia":[{"embeddable":true,"href":"https:\/\/ksiegarnia-akademicka.pl\/index.php\/wp-json\/wp\/v2\/media\/14201"}],"wp:attachment":[{"href":"https:\/\/ksiegarnia-akademicka.pl\/index.php\/wp-json\/wp\/v2\/media?parent=14200"}],"wp:term":[{"taxonomy":"product_brand","embeddable":true,"href":"https:\/\/ksiegarnia-akademicka.pl\/index.php\/wp-json\/wp\/v2\/product_brand?post=14200"},{"taxonomy":"product_cat","embeddable":true,"href":"https:\/\/ksiegarnia-akademicka.pl\/index.php\/wp-json\/wp\/v2\/product_cat?post=14200"},{"taxonomy":"product_tag","embeddable":true,"href":"https:\/\/ksiegarnia-akademicka.pl\/index.php\/wp-json\/wp\/v2\/product_tag?post=14200"}],"curies":[{"name":"wp","href":"https:\/\/api.w.org\/{rel}","templated":true}]}}