{"id":14198,"date":"2021-03-30T09:30:55","date_gmt":"2021-03-30T07:30:55","guid":{"rendered":"http:\/\/ksiegarnia-akademicka.pl\/?post_type=product&#038;p=14198"},"modified":"2021-03-30T09:30:56","modified_gmt":"2021-03-30T07:30:56","slug":"nabycie-akcji-zdematerializowanych-od-nieuprawnionego","status":"publish","type":"product","link":"https:\/\/ksiegarnia-akademicka.pl\/index.php\/product\/nabycie-akcji-zdematerializowanych-od-nieuprawnionego\/","title":{"rendered":"Nabycie akcji zdematerializowanych od nieuprawnionego"},"content":{"rendered":"<p>Autor:<br \/>\nMicha\u0142 Godlewski<br \/>\nWydawca: Wolters Kluwer<br \/>\nOprawa: Twarda<br \/>\nLiczba stron: 318<br \/>\nWydanie: 1<br \/>\nRok wydania: 2021<br \/>\nJ\u0119zyk wydania: polski<\/p>\n<p>Publikacja omawia sporny w literaturze prawniczej problem, czy mo\u017cliwe jest nabycie w dobrej wierze akcji zdematerializowanych od nieuprawnionego. W zwi\u0105\u00adzku z wprowadzan\u0105 obligatoryjn\u0105 dematerializacj\u0105 akcji rosn\u0105\u0107 b\u0119dzie skala przypadk\u00f3w, w kt\u00f3rych tytu\u0142 prawny zbywcy jest w\u0105tpliwy. Ustawodawca nie wprowadzi\u0142 bowiem przepis\u00f3w, kt\u00f3re wprost chroni\u0142yby nabywc\u0119 ani te\u017c roz\u00adstrzyga\u0142y, \u017ce nabywca w dobrej wierze jest takiej ochrony pozbawiony.<\/p>\n<p>Autor wyja\u015bnia, czy i w jakich okoliczno\u015bciach nabywca akcji (zdematerializo\u00adwanej) mo\u017ce sta\u0107 si\u0119 uprawnionym (\u201ew\u0142a\u015bcicielem\u201d akcji), je\u015bli zbywca nie by\u0142 uprawnionym (np. je\u015bli akcj\u0119 zby\u0142 dom maklerski nadu\u017cywaj\u0105cy zaufania swojego klienta). Wej\u015bcie w \u017cycie ustawy z 30.08.2019 r. o zmianie ustawy \u2013 Kodeks sp\u00f3\u0142ek handlowych oraz niekt\u00f3rych innych ustaw, co nast\u0119puje\u2013 co do zasady \u2013 1.03.2021 r., zwi\u0119ksza znaczenie akcji zdematerializowanych w obrocie.<\/p>\n","protected":false},"excerpt":{"rendered":"<p>Autor: Micha\u0142 Godlewski Wydawca: Wolters Kluwer Oprawa: Twarda Liczba stron: [&hellip;]<\/p>\n","protected":false},"featured_media":14199,"template":"","meta":[],"product_brand":[],"product_cat":[20,19,7495,18,7501,7504],"product_tag":[1136,429,1147],"class_list":{"0":"post-14198","1":"product","2":"type-product","3":"status-publish","4":"has-post-thumbnail","6":"product_cat-bankowosc","7":"product_cat-finanse-i-prawo-finansowe","8":"product_cat-gospodarcze-i-handlowe","9":"product_cat-prawo","10":"product_cat-prawo-finansowe","11":"product_cat-rynek-pieniezny-i-kapitalowy","12":"product_tag-prawo-finansowe","13":"product_tag-prawo-handlowe","14":"product_tag-rynek-kapitalowy","16":"first","17":"instock","18":"sale","19":"shipping-taxable","20":"purchasable","21":"product-type-simple"},"_links":{"self":[{"href":"https:\/\/ksiegarnia-akademicka.pl\/index.php\/wp-json\/wp\/v2\/product\/14198","targetHints":{"allow":["GET"]}}],"collection":[{"href":"https:\/\/ksiegarnia-akademicka.pl\/index.php\/wp-json\/wp\/v2\/product"}],"about":[{"href":"https:\/\/ksiegarnia-akademicka.pl\/index.php\/wp-json\/wp\/v2\/types\/product"}],"wp:featuredmedia":[{"embeddable":true,"href":"https:\/\/ksiegarnia-akademicka.pl\/index.php\/wp-json\/wp\/v2\/media\/14199"}],"wp:attachment":[{"href":"https:\/\/ksiegarnia-akademicka.pl\/index.php\/wp-json\/wp\/v2\/media?parent=14198"}],"wp:term":[{"taxonomy":"product_brand","embeddable":true,"href":"https:\/\/ksiegarnia-akademicka.pl\/index.php\/wp-json\/wp\/v2\/product_brand?post=14198"},{"taxonomy":"product_cat","embeddable":true,"href":"https:\/\/ksiegarnia-akademicka.pl\/index.php\/wp-json\/wp\/v2\/product_cat?post=14198"},{"taxonomy":"product_tag","embeddable":true,"href":"https:\/\/ksiegarnia-akademicka.pl\/index.php\/wp-json\/wp\/v2\/product_tag?post=14198"}],"curies":[{"name":"wp","href":"https:\/\/api.w.org\/{rel}","templated":true}]}}