{"id":14186,"date":"2021-03-29T13:11:06","date_gmt":"2021-03-29T11:11:06","guid":{"rendered":"http:\/\/ksiegarnia-akademicka.pl\/?post_type=product&#038;p=14186"},"modified":"2021-03-29T13:11:06","modified_gmt":"2021-03-29T11:11:06","slug":"obrazy-na-rynku-finansowym-analiza-efektywnosci-inwestowania","status":"publish","type":"product","link":"https:\/\/ksiegarnia-akademicka.pl\/index.php\/product\/obrazy-na-rynku-finansowym-analiza-efektywnosci-inwestowania\/","title":{"rendered":"Obrazy na rynku finansowym Analiza efektywno\u015bci inwestowania"},"content":{"rendered":"<p>Autor:<br \/>\nAnna Luci\u0144ska<br \/>\nWydawca: Difin<br \/>\nOprawa: Mi\u0119kka<br \/>\nLiczba stron: 364<br \/>\nRok wydania: 2021<br \/>\nJ\u0119zyk wydania: polski<\/p>\n<p>Traktowanie sztuki jako inwestycji w klasycznym uj\u0119ciu nauki ?nans\u00f3w wymaga odniesienia si\u0119 do efektywno\u015bci inwestycji, czyli podej\u015bcia ilo\u015bciowego do tego problemu. Celem publikacji jest zdobycie nowej w polskich warunkach wiedzy na temat mechanizm\u00f3w cenotw\u00f3rczych i efektywno\u015bci inwestycji w obrazy. Jest to istotne novum w rozwoju wiedzy na temat funkcjonowania rynku malarstwa jako segmentu rynku ?nansowego i oznacza wzmocnienie pozycji obraz\u00f3w jako aktywa inwestycyjnego w g\u0142\u00f3wnym nurcie nauki ?nans\u00f3w. Nowatorstwo i oryginalny wk\u0142ad prezentowanej monogra?i dotycz\u0105 przedmiotu bada\u0144 i metody badawczej. Obejmuj\u0105: zbadanie i opisanie aukcyjnego rynku malarstwa w Polsce, wykorzystanie narz\u0119dzi wielorakiej regresji hedonicznej dla identy?kacji i kwanty?kacji determinant cen i ich zmienno\u015bci. Dotycz\u0105 tak\u017ce zbudowania unikalnego, adekwatnego do warunk\u00f3w polskiego rynku malarstwa, hedonicznego indeksu cen dzie\u0142 sztuki, w kt\u00f3rym cena obrazu jest funkcj\u0105 jego charakterystyk.<\/p>\n","protected":false},"excerpt":{"rendered":"<p>Autor: Anna Luci\u0144ska Wydawca: Difin Oprawa: Mi\u0119kka Liczba stron: 364 [&hellip;]<\/p>\n","protected":false},"featured_media":14187,"template":"","meta":[],"product_brand":[],"product_cat":[20,7824,7504],"product_tag":[251,4305,5033],"class_list":{"0":"post-14186","1":"product","2":"type-product","3":"status-publish","4":"has-post-thumbnail","6":"product_cat-bankowosc","7":"product_cat-malarstwo","8":"product_cat-rynek-pieniezny-i-kapitalowy","9":"product_tag-finanse","10":"product_tag-inwestycje","11":"product_tag-malarstwo","13":"first","14":"instock","15":"sale","16":"shipping-taxable","17":"purchasable","18":"product-type-simple"},"_links":{"self":[{"href":"https:\/\/ksiegarnia-akademicka.pl\/index.php\/wp-json\/wp\/v2\/product\/14186","targetHints":{"allow":["GET"]}}],"collection":[{"href":"https:\/\/ksiegarnia-akademicka.pl\/index.php\/wp-json\/wp\/v2\/product"}],"about":[{"href":"https:\/\/ksiegarnia-akademicka.pl\/index.php\/wp-json\/wp\/v2\/types\/product"}],"wp:featuredmedia":[{"embeddable":true,"href":"https:\/\/ksiegarnia-akademicka.pl\/index.php\/wp-json\/wp\/v2\/media\/14187"}],"wp:attachment":[{"href":"https:\/\/ksiegarnia-akademicka.pl\/index.php\/wp-json\/wp\/v2\/media?parent=14186"}],"wp:term":[{"taxonomy":"product_brand","embeddable":true,"href":"https:\/\/ksiegarnia-akademicka.pl\/index.php\/wp-json\/wp\/v2\/product_brand?post=14186"},{"taxonomy":"product_cat","embeddable":true,"href":"https:\/\/ksiegarnia-akademicka.pl\/index.php\/wp-json\/wp\/v2\/product_cat?post=14186"},{"taxonomy":"product_tag","embeddable":true,"href":"https:\/\/ksiegarnia-akademicka.pl\/index.php\/wp-json\/wp\/v2\/product_tag?post=14186"}],"curies":[{"name":"wp","href":"https:\/\/api.w.org\/{rel}","templated":true}]}}