{"id":14058,"date":"2021-03-22T11:19:48","date_gmt":"2021-03-22T10:19:48","guid":{"rendered":"http:\/\/ksiegarnia-akademicka.pl\/?post_type=product&#038;p=14058"},"modified":"2024-12-05T08:38:59","modified_gmt":"2024-12-05T07:38:59","slug":"kary-pieniezne-nakladane-przez-organy-kas-i-ich-zaskarzanie","status":"publish","type":"product","link":"https:\/\/ksiegarnia-akademicka.pl\/index.php\/product\/kary-pieniezne-nakladane-przez-organy-kas-i-ich-zaskarzanie\/","title":{"rendered":"Kary pieni\u0119\u017cne nak\u0142adane przez organy KAS i ich zaskar\u017canie"},"content":{"rendered":"<p>Redakcja naukowa:<br \/>\nDariusz Zalewski<br \/>\nMarek Krawczak<br \/>\nWydawnictwo: Wolters Kluwer Polska<br \/>\nRok publikacji: 2021<br \/>\nWydanie: 1<br \/>\nLiczba stron: 376<br \/>\nSeria: Zagadnienia Podatkowe<br \/>\nOk\u0142adka: twarda<br \/>\nFormat: B5<\/p>\n<p>Publikacja stanowi kompendium wiedzy w zakresie problematyki wymierzania kar pieni\u0119\u017cnych przez organy podatkowe w przypadkach okre\u015blonych m.in. w ordynacji podatkowej, ustawie o grach hazardowych, ustawie o transporcie drogowym i ustawie o systemie monitorowania drogowego i kolejowego przewozu towar\u00f3w. Ksi\u0105\u017cka zawiera pog\u0142\u0119bion\u0105 analiz\u0119 przepis\u00f3w w zakresie kontroli i post\u0119powa\u0144 administracyjnych zmierzaj\u0105cych do wymierzenia kary pieni\u0119\u017cnej jak i wyja\u015bnienia, w jakich przypadkach istnieje mo\u017cliwo\u015b\u0107 odst\u0105pienia od wymierzania wysokich i dotkliwych kar pieni\u0119\u017cnych.<\/p>\n<p>Om\u00f3wione w publikacji zagadnienia dotycz\u0105 m.in.:<br \/>\n\u2022 rodzaj\u00f3w poszczeg\u00f3lnych kar pieni\u0119\u017cnych i podmiot\u00f3w, wobec kt\u00f3rych s\u0105 wymierzane,<br \/>\n\u2022 organ\u00f3w okre\u015blaj\u0105cych kary, podstaw prawnych ich wymierzania, a tak\u017ce przes\u0142anek miarkowania kar i przedawnienia ich wymierzania,<br \/>\n\u2022 odwo\u0142ania do organu II instancji oraz zaskar\u017cenia decyzji o na\u0142o\u017ceniu kary pieni\u0119\u017cnej do s\u0105du administracyjnego,<br \/>\n\u2022 zbiegu odpowiedzialno\u015bci administracyjnej i karnej w przypadku kar nak\u0142adanych przez organy,<br \/>\n\u2022 instytucji prawnej odst\u0105pienia od na\u0142o\u017cenia administracyjnej kary pieni\u0119\u017cnej.<\/p>\n<p>Opisan\u0105 tematyk\u0119 uzupe\u0142nia analiza aktualnego orzecznictwa s\u0105d\u00f3w krajowych i europejskich oraz pogl\u0105d\u00f3w doktryny w sprawach zwi\u0105zanych z nak\u0142adaniem kar pieni\u0119\u017cnych przez organy KAS, a tak\u017ce uwagi praktyczne, kt\u00f3re pomagaj\u0105 zrozumie\u0107 i usystematyzowa\u0107 sporne zagadnienia oraz pom\u00f3c w ich rozwi\u0105zaniu.<\/p>\n<p>Ksi\u0105\u017cka przeznaczona jest dla s\u0119dzi\u00f3w, adwokat\u00f3w i radc\u00f3w prawnych, a tak\u017ce doradc\u00f3w podatkowych, kt\u00f3rzy reprezentuj\u0105 przedsi\u0119biorc\u00f3w przed organami KAS w post\u0119powaniu administracyjnym i podatkowym oraz pracownik\u00f3w administracji, kt\u00f3rzy stosuj\u0105 prawo reguluj\u0105ce nak\u0142adanie kar pieni\u0119\u017cnych na podmioty gospodarcze. Zainteresuje r\u00f3wnie\u017c mened\u017cer\u00f3w i przedsi\u0119biorc\u00f3w, szczeg\u00f3lnie w bran\u017cy transportowej i hazardowej. Ksi\u0105\u017cka mo\u017ce by\u0107 lektur\u0105 uzupe\u0142niaj\u0105c\u0105 dla pracownik\u00f3w naukowych i student\u00f3w na kierunkach prawniczych i ekonomicznych.<\/p>\n","protected":false},"excerpt":{"rendered":"<p>Redakcja naukowa: Dariusz Zalewski Marek Krawczak Wydawnictwo: Wolters Kluwer Polska [&hellip;]<\/p>\n","protected":false},"featured_media":14059,"template":"","meta":[],"product_brand":[],"product_cat":[19,22,7501,23],"product_tag":[1136,1055,1496,8076],"class_list":{"0":"post-14058","1":"product","2":"type-product","3":"status-publish","4":"has-post-thumbnail","6":"product_cat-finanse-i-prawo-finansowe","7":"product_cat-podatki-i-prawo-podatkowe","8":"product_cat-prawo-finansowe","9":"product_cat-rachunkowosc","10":"product_tag-prawo-finansowe","11":"product_tag-prawo-podatkowe","12":"product_tag-rachunkowosc","13":"product_tag-seria-zagadnienia-podatkowe","15":"first","16":"instock","17":"sale","18":"shipping-taxable","19":"purchasable","20":"product-type-simple"},"_links":{"self":[{"href":"https:\/\/ksiegarnia-akademicka.pl\/index.php\/wp-json\/wp\/v2\/product\/14058","targetHints":{"allow":["GET"]}}],"collection":[{"href":"https:\/\/ksiegarnia-akademicka.pl\/index.php\/wp-json\/wp\/v2\/product"}],"about":[{"href":"https:\/\/ksiegarnia-akademicka.pl\/index.php\/wp-json\/wp\/v2\/types\/product"}],"wp:featuredmedia":[{"embeddable":true,"href":"https:\/\/ksiegarnia-akademicka.pl\/index.php\/wp-json\/wp\/v2\/media\/14059"}],"wp:attachment":[{"href":"https:\/\/ksiegarnia-akademicka.pl\/index.php\/wp-json\/wp\/v2\/media?parent=14058"}],"wp:term":[{"taxonomy":"product_brand","embeddable":true,"href":"https:\/\/ksiegarnia-akademicka.pl\/index.php\/wp-json\/wp\/v2\/product_brand?post=14058"},{"taxonomy":"product_cat","embeddable":true,"href":"https:\/\/ksiegarnia-akademicka.pl\/index.php\/wp-json\/wp\/v2\/product_cat?post=14058"},{"taxonomy":"product_tag","embeddable":true,"href":"https:\/\/ksiegarnia-akademicka.pl\/index.php\/wp-json\/wp\/v2\/product_tag?post=14058"}],"curies":[{"name":"wp","href":"https:\/\/api.w.org\/{rel}","templated":true}]}}