{"id":1396,"date":"2018-05-22T12:43:34","date_gmt":"2018-05-22T10:43:34","guid":{"rendered":"http:\/\/ksiegarnia-akademicka.pl\/index.php\/product\/instalacje-elektryczne\/"},"modified":"2018-12-04T15:20:50","modified_gmt":"2018-12-04T14:20:50","slug":"instalacje-elektryczne","status":"publish","type":"product","link":"https:\/\/ksiegarnia-akademicka.pl\/index.php\/product\/instalacje-elektryczne\/","title":{"rendered":"Instalacje elektryczne"},"content":{"rendered":"<p>Autor:<br \/>\nHenryk Markiewicz<br \/>\nWydawca: Wydawnictwo Naukowe PWN<br \/>\nOprawa: Mi\u0119kka<br \/>\nFormat: 16.5&#215;23.5<br \/>\nLiczba stron: 550<br \/>\nWydanie: 1<br \/>\nRok wydania: 2018<\/p>\n<p>Jest to najnowsze, dziewi\u0105te ju\u017c wydanie cenionej i popularnej ksi\u0105\u017cki dotycz\u0105cej INTALACJI ELEKTRYCZNYCH, napisane przez profesora Henryka Markiewicza.<br \/>\nJednym z najwa\u017cniejszych atut\u00f3w tej unikalnej ksi\u0105\u017cki \u2013 poradnika jest prostota j\u0119zyka opisuj\u0105cego b\u0105d\u017a co b\u0105d\u017a do\u015b\u0107 trudne zagadnienia.<br \/>\nW nowym wydaniu zaktualizowano wiele zagadnie\u0144 dotycz\u0105cych instalacji elektrycznych,<br \/>\nzaprezentowano nowe normy, po\u0142o\u017cono r\u00f3wnie\u017c nacisk na komputerowe wspomaganie projektowania IE.<br \/>\nKsi\u0105\u017cka mo\u017ce by\u0107 z powodzeniem wykorzystania przez in\u017cynier\u00f3w, monter\u00f3w elektryk\u00f3w, specjalist\u00f3w z zakresu elektrotechniki, projektant\u00f3w uk\u0142ad\u00f3w elektrycznych, ale r\u00f3wnie\u017c student\u00f3w kierunk\u00f3w technicznych, a nawet uczni\u00f3w technik\u00f3w i szk\u00f3\u0142 bran\u017cowych.<\/p>\n","protected":false},"excerpt":{"rendered":"<p>Autor: Henryk Markiewicz Wydawca: Wydawnictwo Naukowe PWN Oprawa: Mi\u0119kka Format: [&hellip;]<\/p>\n","protected":false},"featured_media":8969,"template":"","meta":[],"product_brand":[],"product_cat":[41],"product_tag":[4218,4222,4224,4223,4221,421,4220],"class_list":{"0":"post-1396","1":"product","2":"type-product","3":"status-publish","4":"has-post-thumbnail","6":"product_cat-nauki-techniczne","7":"product_tag-instalacje-elektryczne","8":"product_tag-laczniki-elektroenergetyczne","9":"product_tag-odbiorniki-elektryczne","10":"product_tag-przewody-i-kable","11":"product_tag-warunki-techniczne","12":"product_tag-zabezpieczenia","13":"product_tag-zasady-obliczania-pradow-zwarciowych","15":"first","16":"instock","17":"sale","18":"shipping-taxable","19":"purchasable","20":"product-type-simple"},"_links":{"self":[{"href":"https:\/\/ksiegarnia-akademicka.pl\/index.php\/wp-json\/wp\/v2\/product\/1396","targetHints":{"allow":["GET"]}}],"collection":[{"href":"https:\/\/ksiegarnia-akademicka.pl\/index.php\/wp-json\/wp\/v2\/product"}],"about":[{"href":"https:\/\/ksiegarnia-akademicka.pl\/index.php\/wp-json\/wp\/v2\/types\/product"}],"wp:featuredmedia":[{"embeddable":true,"href":"https:\/\/ksiegarnia-akademicka.pl\/index.php\/wp-json\/wp\/v2\/media\/8969"}],"wp:attachment":[{"href":"https:\/\/ksiegarnia-akademicka.pl\/index.php\/wp-json\/wp\/v2\/media?parent=1396"}],"wp:term":[{"taxonomy":"product_brand","embeddable":true,"href":"https:\/\/ksiegarnia-akademicka.pl\/index.php\/wp-json\/wp\/v2\/product_brand?post=1396"},{"taxonomy":"product_cat","embeddable":true,"href":"https:\/\/ksiegarnia-akademicka.pl\/index.php\/wp-json\/wp\/v2\/product_cat?post=1396"},{"taxonomy":"product_tag","embeddable":true,"href":"https:\/\/ksiegarnia-akademicka.pl\/index.php\/wp-json\/wp\/v2\/product_tag?post=1396"}],"curies":[{"name":"wp","href":"https:\/\/api.w.org\/{rel}","templated":true}]}}