{"id":13949,"date":"2021-03-02T10:22:32","date_gmt":"2021-03-02T09:22:32","guid":{"rendered":"http:\/\/ksiegarnia-akademicka.pl\/?post_type=product&#038;p=13949"},"modified":"2021-03-02T10:22:33","modified_gmt":"2021-03-02T09:22:33","slug":"rachunkowosc-zakladow-ubezpieczen-i-zakladow-reasekuracji-zbior-zadan","status":"publish","type":"product","link":"https:\/\/ksiegarnia-akademicka.pl\/index.php\/product\/rachunkowosc-zakladow-ubezpieczen-i-zakladow-reasekuracji-zbior-zadan\/","title":{"rendered":"Rachunkowo\u015b\u0107 zak\u0142ad\u00f3w ubezpiecze\u0144 i zak\u0142ad\u00f3w reasekuracji Zbi\u00f3r zada\u0144"},"content":{"rendered":"<p>Autor:<br \/>\nKrzysztof Jonas<br \/>\nAnna Szkar\u0142at-Kosza\u0142ka<br \/>\nAnna Mazurczak-M\u0105ka<br \/>\nWydawca: Difin<br \/>\nOprawa: Mi\u0119kka<br \/>\nLiczba stron: 250<br \/>\nRok wydania: 2021<br \/>\nJ\u0119zyk wydania: polski<\/p>\n<p>Rachunkowo\u015b\u0107 zak\u0142ad\u00f3w ubezpiecze\u0144 i zak\u0142ad\u00f3w reasekuracji. Zbi\u00f3r zada\u0144 jest przeznaczony jako pomoc naukowa przy realizacji zaj\u0119\u0107 z rachunkowo\u015bci zak\u0142ad\u00f3w ubezpiecze\u0144 i zak\u0142ad\u00f3w reasekuracji. Stanowi on uzupe\u0142nienie ksi\u0105\u017cki Rachunkowo\u015b\u0107 zak\u0142ad\u00f3w ubezpiecze\u0144 i zak\u0142ad\u00f3w reasekuracji. Zarys problematyki wydanej w 2019 r.<\/p>\n<p>Ksi\u0105\u017cka, obok zada\u0144, zawiera szereg schemat\u00f3w ksi\u0119gowych przybli\u017caj\u0105cych specyfik\u0119 zasad ksi\u0119gowania operacji gospodarczych w tych podmiotach, a tak\u017ce pytania testowe pozwalaj\u0105ce zweryfikowa\u0107 stopie\u0144 opanowania materia\u0142u. Istotnym walorem zbioru jest zamieszczenie rozwi\u0105za\u0144 cz\u0119\u015bci zada\u0144, co umo\u017cliwia samodzieln\u0105 nauk\u0119. Rozwi\u0105zania wybranych zada\u0144 s\u0105 dodatkowo opatrzone komentarzami. Zbi\u00f3r zawiera tak\u017ce przyk\u0142adowy wykaz kont syntetycznych zak\u0142adu ubezpiecze\u0144. Ksi\u0105\u017cka jest skierowana do pracownik\u00f3w wy\u017cszych uczelni, doktorant\u00f3w, student\u00f3w kierunk\u00f3w finanse i rachunkowo\u015b\u0107, rachunkowo\u015b\u0107 i controlling, audyt finansowy, a tak\u017ce os\u00f3b zainteresowanych rachunkowo\u015bci\u0105 i rewizj\u0105 finansow\u0105.<\/p>\n<p>Autorzy s\u0105 pracownikami naukowymi Katedry Rachunkowo\u015bci Finansowej Uniwersytetu Ekonomicznego w Krakowie.<\/p>\n","protected":false},"excerpt":{"rendered":"<p>Autor: Krzysztof Jonas Anna Szkar\u0142at-Kosza\u0142ka Anna Mazurczak-M\u0105ka Wydawca: Difin Oprawa: [&hellip;]<\/p>\n","protected":false},"featured_media":13950,"template":"","meta":[],"product_brand":[],"product_cat":[23,21],"product_tag":[1496,249,348],"class_list":{"0":"post-13949","1":"product","2":"type-product","3":"status-publish","4":"has-post-thumbnail","6":"product_cat-rachunkowosc","7":"product_cat-ubezpieczenia","8":"product_tag-rachunkowosc","9":"product_tag-ubezpieczenia","10":"product_tag-zbior-zadan","12":"first","13":"instock","14":"sale","15":"shipping-taxable","16":"purchasable","17":"product-type-simple"},"_links":{"self":[{"href":"https:\/\/ksiegarnia-akademicka.pl\/index.php\/wp-json\/wp\/v2\/product\/13949","targetHints":{"allow":["GET"]}}],"collection":[{"href":"https:\/\/ksiegarnia-akademicka.pl\/index.php\/wp-json\/wp\/v2\/product"}],"about":[{"href":"https:\/\/ksiegarnia-akademicka.pl\/index.php\/wp-json\/wp\/v2\/types\/product"}],"wp:featuredmedia":[{"embeddable":true,"href":"https:\/\/ksiegarnia-akademicka.pl\/index.php\/wp-json\/wp\/v2\/media\/13950"}],"wp:attachment":[{"href":"https:\/\/ksiegarnia-akademicka.pl\/index.php\/wp-json\/wp\/v2\/media?parent=13949"}],"wp:term":[{"taxonomy":"product_brand","embeddable":true,"href":"https:\/\/ksiegarnia-akademicka.pl\/index.php\/wp-json\/wp\/v2\/product_brand?post=13949"},{"taxonomy":"product_cat","embeddable":true,"href":"https:\/\/ksiegarnia-akademicka.pl\/index.php\/wp-json\/wp\/v2\/product_cat?post=13949"},{"taxonomy":"product_tag","embeddable":true,"href":"https:\/\/ksiegarnia-akademicka.pl\/index.php\/wp-json\/wp\/v2\/product_tag?post=13949"}],"curies":[{"name":"wp","href":"https:\/\/api.w.org\/{rel}","templated":true}]}}