{"id":13938,"date":"2021-03-02T09:56:42","date_gmt":"2021-03-02T08:56:42","guid":{"rendered":"http:\/\/ksiegarnia-akademicka.pl\/?post_type=product&#038;p=13938"},"modified":"2024-12-05T08:40:52","modified_gmt":"2024-12-05T07:40:52","slug":"111-zadan-z-podstaw-rachunkowosci","status":"publish","type":"product","link":"https:\/\/ksiegarnia-akademicka.pl\/index.php\/product\/111-zadan-z-podstaw-rachunkowosci\/","title":{"rendered":"111 zada\u0144 z podstaw rachunkowo\u015bci"},"content":{"rendered":"<p>Autor:<br \/>\nAleksandra Paszkiewicz<br \/>\nWydawca: ODDK<br \/>\nOprawa: Mi\u0119kka<br \/>\nLiczba stron: 324<br \/>\nRok wydania: 2021<br \/>\nJ\u0119zyk wydania: polski<\/p>\n<p>Zbi\u00f3r zada\u0144 z podstaw rachunkowo\u015bci finansowej. Zawiera szereg zr\u00f3\u017cnicowanych zada\u0144 \u2013 od kr\u00f3tkich, fragmentarycznie opisuj\u0105cych dany problem, po bardziej rozbudowane i szczeg\u00f3\u0142owe, w tym o charakterze powt\u00f3rzeniowym. Zagadnienia przedstawione w zbiorze obejmuj\u0105:<\/p>\n<p>*maj\u0105tek gospodarczy i \u017ar\u00f3d\u0142a jego finansowania,<br \/>\n*ujmowanie operacji bilansowych i wynikowych w ewidencji syntetycznej i analitycznej,<br \/>\n*poprawianie b\u0142\u0119d\u00f3w i dokumentacji ksi\u0119gowej,<br \/>\n*sporz\u0105dzanie bilansu oraz rachunku zysk\u00f3w i strat w wariancie kalkulacyjnym.<\/p>\n<p>Zadania wyr\u00f3\u017cnia r\u00f3\u017cnorodna konstrukcja oraz prezentacja poszczeg\u00f3lnych zagadnie\u0144 w odmiennych uj\u0119ciach, co zmusza do odej\u015bcia od schematycznego rozwi\u0105zywania zada\u0144 i mobilizuje do bardziej kreatywnego podej\u015bcia do rachunkowo\u015bci.<\/p>\n<p>Do zada\u0144 do\u0142\u0105czono schematy kont, wzory zestawienia obrot\u00f3w i sald, bilansu, rachunku zysk\u00f3w i strat, a tak\u017ce inne pomocnicze tabele, przeznaczone do wykorzystania przy rozwi\u0105zywaniu \u0107wicze\u0144. Dodatkowo w opracowaniu znajduje si\u0119 wzorcowy plan kont oraz sumy kontrolne, pozwalaj\u0105ce na samodzielne sprawdzenie poprawno\u015bci oblicze\u0144.<\/p>\n<p>Proponowany zestaw \u0107wicze\u0144 dostosowany jest do program\u00f3w nauczania podstaw rachunkowo\u015bci w ramach r\u00f3\u017cnych specjalizacji. Ze wzgl\u0119du na du\u017c\u0105 r\u00f3\u017cnorodno\u015b\u0107 zawartych zada\u0144 oraz stopie\u0144 ich trudno\u015bci, mo\u017ce zosta\u0107 wykorzystany zar\u00f3wno w trakcie kr\u00f3tkich, jak i bardziej intensywnych kurs\u00f3w z podstaw rachunkowo\u015bci.<\/p>\n<p>Zbi\u00f3r przeznaczony jest dla szerokiego grona odbiorc\u00f3w: uczni\u00f3w lice\u00f3w ekonomicznych, s\u0142uchaczy policealnych szk\u00f3\u0142 zawodowych o profilu ekonomicznym, student\u00f3w studi\u00f3w licencjackich i magisterskich. Stanowi r\u00f3wnie\u017c rzeteln\u0105 podstaw\u0119 dla s\u0142uchaczy kurs\u00f3w ksi\u0119gowych i studi\u00f3w podyplomowych z zakresu finans\u00f3w i rachunkowo\u015bci.<\/p>\n","protected":false},"excerpt":{"rendered":"<p>Autor: Aleksandra Paszkiewicz Wydawca: ODDK Oprawa: Mi\u0119kka Liczba stron: 324 [&hellip;]<\/p>\n","protected":false},"featured_media":13939,"template":"","meta":[],"product_brand":[],"product_cat":[23],"product_tag":[1496,3987,348],"class_list":{"0":"post-13938","1":"product","2":"type-product","3":"status-publish","4":"has-post-thumbnail","6":"product_cat-rachunkowosc","7":"product_tag-rachunkowosc","8":"product_tag-rachunkowosc-finansowa","9":"product_tag-zbior-zadan","11":"first","12":"instock","13":"sale","14":"shipping-taxable","15":"purchasable","16":"product-type-simple"},"_links":{"self":[{"href":"https:\/\/ksiegarnia-akademicka.pl\/index.php\/wp-json\/wp\/v2\/product\/13938","targetHints":{"allow":["GET"]}}],"collection":[{"href":"https:\/\/ksiegarnia-akademicka.pl\/index.php\/wp-json\/wp\/v2\/product"}],"about":[{"href":"https:\/\/ksiegarnia-akademicka.pl\/index.php\/wp-json\/wp\/v2\/types\/product"}],"wp:featuredmedia":[{"embeddable":true,"href":"https:\/\/ksiegarnia-akademicka.pl\/index.php\/wp-json\/wp\/v2\/media\/13939"}],"wp:attachment":[{"href":"https:\/\/ksiegarnia-akademicka.pl\/index.php\/wp-json\/wp\/v2\/media?parent=13938"}],"wp:term":[{"taxonomy":"product_brand","embeddable":true,"href":"https:\/\/ksiegarnia-akademicka.pl\/index.php\/wp-json\/wp\/v2\/product_brand?post=13938"},{"taxonomy":"product_cat","embeddable":true,"href":"https:\/\/ksiegarnia-akademicka.pl\/index.php\/wp-json\/wp\/v2\/product_cat?post=13938"},{"taxonomy":"product_tag","embeddable":true,"href":"https:\/\/ksiegarnia-akademicka.pl\/index.php\/wp-json\/wp\/v2\/product_tag?post=13938"}],"curies":[{"name":"wp","href":"https:\/\/api.w.org\/{rel}","templated":true}]}}