{"id":13919,"date":"2021-02-26T11:06:23","date_gmt":"2021-02-26T10:06:23","guid":{"rendered":"http:\/\/ksiegarnia-akademicka.pl\/?post_type=product&#038;p=13919"},"modified":"2025-10-20T11:30:05","modified_gmt":"2025-10-20T09:30:05","slug":"receptura-apteczna-sporzadzanie-lekow-jalowych-i-niejalowych","status":"publish","type":"product","link":"https:\/\/ksiegarnia-akademicka.pl\/index.php\/product\/receptura-apteczna-sporzadzanie-lekow-jalowych-i-niejalowych\/","title":{"rendered":"Receptura apteczna. Sporz\u0105dzanie lek\u00f3w ja\u0142owych i nieja\u0142owych"},"content":{"rendered":"<p>Autor:<br \/>\nRenata Jachowicz<br \/>\nWydawca: PZWL<br \/>\nOprawa: Mi\u0119kka<br \/>\nFormat: 16.5&#215;23.5cm<br \/>\nLiczba stron: 640<br \/>\nWydanie: 1<br \/>\nRok wydania: 2023<br \/>\nJ\u0119zyk wydania: polski<\/p>\n<p>Podr\u0119cznik Receptura apteczna. Sporz\u0105dzanie lek\u00f3w ja\u0142owych i nieja\u0142owych zosta\u0142 przygotowany pod redakcj\u0105 prof. dr hab. n. farm. Renaty Jachowicz. Publikacja zbiera w ca\u0142o\u015b\u0107 zagadnienia zwi\u0105zane z doborem w\u0142a\u015bciwej postaci leku dostosowanej do wieku pacjenta oraz jego cech fizjologicznych. Om\u00f3wiono tak\u017ce drogi podania leku w okre\u015blonych jednostkach chorobowych, wskazuj\u0105c na odmienno\u015bci farmakokinetyki dla pacjent\u00f3w pediatrycznych czy geriatrycznych, a tak\u017ce opisuj\u0105c podanie lek\u00f3w recepturowych w laryngologii i stomatologii. Dodatkowym walorem publikacji jest rozdzia\u0142 dotycz\u0105cy us\u0142ug farmaceutycznych wykonywanych w aptece. Ca\u0142o\u015b\u0107 zosta\u0142a uzupe\u0142niona materia\u0142ami pomocniczymi, m.in. przyk\u0142adami lek\u00f3w gotowych stosowanych do sporz\u0105dzania lek\u00f3w recepturowych czy procedurami przygotowania lo\u017cy aseptycznej.<br \/>\nPodr\u0119cznik jest przeznaczony dla nie tylko dla student\u00f3w farmacji, ale tak\u017ce b\u0119dzie pomocny farmaceutom w codziennej praktyce zawodowej.<\/p>\n","protected":false},"excerpt":{"rendered":"<p>Autor: Renata Jachowicz Wydawca: PZWL Oprawa: Mi\u0119kka Format: 16.5&#215;23.5cm Liczba [&hellip;]<\/p>\n","protected":false},"featured_media":13920,"template":"","meta":[],"product_brand":[],"product_cat":[8037,7493],"product_tag":[4269,3994,4268],"class_list":{"0":"post-13919","1":"product","2":"type-product","3":"status-publish","4":"has-post-thumbnail","6":"product_cat-farmacja","7":"product_cat-medycyna","8":"product_tag-farmacja","9":"product_tag-medycyna","10":"product_tag-receptura-apteczna","12":"first","13":"outofstock","14":"sale","15":"shipping-taxable","16":"purchasable","17":"product-type-simple"},"_links":{"self":[{"href":"https:\/\/ksiegarnia-akademicka.pl\/index.php\/wp-json\/wp\/v2\/product\/13919","targetHints":{"allow":["GET"]}}],"collection":[{"href":"https:\/\/ksiegarnia-akademicka.pl\/index.php\/wp-json\/wp\/v2\/product"}],"about":[{"href":"https:\/\/ksiegarnia-akademicka.pl\/index.php\/wp-json\/wp\/v2\/types\/product"}],"wp:featuredmedia":[{"embeddable":true,"href":"https:\/\/ksiegarnia-akademicka.pl\/index.php\/wp-json\/wp\/v2\/media\/13920"}],"wp:attachment":[{"href":"https:\/\/ksiegarnia-akademicka.pl\/index.php\/wp-json\/wp\/v2\/media?parent=13919"}],"wp:term":[{"taxonomy":"product_brand","embeddable":true,"href":"https:\/\/ksiegarnia-akademicka.pl\/index.php\/wp-json\/wp\/v2\/product_brand?post=13919"},{"taxonomy":"product_cat","embeddable":true,"href":"https:\/\/ksiegarnia-akademicka.pl\/index.php\/wp-json\/wp\/v2\/product_cat?post=13919"},{"taxonomy":"product_tag","embeddable":true,"href":"https:\/\/ksiegarnia-akademicka.pl\/index.php\/wp-json\/wp\/v2\/product_tag?post=13919"}],"curies":[{"name":"wp","href":"https:\/\/api.w.org\/{rel}","templated":true}]}}