{"id":13500,"date":"2020-10-29T10:04:59","date_gmt":"2020-10-29T09:04:59","guid":{"rendered":"http:\/\/ksiegarnia-akademicka.pl\/?post_type=product&#038;p=13500"},"modified":"2021-10-04T08:40:23","modified_gmt":"2021-10-04T06:40:23","slug":"nelson-pediatria-tom-1","status":"publish","type":"product","link":"https:\/\/ksiegarnia-akademicka.pl\/index.php\/product\/nelson-pediatria-tom-1\/","title":{"rendered":"Nelson Pediatria Tom 1"},"content":{"rendered":"<p>Autor:<br \/>\nKaren J. Marcdante<br \/>\nT\u0142umacze: Al.-Mutari Ilona, Ar\u0142ukiewicz-Piwowar Ma\u0142gorzata<br \/>\nWydawca: Edra Urban &amp; Partner<br \/>\nOprawa: Twarda<br \/>\nFormat: 22.0&#215;28.0cm<br \/>\nLiczba stron: 386<br \/>\nRok wydania: 2012<br \/>\nJ\u0119zyk wydania: polski<br \/>\nCi\u0119\u017car: 1,58 kg<\/p>\n<p>Publikacja uka\u017ce si\u0119 w dw\u00f3ch tomach.<br \/>\nKsi\u0105\u017cka, kt\u00f3r\u0105 oddajemy do r\u0105k czytelnika, jest t\u0142umaczeniem ameryka\u0144skiego podr\u0119cznika Nelson Essentials of Pediatrics, zwanego popularnie &#8222;ma\u0142ym Nelsonem&#8221;. Od roku 1990, regularnie co 4 lata, w Stanach Zjednoczonych ukazuje si\u0119 jego nowe wydanie. Obecnie, 6 ju\u017c z kolei, pojawi\u0142o si\u0119 w 2010r., zawiera wi\u0119c najbardziej aktualn\u0105 wiedz\u0119 z dziedziny pediatrii.<br \/>\nPodr\u0119cznik przeznaczony jest dla lekarzy specjalizuj\u0105cych si\u0119 w pediatrii i rezydent\u00f3w pediatrycznych, ale r\u00f3wnie\u017c dla nauczycieli akademickich i lekarzy rodzinnych.<br \/>\nOm\u00f3wiono w nim najcz\u0119stsze problemy i choroby dzieci i m\u0142odzie\u017cy, z jakimi mo\u017ce si\u0119 zetkn\u0105\u0107 lekarz pierwszego kontaktu w swojej pracy z pacjentem w wieku rozwojowym. W ka\u017cdym rozdziale, opr\u00f3cz om\u00f3wienia etiologii i patogenezy chor\u00f3b, podano algorytmy post\u0119powania diagnostycznego oraz praktyczne wskaz\u00f3wki terapeutyczne.<\/p>\n","protected":false},"excerpt":{"rendered":"<p>Autor: Karen J. Marcdante T\u0142umacze: Al.-Mutari Ilona, Ar\u0142ukiewicz-Piwowar Ma\u0142gorzata Wydawca: [&hellip;]<\/p>\n","protected":false},"featured_media":13501,"template":"","meta":[],"product_brand":[],"product_cat":[7493,8067],"product_tag":[3074],"class_list":{"0":"post-13500","1":"product","2":"type-product","3":"status-publish","4":"has-post-thumbnail","6":"product_cat-medycyna","7":"product_cat-pediatria","8":"product_tag-pediatria","10":"first","11":"instock","12":"sale","13":"shipping-taxable","14":"purchasable","15":"product-type-simple"},"_links":{"self":[{"href":"https:\/\/ksiegarnia-akademicka.pl\/index.php\/wp-json\/wp\/v2\/product\/13500","targetHints":{"allow":["GET"]}}],"collection":[{"href":"https:\/\/ksiegarnia-akademicka.pl\/index.php\/wp-json\/wp\/v2\/product"}],"about":[{"href":"https:\/\/ksiegarnia-akademicka.pl\/index.php\/wp-json\/wp\/v2\/types\/product"}],"wp:featuredmedia":[{"embeddable":true,"href":"https:\/\/ksiegarnia-akademicka.pl\/index.php\/wp-json\/wp\/v2\/media\/13501"}],"wp:attachment":[{"href":"https:\/\/ksiegarnia-akademicka.pl\/index.php\/wp-json\/wp\/v2\/media?parent=13500"}],"wp:term":[{"taxonomy":"product_brand","embeddable":true,"href":"https:\/\/ksiegarnia-akademicka.pl\/index.php\/wp-json\/wp\/v2\/product_brand?post=13500"},{"taxonomy":"product_cat","embeddable":true,"href":"https:\/\/ksiegarnia-akademicka.pl\/index.php\/wp-json\/wp\/v2\/product_cat?post=13500"},{"taxonomy":"product_tag","embeddable":true,"href":"https:\/\/ksiegarnia-akademicka.pl\/index.php\/wp-json\/wp\/v2\/product_tag?post=13500"}],"curies":[{"name":"wp","href":"https:\/\/api.w.org\/{rel}","templated":true}]}}