{"id":13490,"date":"2020-10-29T09:16:37","date_gmt":"2020-10-29T08:16:37","guid":{"rendered":"http:\/\/ksiegarnia-akademicka.pl\/?post_type=product&#038;p=13490"},"modified":"2023-02-20T11:39:56","modified_gmt":"2023-02-20T10:39:56","slug":"patologia-robbins-2","status":"publish","type":"product","link":"https:\/\/ksiegarnia-akademicka.pl\/index.php\/product\/patologia-robbins-2\/","title":{"rendered":"Patologia Robbins"},"content":{"rendered":"<p>Autor:<br \/>\nV. Kumar<br \/>\nRedakcja: Olszewski W.<br \/>\nWydawca: Edra Urban &amp; Partner<br \/>\nOprawa: Twarda<br \/>\nFormat: 21.6&#215;27.6cm<br \/>\nLiczba stron: 958<br \/>\nWydanie: 10<br \/>\nRok wydania: 2022<br \/>\nJ\u0119zyk wydania: polski<br \/>\nCi\u0119\u017car: 3,026 kg<\/p>\n<p>Podr\u0119cznik jest kolejnym, trzecim polskim wydaniem Patologii Robbinsa opartym na dziesi\u0105tym wydaniu angielskoj\u0119zycznym.<\/p>\n<p>Mamy nadziej\u0119, \u017ce r\u00f3wnie\u017c ta edycja zostanie \u017cyczliwie przej\u0119ta przez student\u00f3w \u2013 nie tylko medycyny, lecz tak\u017ce nauk biologicznych \u2013 oraz lekarzy pragn\u0105cych uaktualni\u0107 swoj\u0105 wiedz\u0119 w zakresie patologii.<\/p>\n<p>Przekazywane informacje zosta\u0142y znacznie uaktualnione w por\u00f3wnaniu z poprzedni\u0105 edycj\u0105. Zmiany wynikaj\u0105 przede wszystkim z pog\u0142\u0119bienia naszej wiedzy z r\u00f3\u017cnych dziedzin badawczych, szczeg\u00f3lnie w zakresie genetyki, czego nast\u0119pstwem jest dok\u0142adniejsze poznanie mechanizm\u00f3w molekularnych patogenezy i rozwoju technik biologii molekularnej. Nowy, wprowadzaj\u0105cy rozdzia\u0142 pozwala na szczeg\u00f3\u0142owe poznanie terminologii i znaczenia poj\u0119\u0107 stosowanych w genetyce i biologii molekularnej.<\/p>\n<p>W niniejszej publikacji przekazano te wiadomo\u015bci nie tylko w spos\u00f3b zwi\u0119z\u0142y, ale wykazano ich praktyczne zastosowanie w biologii, a szczeg\u00f3lnie w medycynie. W poszczeg\u00f3lnych rozdzia\u0142ach, g\u0142\u00f3wnie w odniesieniu do nowotwor\u00f3w, om\u00f3wiono metody umo\u017cliwiaj\u0105ce stosowanie nowoczesnej tzw. terapii zindywidualizowanej.<\/p>\n<p>prof. dr hab. n. med. W\u0142odzimierz Olszewski<\/p>\n","protected":false},"excerpt":{"rendered":"<p>Autor: V. Kumar Redakcja: Olszewski W. Wydawca: Edra Urban &amp; [&hellip;]<\/p>\n","protected":false},"featured_media":13491,"template":"","meta":[],"product_brand":[],"product_cat":[7493],"product_tag":[3994,5436],"class_list":{"0":"post-13490","1":"product","2":"type-product","3":"status-publish","4":"has-post-thumbnail","6":"product_cat-medycyna","7":"product_tag-medycyna","8":"product_tag-patologia","10":"first","11":"instock","12":"sale","13":"shipping-taxable","14":"purchasable","15":"product-type-simple"},"_links":{"self":[{"href":"https:\/\/ksiegarnia-akademicka.pl\/index.php\/wp-json\/wp\/v2\/product\/13490","targetHints":{"allow":["GET"]}}],"collection":[{"href":"https:\/\/ksiegarnia-akademicka.pl\/index.php\/wp-json\/wp\/v2\/product"}],"about":[{"href":"https:\/\/ksiegarnia-akademicka.pl\/index.php\/wp-json\/wp\/v2\/types\/product"}],"wp:featuredmedia":[{"embeddable":true,"href":"https:\/\/ksiegarnia-akademicka.pl\/index.php\/wp-json\/wp\/v2\/media\/13491"}],"wp:attachment":[{"href":"https:\/\/ksiegarnia-akademicka.pl\/index.php\/wp-json\/wp\/v2\/media?parent=13490"}],"wp:term":[{"taxonomy":"product_brand","embeddable":true,"href":"https:\/\/ksiegarnia-akademicka.pl\/index.php\/wp-json\/wp\/v2\/product_brand?post=13490"},{"taxonomy":"product_cat","embeddable":true,"href":"https:\/\/ksiegarnia-akademicka.pl\/index.php\/wp-json\/wp\/v2\/product_cat?post=13490"},{"taxonomy":"product_tag","embeddable":true,"href":"https:\/\/ksiegarnia-akademicka.pl\/index.php\/wp-json\/wp\/v2\/product_tag?post=13490"}],"curies":[{"name":"wp","href":"https:\/\/api.w.org\/{rel}","templated":true}]}}